{"id":1774,"date":"2009-04-23T10:54:58","date_gmt":"2009-04-23T13:54:58","guid":{"rendered":"https:\/\/wp.ufpel.edu.br\/colegiadofvet\/?page_id=3"},"modified":"2022-07-07T07:56:08","modified_gmt":"2022-07-07T10:56:08","slug":"contato","status":"publish","type":"page","link":"https:\/\/wp.ufpel.edu.br\/medvet\/?page_id=1774","title":{"rendered":"Contatos com o Curso de Medicina Veterin\u00e1ria"},"content":{"rendered":"\n<h2 class=\"wp-block-heading\"><strong><span style=\"text-decoration: underline;\">Endere\u00e7o f\u00edsico:<\/span><\/strong><\/h2>\n\n\n\n<p>Faculdade de Veterin\u00e1ria<br>Curso de Medicina Veterin\u00e1ria<br>Caixa postal 354 &#8211; CEP 96160-000 &#8211; Cap\u00e3o do Le\u00e3o\/RS<\/p>\n\n\n\n<p><\/p>\n\n\n\n<h2 class=\"wp-block-heading\"><strong><span style=\"text-decoration: underline;\">Funcionamento da Secretaria:<\/span><\/strong><\/h2>\n\n\n\n<p>Das 8h \u00e0s 12h e das 13h \u00e0s 17h.<\/p>\n\n\n\n<p><strong><span style=\"text-decoration: underline;\">CONTATO COM O HOSPITAL VETERIN\u00c1RIO:<\/span><\/strong><\/p>\n\n\n\n<p>(53) 9 9150-1303<\/p>\n\n\n\n<h2 class=\"wp-block-heading\"><strong>Endere\u00e7os de e-mail:<\/strong><\/h2>\n\n\n\n<div class=\"wp-block-buttons is-layout-flex wp-block-buttons-is-layout-flex\">\n<div class=\"wp-block-button is-style-fill\"><a class=\"wp-block-button__link has-white-color has-vivid-red-background-color has-text-color has-background\">ATEN\u00c7\u00c3O:<\/a><\/div>\n\n\n\n<div class=\"wp-block-button\"><a class=\"wp-block-button__link has-white-color has-vivid-red-background-color has-text-color has-background\">N\u00e3o envie a mesma mensagem para dois emails diferentes pois existe o risco de n\u00e3o ser respondida por cair em &#8220;spam&#8221;<\/a><\/div>\n<\/div>\n\n\n\n<div class=\"wp-block-buttons is-layout-flex wp-block-buttons-is-layout-flex\">\n<div class=\"wp-block-button is-style-fill\"><a class=\"wp-block-button__link has-white-color has-vivid-red-background-color has-text-color has-background\">N\u00e3o envie mensagem pelo COBALTO. O sistema n\u00e3o permite que mensagens sejam respondidas.<\/a><\/div>\n\n\n\n<div class=\"wp-block-button is-style-fill\"><a class=\"wp-block-button__link has-white-color has-vivid-red-background-color has-text-color has-background\">N\u00e3o envie mensagens pelo e-aula. O e-aula \u00e9 uma forma do professor da disciplina conversar com seus alunos.<\/a><\/div>\n<\/div>\n\n\n\n<ul class=\"wp-block-list\"><li><a href=\"mailto:medvet@ufpel.edu.br\">medvet@ufpel.edu.br<\/a>: contatos com a secretaria do curso (secret\u00e1rio: Luis Paiva), referente a:<ul><li>matr\u00edculas;<\/li><\/ul><ul><li>aproveitamentos;<\/li><li>certificados;<\/li><li>atestados;<\/li><li>d\u00favidas e assuntos acad\u00eamicos em geral.<\/li><\/ul><\/li><\/ul>\n\n\n\n<ul class=\"wp-block-list\"><li><a rel=\"noreferrer noopener\" href=\"mailto:coordvet@ufpel.edu.br\" target=\"_blank\">coordvet@ufpel.edu.br<\/a>: contato direto com a coordena\u00e7\u00e3o dos cursos de Medicina Veterin\u00e1ria (500 e 510).<\/li><\/ul>\n\n\n\n<ul class=\"wp-block-list\"><li><a href=\"mailto:coordadjvet@ufpel.edu.br\" target=\"_blank\" rel=\"noreferrer noopener\">coordadjvet@ufpel.edu.br<\/a>: contato com a coordena\u00e7\u00e3o adjunta do curso.<\/li><li><a href=\"mailto:cecsmedvet@ufpel.edu.br\">cecsmedvet@ufpel.edu.br<\/a>: contato com a Comiss\u00e3o de Est\u00e1gio Curricular Supervisionado.<\/li><\/ul>\n\n\n\n<p><\/p>\n","protected":false},"excerpt":{"rendered":"<p>Endere\u00e7o f\u00edsico: Faculdade de Veterin\u00e1riaCurso de Medicina Veterin\u00e1riaCaixa postal 354 &#8211; CEP 96160-000 &#8211; Cap\u00e3o do Le\u00e3o\/RS Funcionamento da Secretaria: Das 8h \u00e0s 12h e das 13h \u00e0s 17h. CONTATO COM O HOSPITAL VETERIN\u00c1RIO: (53) 9 9150-1303 Endere\u00e7os de e-mail: medvet@ufpel.edu.br: contatos com a secretaria do curso (secret\u00e1rio: Luis Paiva), referente a: matr\u00edculas; aproveitamentos; certificados; [&hellip;]<\/p>\n","protected":false},"author":991,"featured_media":1954,"parent":0,"menu_order":11,"comment_status":"closed","ping_status":"closed","template":"","meta":{"jetpack_post_was_ever_published":false,"footnotes":""},"class_list":["post-1774","page","type-page","status-publish","has-post-thumbnail","hentry"],"jetpack_sharing_enabled":true,"jetpack_likes_enabled":true,"jetpack_shortlink":"https:\/\/wp.me\/PbPKFY-sC","jetpack-related-posts":[],"_links":{"self":[{"href":"https:\/\/wp.ufpel.edu.br\/medvet\/index.php?rest_route=\/wp\/v2\/pages\/1774","targetHints":{"allow":["GET"]}}],"collection":[{"href":"https:\/\/wp.ufpel.edu.br\/medvet\/index.php?rest_route=\/wp\/v2\/pages"}],"about":[{"href":"https:\/\/wp.ufpel.edu.br\/medvet\/index.php?rest_route=\/wp\/v2\/types\/page"}],"author":[{"embeddable":true,"href":"https:\/\/wp.ufpel.edu.br\/medvet\/index.php?rest_route=\/wp\/v2\/users\/991"}],"replies":[{"embeddable":true,"href":"https:\/\/wp.ufpel.edu.br\/medvet\/index.php?rest_route=%2Fwp%2Fv2%2Fcomments&post=1774"}],"version-history":[{"count":13,"href":"https:\/\/wp.ufpel.edu.br\/medvet\/index.php?rest_route=\/wp\/v2\/pages\/1774\/revisions"}],"predecessor-version":[{"id":3406,"href":"https:\/\/wp.ufpel.edu.br\/medvet\/index.php?rest_route=\/wp\/v2\/pages\/1774\/revisions\/3406"}],"wp:featuredmedia":[{"embeddable":true,"href":"https:\/\/wp.ufpel.edu.br\/medvet\/index.php?rest_route=\/wp\/v2\/media\/1954"}],"wp:attachment":[{"href":"https:\/\/wp.ufpel.edu.br\/medvet\/index.php?rest_route=%2Fwp%2Fv2%2Fmedia&parent=1774"}],"curies":[{"name":"wp","href":"https:\/\/api.w.org\/{rel}","templated":true}]}}