{"id":46,"date":"2023-09-21T16:06:25","date_gmt":"2023-09-21T19:06:25","guid":{"rendered":"https:\/\/wp.ufpel.edu.br\/mbaingen\/?page_id=46"},"modified":"2023-10-19T10:38:23","modified_gmt":"2023-10-19T13:38:23","slug":"selecao","status":"publish","type":"page","link":"https:\/\/wp.ufpel.edu.br\/mbaingen\/documentos\/selecao\/","title":{"rendered":"Sele\u00e7\u00e3o"},"content":{"rendered":"<p><a href=\"https:\/\/wp.ufpel.edu.br\/mbaingen\/files\/2023\/10\/SEI_23110.038283_2023_15-1-EDITAL-SELECAO-2024.pdf\">SEI_23110.038283_2023_15-1 EDITAL SELECAO 2024<\/a><\/p>\n<p>&nbsp;<\/p>\n<p><a href=\"https:\/\/wp.ufpel.edu.br\/mbaingen\/files\/2023\/10\/Cronograma-Selecao-MBA-IN-GEN-2024-1.pdf\">Cronograma Sele\u00e7\u00e3o MBA IN-GEN &#8211; 2024 -1<\/a><\/p>\n<p>&nbsp;<\/p>\n<p><a href=\"https:\/\/wp.ufpel.edu.br\/mbaingen\/files\/2023\/10\/Formulario-de-Inscricao-MBA-IN-GEN-2024-1.pdf\">Formul\u00e1rio de Inscri\u00e7\u00e3o &#8211; MBA IN-GEN &#8211; 2024-1<\/a><\/p>\n<p>&nbsp;<\/p>\n<p><a href=\"https:\/\/wp.ufpel.edu.br\/mbaingen\/files\/2023\/10\/Anexo-I-Modelo-de-Formulario-para-Analise-de-Curriculo-MBA-IN-GEN-2024-1.docx\">Anexo I &#8211; Modelo de Formul\u00e1rio para An\u00e1lise de Curr\u00edculo &#8211; MBA IN-GEN &#8211; 2024-1<\/a> &#8211; VERS\u00c3O EDIT\u00c1VEL<\/p>\n<p>&nbsp;<\/p>\n<p><a href=\"https:\/\/wp.ufpel.edu.br\/mbaingen\/files\/2023\/10\/Anexo-II-Modelo-de-Formulario-para-o-Memorial-Descritivo-MBA-IN-GEN-2024-1.docx\">Anexo II &#8211; Modelo de Formul\u00e1rio para o Memorial Descritivo &#8211; MBA IN-GEN &#8211; 2024-1<\/a>\u00a0&#8211; VERS\u00c3O EDIT\u00c1VEL<\/p>\n<p>&nbsp;<\/p>\n","protected":false},"excerpt":{"rendered":"<p>SEI_23110.038283_2023_15-1 EDITAL SELECAO 2024 &nbsp; Cronograma Sele\u00e7\u00e3o MBA IN-GEN &#8211; 2024 -1 &nbsp; Formul\u00e1rio de Inscri\u00e7\u00e3o &#8211; MBA IN-GEN &#8211; 2024-1 &nbsp; Anexo I &#8211; Modelo de Formul\u00e1rio para An\u00e1lise de Curr\u00edculo &#8211; MBA IN-GEN &#8211; 2024-1 &#8211; VERS\u00c3O EDIT\u00c1VEL &nbsp; Anexo II &#8211; Modelo de Formul\u00e1rio para o Memorial Descritivo &#8211; MBA IN-GEN &#8211; [&hellip;]<\/p>\n","protected":false},"author":1333,"featured_media":0,"parent":37,"menu_order":1,"comment_status":"closed","ping_status":"closed","template":"","meta":{"footnotes":""},"class_list":["post-46","page","type-page","status-publish","hentry"],"_links":{"self":[{"href":"https:\/\/wp.ufpel.edu.br\/mbaingen\/wp-json\/wp\/v2\/pages\/46","targetHints":{"allow":["GET"]}}],"collection":[{"href":"https:\/\/wp.ufpel.edu.br\/mbaingen\/wp-json\/wp\/v2\/pages"}],"about":[{"href":"https:\/\/wp.ufpel.edu.br\/mbaingen\/wp-json\/wp\/v2\/types\/page"}],"author":[{"embeddable":true,"href":"https:\/\/wp.ufpel.edu.br\/mbaingen\/wp-json\/wp\/v2\/users\/1333"}],"replies":[{"embeddable":true,"href":"https:\/\/wp.ufpel.edu.br\/mbaingen\/wp-json\/wp\/v2\/comments?post=46"}],"version-history":[{"count":5,"href":"https:\/\/wp.ufpel.edu.br\/mbaingen\/wp-json\/wp\/v2\/pages\/46\/revisions"}],"predecessor-version":[{"id":104,"href":"https:\/\/wp.ufpel.edu.br\/mbaingen\/wp-json\/wp\/v2\/pages\/46\/revisions\/104"}],"up":[{"embeddable":true,"href":"https:\/\/wp.ufpel.edu.br\/mbaingen\/wp-json\/wp\/v2\/pages\/37"}],"wp:attachment":[{"href":"https:\/\/wp.ufpel.edu.br\/mbaingen\/wp-json\/wp\/v2\/media?parent=46"}],"curies":[{"name":"wp","href":"https:\/\/api.w.org\/{rel}","templated":true}]}}