{"id":45,"date":"2018-01-10T12:53:42","date_gmt":"2018-01-10T14:53:42","guid":{"rendered":"https:\/\/wp.ufpel.edu.br\/matriculaspave\/?page_id=45"},"modified":"2024-12-13T09:25:43","modified_gmt":"2024-12-13T12:25:43","slug":"a0-ampla-concorrencia","status":"publish","type":"page","link":"https:\/\/wp.ufpel.edu.br\/matriculaspave\/documentos\/a0-ampla-concorrencia\/","title":{"rendered":"AC"},"content":{"rendered":"<style>.wp-block-kadence-advancedheading.kt-adv-heading45_2b9b16-84, .wp-block-kadence-advancedheading.kt-adv-heading45_2b9b16-84[data-kb-block=\"kb-adv-heading45_2b9b16-84\"]{font-size:20px;font-weight:400;font-style:normal;font-family:Raleway;color:#5b619e;}.wp-block-kadence-advancedheading.kt-adv-heading45_2b9b16-84 mark.kt-highlight, .wp-block-kadence-advancedheading.kt-adv-heading45_2b9b16-84[data-kb-block=\"kb-adv-heading45_2b9b16-84\"] mark.kt-highlight{font-style:normal;color:#f76a0c;-webkit-box-decoration-break:clone;box-decoration-break:clone;padding-top:0px;padding-right:0px;padding-bottom:0px;padding-left:0px;}.wp-block-kadence-advancedheading.kt-adv-heading45_2b9b16-84 img.kb-inline-image, .wp-block-kadence-advancedheading.kt-adv-heading45_2b9b16-84[data-kb-block=\"kb-adv-heading45_2b9b16-84\"] img.kb-inline-image{width:150px;vertical-align:baseline;}<\/style>\n<p class=\"kt-adv-heading45_2b9b16-84 wp-block-kadence-advancedheading\" data-kb-block=\"kb-adv-heading45_2b9b16-84\">AC &#8211; Ampla Concorr\u00eancia<\/p>\n\n\n\n<hr class=\"wp-block-separator has-css-opacity is-style-wide\"\/>\n\n\n\n<div class=\"wp-block-group\"><div class=\"wp-block-group__inner-container is-layout-flow wp-block-group-is-layout-flow\"><style>.wp-block-kadence-advancedheading.kt-adv-heading1771_c165d1-d5, .wp-block-kadence-advancedheading.kt-adv-heading1771_c165d1-d5[data-kb-block=\"kb-adv-heading1771_c165d1-d5\"]{font-size:18px;font-weight:400;font-style:normal;font-family:Raleway;color:#5b619e;}.wp-block-kadence-advancedheading.kt-adv-heading1771_c165d1-d5 mark.kt-highlight, .wp-block-kadence-advancedheading.kt-adv-heading1771_c165d1-d5[data-kb-block=\"kb-adv-heading1771_c165d1-d5\"] mark.kt-highlight{font-style:normal;color:#f76a0c;-webkit-box-decoration-break:clone;box-decoration-break:clone;padding-top:0px;padding-right:0px;padding-bottom:0px;padding-left:0px;}.wp-block-kadence-advancedheading.kt-adv-heading1771_c165d1-d5 img.kb-inline-image, .wp-block-kadence-advancedheading.kt-adv-heading1771_c165d1-d5[data-kb-block=\"kb-adv-heading1771_c165d1-d5\"] img.kb-inline-image{width:150px;vertical-align:baseline;}<\/style>\n<p class=\"kt-adv-heading1771_c165d1-d5 wp-block-kadence-advancedheading\" data-kb-block=\"kb-adv-heading1771_c165d1-d5\">Documentos de cadastro:<\/p>\n\n\n<style>.wp-block-kadence-iconlist.kt-svg-icon-list-items1771_620ce0-88:not(.this-stops-third-party-issues){margin-top:0px;margin-bottom:0px;}.wp-block-kadence-iconlist.kt-svg-icon-list-items1771_620ce0-88 ul.kt-svg-icon-list:not(.this-prevents-issues):not(.this-stops-third-party-issues):not(.tijsloc){margin-top:0px;margin-right:0px;margin-bottom:10px;margin-left:0px;}.wp-block-kadence-iconlist.kt-svg-icon-list-items1771_620ce0-88 ul.kt-svg-icon-list{grid-row-gap:10px;}.wp-block-kadence-iconlist.kt-svg-icon-list-items1771_620ce0-88 ul.kt-svg-icon-list .kt-svg-icon-list-item-wrap .kt-svg-icon-list-single{margin-right:10px;}.kt-svg-icon-list-items1771_620ce0-88 ul.kt-svg-icon-list .kt-svg-icon-list-item-wrap, .kt-svg-icon-list-items1771_620ce0-88 ul.kt-svg-icon-list .kt-svg-icon-list-item-wrap a{font-size:16px;}.wp-block-kadence-iconlist.kt-svg-icon-list-items1771_620ce0-88 ul.kt-svg-icon-list .kt-svg-icon-list-single{border-radius:%;border-width:px;border-style:solid;padding:px;}.wp-block-kadence-iconlist.kt-svg-icon-list-items1771_620ce0-88 ul.kt-svg-icon-list .wp-block-kadence-listitem a{color:#5b619e;}.wp-block-kadence-iconlist.kt-svg-icon-list-items1771_620ce0-88 ul.kt-svg-icon-list .wp-block-kadence-listitem a:hover{color:#849ada;}<\/style>\n<div class=\"wp-block-kadence-iconlist kt-svg-icon-list-items kt-svg-icon-list-items1771_620ce0-88 kt-svg-icon-list-columns-1 alignnone\"><ul class=\"kt-svg-icon-list\"><style>.kt-svg-icon-list-item-1771_996c24-c1 .kt-svg-icon-list-single{font-size:16px !important;padding:5px !important;border-width:1px !important;}.kt-svg-icon-list-item-1771_996c24-c1 .kt-svg-icon-list-text mark.kt-highlight{background-color:unset;font-style:normal;color:#f76a0c;-webkit-box-decoration-break:clone;box-decoration-break:clone;padding-top:0px;padding-right:0px;padding-bottom:0px;padding-left:0px;}<\/style>\n<li class=\"wp-block-kadence-listitem kt-svg-icon-list-item-wrap kt-svg-icon-list-item-1771_996c24-c1 kt-svg-icon-list-style-stacked\"><span class=\"kb-svg-icon-wrap kb-svg-icon-fe_checkSquare kt-svg-icon-list-single\"><svg viewBox=\"0 0 24 24\"  fill=\"none\" stroke=\"currentColor\" stroke-width=\"2\" stroke-linecap=\"round\" stroke-linejoin=\"round\" xmlns=\"http:\/\/www.w3.org\/2000\/svg\"  aria-hidden=\"true\"><polyline points=\"9 11 12 14 22 4\"\/><path d=\"M21 12v7a2 2 0 0 1-2 2H5a2 2 0 0 1-2-2V5a2 2 0 0 1 2-2h11\"\/><\/svg><\/span><span class=\"kt-svg-icon-list-text\"><a href=\"https:\/\/cobalto.ufpel.edu.br\/academico\/processoSeletivo\/fichaOnline\"><span style=\"text-decoration: underline;\">Ficha de cadastro preenchida<\/span><\/a> (dispon\u00edvel somente no per\u00edodo estabelecido em edital);<\/span><\/li>\n\n\n<style>.kt-svg-icon-list-item-1771_ab9004-fc .kt-svg-icon-list-single{font-size:16px !important;padding:5px !important;border-width:1px !important;}.kt-svg-icon-list-item-1771_ab9004-fc .kt-svg-icon-list-text mark.kt-highlight{background-color:unset;font-style:normal;color:#f76a0c;-webkit-box-decoration-break:clone;box-decoration-break:clone;padding-top:0px;padding-right:0px;padding-bottom:0px;padding-left:0px;}<\/style>\n<li class=\"wp-block-kadence-listitem kt-svg-icon-list-item-wrap kt-svg-icon-list-item-1771_ab9004-fc kt-svg-icon-list-style-stacked\"><span class=\"kb-svg-icon-wrap kb-svg-icon-fe_checkSquare kt-svg-icon-list-single\"><svg viewBox=\"0 0 24 24\"  fill=\"none\" stroke=\"currentColor\" stroke-width=\"2\" stroke-linecap=\"round\" stroke-linejoin=\"round\" xmlns=\"http:\/\/www.w3.org\/2000\/svg\"  aria-hidden=\"true\"><polyline points=\"9 11 12 14 22 4\"\/><path d=\"M21 12v7a2 2 0 0 1-2 2H5a2 2 0 0 1-2-2V5a2 2 0 0 1 2-2h11\"\/><\/svg><\/span><span class=\"kt-svg-icon-list-text\">C\u00f3pia digitalizada da&nbsp;C\u00e9dula de Identidade&nbsp;(RG)&nbsp;atualizada, de modo que seja poss\u00edvel o reconhecimento por foto e assinatura;<\/span><\/li>\n\n\n<style>.kt-svg-icon-list-item-1771_ebf512-66 .kt-svg-icon-list-single{font-size:16px !important;padding:5px !important;border-width:1px !important;}.kt-svg-icon-list-item-1771_ebf512-66 .kt-svg-icon-list-text mark.kt-highlight{background-color:unset;font-style:normal;color:#f76a0c;-webkit-box-decoration-break:clone;box-decoration-break:clone;padding-top:0px;padding-right:0px;padding-bottom:0px;padding-left:0px;}<\/style>\n<li class=\"wp-block-kadence-listitem kt-svg-icon-list-item-wrap kt-svg-icon-list-item-1771_ebf512-66 kt-svg-icon-list-style-stacked\"><span class=\"kb-svg-icon-wrap kb-svg-icon-fe_checkSquare kt-svg-icon-list-single\"><svg viewBox=\"0 0 24 24\"  fill=\"none\" stroke=\"currentColor\" stroke-width=\"2\" stroke-linecap=\"round\" stroke-linejoin=\"round\" xmlns=\"http:\/\/www.w3.org\/2000\/svg\"  aria-hidden=\"true\"><polyline points=\"9 11 12 14 22 4\"\/><path d=\"M21 12v7a2 2 0 0 1-2 2H5a2 2 0 0 1-2-2V5a2 2 0 0 1 2-2h11\"\/><\/svg><\/span><span class=\"kt-svg-icon-list-text\">C\u00f3pia digitalizada do&nbsp;CPF;<\/span><\/li>\n\n\n<style>.kt-svg-icon-list-item-1771_2eb365-2f .kt-svg-icon-list-single{font-size:16px !important;padding:5px !important;border-width:1px !important;}.kt-svg-icon-list-item-1771_2eb365-2f .kt-svg-icon-list-text mark.kt-highlight{background-color:unset;font-style:normal;color:#f76a0c;-webkit-box-decoration-break:clone;box-decoration-break:clone;padding-top:0px;padding-right:0px;padding-bottom:0px;padding-left:0px;}<\/style>\n<li class=\"wp-block-kadence-listitem kt-svg-icon-list-item-wrap kt-svg-icon-list-item-1771_2eb365-2f kt-svg-icon-list-style-stacked\"><span class=\"kb-svg-icon-wrap kb-svg-icon-fe_checkSquare kt-svg-icon-list-single\"><svg viewBox=\"0 0 24 24\"  fill=\"none\" stroke=\"currentColor\" stroke-width=\"2\" stroke-linecap=\"round\" stroke-linejoin=\"round\" xmlns=\"http:\/\/www.w3.org\/2000\/svg\"  aria-hidden=\"true\"><polyline points=\"9 11 12 14 22 4\"\/><path d=\"M21 12v7a2 2 0 0 1-2 2H5a2 2 0 0 1-2-2V5a2 2 0 0 1 2-2h11\"\/><\/svg><\/span><span class=\"kt-svg-icon-list-text\">C\u00f3pia digitalizada da&nbsp;certid\u00e3o de nascimento&nbsp;ou&nbsp;casamento;<\/span><\/li>\n\n\n<style>.kt-svg-icon-list-item-1771_40f406-be .kt-svg-icon-list-single{font-size:16px !important;padding:5px !important;border-width:1px !important;}.kt-svg-icon-list-item-1771_40f406-be .kt-svg-icon-list-text mark.kt-highlight{background-color:unset;font-style:normal;color:#f76a0c;-webkit-box-decoration-break:clone;box-decoration-break:clone;padding-top:0px;padding-right:0px;padding-bottom:0px;padding-left:0px;}<\/style>\n<li class=\"wp-block-kadence-listitem kt-svg-icon-list-item-wrap kt-svg-icon-list-item-1771_40f406-be kt-svg-icon-list-style-stacked\"><span class=\"kb-svg-icon-wrap kb-svg-icon-fe_checkSquare kt-svg-icon-list-single\"><svg viewBox=\"0 0 24 24\"  fill=\"none\" stroke=\"currentColor\" stroke-width=\"2\" stroke-linecap=\"round\" stroke-linejoin=\"round\" xmlns=\"http:\/\/www.w3.org\/2000\/svg\"  aria-hidden=\"true\"><polyline points=\"9 11 12 14 22 4\"\/><path d=\"M21 12v7a2 2 0 0 1-2 2H5a2 2 0 0 1-2-2V5a2 2 0 0 1 2-2h11\"\/><\/svg><\/span><span class=\"kt-svg-icon-list-text\">C\u00f3pia digitalizada de&nbsp;<a href=\"https:\/\/www.tse.jus.br\/eleitor\/certidoes\/certidao-de-quitacao-eleitoral\"><span style=\"text-decoration: underline;\">documento que comprove estar em dia com a justi\u00e7a eleitoral<\/span><\/a>;<\/span><\/li>\n\n\n<style>.kt-svg-icon-list-item-1771_22b7c8-89 .kt-svg-icon-list-single{font-size:16px !important;padding:5px !important;border-width:1px !important;}.kt-svg-icon-list-item-1771_22b7c8-89 .kt-svg-icon-list-text mark.kt-highlight{background-color:unset;font-style:normal;color:#f76a0c;-webkit-box-decoration-break:clone;box-decoration-break:clone;padding-top:0px;padding-right:0px;padding-bottom:0px;padding-left:0px;}<\/style>\n<li class=\"wp-block-kadence-listitem kt-svg-icon-list-item-wrap kt-svg-icon-list-item-1771_22b7c8-89 kt-svg-icon-list-style-stacked\"><span class=\"kb-svg-icon-wrap kb-svg-icon-fe_checkSquare kt-svg-icon-list-single\"><svg viewBox=\"0 0 24 24\"  fill=\"none\" stroke=\"currentColor\" stroke-width=\"2\" stroke-linecap=\"round\" stroke-linejoin=\"round\" xmlns=\"http:\/\/www.w3.org\/2000\/svg\"  aria-hidden=\"true\"><polyline points=\"9 11 12 14 22 4\"\/><path d=\"M21 12v7a2 2 0 0 1-2 2H5a2 2 0 0 1-2-2V5a2 2 0 0 1 2-2h11\"\/><\/svg><\/span><span class=\"kt-svg-icon-list-text\">C\u00f3pia digitalizada de&nbsp;documento que comprove estar em dia com as obriga\u00e7\u00f5es militares;<\/span><\/li>\n\n\n<style>.kt-svg-icon-list-item-1771_1f0647-01 .kt-svg-icon-list-single{font-size:16px !important;padding:5px !important;border-width:1px !important;}.kt-svg-icon-list-item-1771_1f0647-01 .kt-svg-icon-list-text mark.kt-highlight{background-color:unset;font-style:normal;color:#f76a0c;-webkit-box-decoration-break:clone;box-decoration-break:clone;padding-top:0px;padding-right:0px;padding-bottom:0px;padding-left:0px;}<\/style>\n<li class=\"wp-block-kadence-listitem kt-svg-icon-list-item-wrap kt-svg-icon-list-item-1771_1f0647-01 kt-svg-icon-list-style-stacked\"><span class=\"kb-svg-icon-wrap kb-svg-icon-fe_checkSquare kt-svg-icon-list-single\"><svg viewBox=\"0 0 24 24\"  fill=\"none\" stroke=\"currentColor\" stroke-width=\"2\" stroke-linecap=\"round\" stroke-linejoin=\"round\" xmlns=\"http:\/\/www.w3.org\/2000\/svg\"  aria-hidden=\"true\"><polyline points=\"9 11 12 14 22 4\"\/><path d=\"M21 12v7a2 2 0 0 1-2 2H5a2 2 0 0 1-2-2V5a2 2 0 0 1 2-2h11\"\/><\/svg><\/span><span class=\"kt-svg-icon-list-text\">C\u00f3pia digitalizada do&nbsp;Hist\u00f3rico Escolar do Ensino M\u00e9dio;<\/span><\/li>\n\n\n<style>.kt-svg-icon-list-item-1771_5ed964-63 .kt-svg-icon-list-single{font-size:16px !important;padding:5px !important;border-width:1px !important;}.kt-svg-icon-list-item-1771_5ed964-63 .kt-svg-icon-list-text mark.kt-highlight{background-color:unset;font-style:normal;color:#f76a0c;-webkit-box-decoration-break:clone;box-decoration-break:clone;padding-top:0px;padding-right:0px;padding-bottom:0px;padding-left:0px;}<\/style>\n<li class=\"wp-block-kadence-listitem kt-svg-icon-list-item-wrap kt-svg-icon-list-item-1771_5ed964-63 kt-svg-icon-list-style-stacked\"><span class=\"kb-svg-icon-wrap kb-svg-icon-fe_checkSquare kt-svg-icon-list-single\"><svg viewBox=\"0 0 24 24\"  fill=\"none\" stroke=\"currentColor\" stroke-width=\"2\" stroke-linecap=\"round\" stroke-linejoin=\"round\" xmlns=\"http:\/\/www.w3.org\/2000\/svg\"  aria-hidden=\"true\"><polyline points=\"9 11 12 14 22 4\"\/><path d=\"M21 12v7a2 2 0 0 1-2 2H5a2 2 0 0 1-2-2V5a2 2 0 0 1 2-2h11\"\/><\/svg><\/span><span class=\"kt-svg-icon-list-text\">C\u00f3pia digitalizada do&nbsp;Certificado de Conclus\u00e3o do Ensino M\u00e9dio (que pode fazer parte do hist\u00f3rico) ou do Diploma do Ensino M\u00e9dio.<\/span><\/li>\n<\/ul><\/div>\n<\/div><\/div>\n\n\n\n<p class=\"has-18-font-size\">Observa\u00e7\u00f5es<strong>:<\/strong><\/p>\n\n\n<style>.wp-block-kadence-iconlist.kt-svg-icon-list-items1759_ae052b-49:not(.this-stops-third-party-issues){margin-top:0px;margin-bottom:0px;}.wp-block-kadence-iconlist.kt-svg-icon-list-items1759_ae052b-49 ul.kt-svg-icon-list:not(.this-prevents-issues):not(.this-stops-third-party-issues):not(.tijsloc){margin-top:0px;margin-right:0px;margin-bottom:10px;margin-left:0px;}.wp-block-kadence-iconlist.kt-svg-icon-list-items1759_ae052b-49 ul.kt-svg-icon-list{grid-row-gap:10px;}.wp-block-kadence-iconlist.kt-svg-icon-list-items1759_ae052b-49 ul.kt-svg-icon-list .kt-svg-icon-list-item-wrap .kt-svg-icon-list-single{margin-right:10px;}.kt-svg-icon-list-items1759_ae052b-49 ul.kt-svg-icon-list .kt-svg-icon-list-item-wrap, .kt-svg-icon-list-items1759_ae052b-49 ul.kt-svg-icon-list .kt-svg-icon-list-item-wrap a{font-size:16px;}.wp-block-kadence-iconlist.kt-svg-icon-list-items1759_ae052b-49 ul.kt-svg-icon-list .wp-block-kadence-listitem a{color:#5b619e;}.wp-block-kadence-iconlist.kt-svg-icon-list-items1759_ae052b-49 ul.kt-svg-icon-list .wp-block-kadence-listitem a:hover{color:#849ada;}<\/style>\n<div class=\"wp-block-kadence-iconlist kt-svg-icon-list-items kt-svg-icon-list-items1759_ae052b-49 kt-svg-icon-list-columns-1 alignnone\"><ul class=\"kt-svg-icon-list\"><style>.kt-svg-icon-list-item-1759_fe284b-41 .kt-svg-icon-list-single{font-size:16px !important;}.kt-svg-icon-list-item-1759_fe284b-41 .kt-svg-icon-list-text mark.kt-highlight{background-color:unset;font-style:normal;color:#f76a0c;-webkit-box-decoration-break:clone;box-decoration-break:clone;padding-top:0px;padding-right:0px;padding-bottom:0px;padding-left:0px;}<\/style>\n<li class=\"wp-block-kadence-listitem kt-svg-icon-list-item-wrap kt-svg-icon-list-item-1759_fe284b-41 kt-svg-icon-list-style-default\"><div class=\"kt-svg-icon-list-single\" style=\"display: inline-flex; justify-content: center; align-items: center;\"><svg viewBox=\"0 0 24 24\" height=\"1em\" width=\"1em\" fill=\"none\" stroke=\"currentColor\" xmlns=\"http:\/\/www.w3.org\/2000\/svg\" style=\"display: inline-block; vertical-align: middle;\"><\/svg><\/div><span class=\"kt-svg-icon-list-text\">Para candidatos estrangeiros:<\/span><\/li>\n\n\n<style>.kt-svg-icon-list-item-1759_155711-73 .kt-svg-icon-list-single{font-size:16px !important;padding:5px !important;border-width:1px !important;}.kt-svg-icon-list-item-1759_155711-73 .kt-svg-icon-list-text mark.kt-highlight{background-color:unset;font-style:normal;color:#f76a0c;-webkit-box-decoration-break:clone;box-decoration-break:clone;padding-top:0px;padding-right:0px;padding-bottom:0px;padding-left:0px;}<\/style>\n<li class=\"wp-block-kadence-listitem kt-svg-icon-list-item-wrap kt-svg-icon-list-item-1759_155711-73 kt-svg-icon-list-style-stacked\"><span class=\"kb-svg-icon-wrap kb-svg-icon-fe_checkSquare kt-svg-icon-list-single\"><svg viewBox=\"0 0 24 24\"  fill=\"none\" stroke=\"currentColor\" stroke-width=\"2\" stroke-linecap=\"round\" stroke-linejoin=\"round\" xmlns=\"http:\/\/www.w3.org\/2000\/svg\"  aria-hidden=\"true\"><polyline points=\"9 11 12 14 22 4\"\/><path d=\"M21 12v7a2 2 0 0 1-2 2H5a2 2 0 0 1-2-2V5a2 2 0 0 1 2-2h11\"\/><\/svg><\/span><span class=\"kt-svg-icon-list-text\">Os documentos estrangeiros dever\u00e3o ser autenticados pela Autoridade Consular Brasileira, no pa\u00eds de origem, e acompanhados da respectiva tradu\u00e7\u00e3o oficial, caso necess\u00e1rio (L\u00edngua diferente do Portugu\u00eas ou Espanhol);<\/span><\/li>\n\n\n<style>.kt-svg-icon-list-item-1759_57f477-02 .kt-svg-icon-list-single{font-size:16px !important;padding:5px !important;border-width:1px !important;}.kt-svg-icon-list-item-1759_57f477-02 .kt-svg-icon-list-text mark.kt-highlight{background-color:unset;font-style:normal;color:#f76a0c;-webkit-box-decoration-break:clone;box-decoration-break:clone;padding-top:0px;padding-right:0px;padding-bottom:0px;padding-left:0px;}<\/style>\n<li class=\"wp-block-kadence-listitem kt-svg-icon-list-item-wrap kt-svg-icon-list-item-1759_57f477-02 kt-svg-icon-list-style-stacked\"><span class=\"kb-svg-icon-wrap kb-svg-icon-fe_checkSquare kt-svg-icon-list-single\"><svg viewBox=\"0 0 24 24\"  fill=\"none\" stroke=\"currentColor\" stroke-width=\"2\" stroke-linecap=\"round\" stroke-linejoin=\"round\" xmlns=\"http:\/\/www.w3.org\/2000\/svg\"  aria-hidden=\"true\"><polyline points=\"9 11 12 14 22 4\"\/><path d=\"M21 12v7a2 2 0 0 1-2 2H5a2 2 0 0 1-2-2V5a2 2 0 0 1 2-2h11\"\/><\/svg><\/span><span class=\"kt-svg-icon-list-text\">C\u00f3pia simples do Registro Nacional de Estrangeiro (RNE) ou Carteira de Registro Nacional Migrat\u00f3rio&nbsp;(CRNM).<\/span><\/li>\n\n\n<style>.kt-svg-icon-list-item-1759_044e08-74 .kt-svg-icon-list-single{font-size:16px !important;padding:5px !important;border-width:1px !important;}.kt-svg-icon-list-item-1759_044e08-74 .kt-svg-icon-list-text mark.kt-highlight{background-color:unset;font-style:normal;color:#f76a0c;-webkit-box-decoration-break:clone;box-decoration-break:clone;padding-top:0px;padding-right:0px;padding-bottom:0px;padding-left:0px;}<\/style>\n<li class=\"wp-block-kadence-listitem kt-svg-icon-list-item-wrap kt-svg-icon-list-item-1759_044e08-74 kt-svg-icon-list-style-stacked\"><span class=\"kb-svg-icon-wrap kb-svg-icon-fe_checkSquare kt-svg-icon-list-single\"><svg viewBox=\"0 0 24 24\"  fill=\"none\" stroke=\"currentColor\" stroke-width=\"2\" stroke-linecap=\"round\" stroke-linejoin=\"round\" xmlns=\"http:\/\/www.w3.org\/2000\/svg\"  aria-hidden=\"true\"><polyline points=\"9 11 12 14 22 4\"\/><path d=\"M21 12v7a2 2 0 0 1-2 2H5a2 2 0 0 1-2-2V5a2 2 0 0 1 2-2h11\"\/><\/svg><\/span><span class=\"kt-svg-icon-list-text\">Candidatos que tenham realizado estudos equivalentes ao Ensino M\u00e9dio, no todo ou em parte, no exterior devem entregar Parecer da equival\u00eancia de estudos da Secretaria da Educa\u00e7\u00e3o, conforme Resolu\u00e7\u00e3o n\u00ba 317\/2011, do Conselho Estadual de Educa\u00e7\u00e3o\/RS.<\/span><\/li>\n\n\n<style>.kt-svg-icon-list-item-1759_2057fb-93 .kt-svg-icon-list-single{font-size:16px !important;}.kt-svg-icon-list-item-1759_2057fb-93 .kt-svg-icon-list-text mark.kt-highlight{background-color:unset;font-style:normal;color:#f76a0c;-webkit-box-decoration-break:clone;box-decoration-break:clone;padding-top:0px;padding-right:0px;padding-bottom:0px;padding-left:0px;}<\/style>\n<li class=\"wp-block-kadence-listitem kt-svg-icon-list-item-wrap kt-svg-icon-list-item-1759_2057fb-93 kt-svg-icon-list-style-default\"><div class=\"kt-svg-icon-list-single\" style=\"display: inline-flex; justify-content: center; align-items: center;\"><svg viewBox=\"0 0 24 24\" height=\"1em\" width=\"1em\" fill=\"none\" stroke=\"currentColor\" xmlns=\"http:\/\/www.w3.org\/2000\/svg\" style=\"display: inline-block; vertical-align: middle;\"><\/svg><\/div><span class=\"kt-svg-icon-list-text\">Avisos<strong>:<\/strong><\/span><\/li>\n\n\n<style>.kt-svg-icon-list-item-1759_7251b0-44 .kt-svg-icon-list-single{font-size:16px !important;padding:5px !important;border-width:1px !important;}.kt-svg-icon-list-item-1759_7251b0-44 .kt-svg-icon-list-text mark.kt-highlight{background-color:unset;font-style:normal;color:#f76a0c;-webkit-box-decoration-break:clone;box-decoration-break:clone;padding-top:0px;padding-right:0px;padding-bottom:0px;padding-left:0px;}<\/style>\n<li class=\"wp-block-kadence-listitem kt-svg-icon-list-item-wrap kt-svg-icon-list-item-1759_7251b0-44 kt-svg-icon-list-style-stacked\"><span class=\"kb-svg-icon-wrap kb-svg-icon-fe_alertTriangle kt-svg-icon-list-single\"><svg viewBox=\"0 0 24 24\"  fill=\"none\" stroke=\"currentColor\" stroke-width=\"2\" stroke-linecap=\"round\" stroke-linejoin=\"round\" xmlns=\"http:\/\/www.w3.org\/2000\/svg\"  aria-hidden=\"true\"><path d=\"M10.29 3.86L1.82 18a2 2 0 0 0 1.71 3h16.94a2 2 0 0 0 1.71-3L13.71 3.86a2 2 0 0 0-3.42 0z\"\/><line x1=\"12\" y1=\"9\" x2=\"12\" y2=\"13\"\/><line x1=\"12\" y1=\"17\" x2=\"12\" y2=\"17\"\/><\/svg><\/span><span class=\"kt-svg-icon-list-text\">Menores de 18 anos ficam dispensados de apresentar documento que&nbsp;comprove estar em dia com a justi\u00e7a eleitoral.<\/span><\/li>\n\n\n<style>.kt-svg-icon-list-item-1759_16327a-e7 .kt-svg-icon-list-single{font-size:16px !important;padding:5px !important;border-width:1px !important;}.kt-svg-icon-list-item-1759_16327a-e7 .kt-svg-icon-list-text mark.kt-highlight{background-color:unset;font-style:normal;color:#f76a0c;-webkit-box-decoration-break:clone;box-decoration-break:clone;padding-top:0px;padding-right:0px;padding-bottom:0px;padding-left:0px;}<\/style>\n<li class=\"wp-block-kadence-listitem kt-svg-icon-list-item-wrap kt-svg-icon-list-item-1759_16327a-e7 kt-svg-icon-list-style-stacked\"><span class=\"kb-svg-icon-wrap kb-svg-icon-fe_alertTriangle kt-svg-icon-list-single\"><svg viewBox=\"0 0 24 24\"  fill=\"none\" stroke=\"currentColor\" stroke-width=\"2\" stroke-linecap=\"round\" stroke-linejoin=\"round\" xmlns=\"http:\/\/www.w3.org\/2000\/svg\"  aria-hidden=\"true\"><path d=\"M10.29 3.86L1.82 18a2 2 0 0 0 1.71 3h16.94a2 2 0 0 0 1.71-3L13.71 3.86a2 2 0 0 0-3.42 0z\"\/><line x1=\"12\" y1=\"9\" x2=\"12\" y2=\"13\"\/><line x1=\"12\" y1=\"17\" x2=\"12\" y2=\"17\"\/><\/svg><\/span><span class=\"kt-svg-icon-list-text\">Menores de 17 anos e maiores de 45 anos ficam dispensados de apresentar&nbsp;documento que comprove estar em dia com as obriga\u00e7\u00f5es militares.<\/span><\/li>\n<\/ul><\/div>\n","protected":false},"excerpt":{"rendered":"<p>AC &#8211; Ampla Concorr\u00eancia<\/p>\n","protected":false},"author":341,"featured_media":0,"parent":29,"menu_order":0,"comment_status":"closed","ping_status":"closed","template":"","meta":{"jetpack_post_was_ever_published":false,"footnotes":""},"class_list":["post-45","page","type-page","status-publish","hentry"],"jetpack_sharing_enabled":true,"jetpack_shortlink":"https:\/\/wp.me\/P9xFOr-J","_links":{"self":[{"href":"https:\/\/wp.ufpel.edu.br\/matriculaspave\/wp-json\/wp\/v2\/pages\/45","targetHints":{"allow":["GET"]}}],"collection":[{"href":"https:\/\/wp.ufpel.edu.br\/matriculaspave\/wp-json\/wp\/v2\/pages"}],"about":[{"href":"https:\/\/wp.ufpel.edu.br\/matriculaspave\/wp-json\/wp\/v2\/types\/page"}],"author":[{"embeddable":true,"href":"https:\/\/wp.ufpel.edu.br\/matriculaspave\/wp-json\/wp\/v2\/users\/341"}],"replies":[{"embeddable":true,"href":"https:\/\/wp.ufpel.edu.br\/matriculaspave\/wp-json\/wp\/v2\/comments?post=45"}],"version-history":[{"count":18,"href":"https:\/\/wp.ufpel.edu.br\/matriculaspave\/wp-json\/wp\/v2\/pages\/45\/revisions"}],"predecessor-version":[{"id":3402,"href":"https:\/\/wp.ufpel.edu.br\/matriculaspave\/wp-json\/wp\/v2\/pages\/45\/revisions\/3402"}],"up":[{"embeddable":true,"href":"https:\/\/wp.ufpel.edu.br\/matriculaspave\/wp-json\/wp\/v2\/pages\/29"}],"wp:attachment":[{"href":"https:\/\/wp.ufpel.edu.br\/matriculaspave\/wp-json\/wp\/v2\/media?parent=45"}],"curies":[{"name":"wp","href":"https:\/\/api.w.org\/{rel}","templated":true}]}}