{"id":985,"date":"2023-03-05T17:09:03","date_gmt":"2023-03-05T20:09:03","guid":{"rendered":"https:\/\/wp.ufpel.edu.br\/mathlibras\/?page_id=985"},"modified":"2024-03-04T08:12:41","modified_gmt":"2024-03-04T11:12:41","slug":"extensao-mathlibras-ano-v","status":"publish","type":"page","link":"https:\/\/wp.ufpel.edu.br\/mathlibras\/extensao-mathlibras-ano-v\/","title":{"rendered":"Extens\u00e3o &#8211; MathLibras Ano V"},"content":{"rendered":"<p><span style=\"font-size: 18pt;\"><span style=\"color: #000000;\">O Projeto de Extens\u00e3o<\/span> <span style=\"color: #000080;\">\u201c<em><strong>MathLibras \u2013 Ano V<\/strong><\/em>\u201d<\/span> aconteceu entre<span style=\"color: #000000;\">\u00a0<strong>Janeiro <\/strong>e\u00a0<strong>Dezembro de 2023<\/strong>.<\/span><\/span><\/p>\n<p>&nbsp;<\/p>\n<p><span style=\"color: #000000;\"><strong>RESUMO:\u00a0<\/strong>O Projeto de Extens\u00e3o &#8220;<strong><em>MathLibras &#8211; Ano V<\/em><\/strong>&#8221; \u00e9 uma continuidade dos Projetos de Extens\u00e3o &#8220;<strong><em>MathLibras &#8211; Ano 1<\/em><\/strong>&#8220;, &#8220;<em><strong>MathLibras &#8211; Ano II<\/strong><\/em>&#8220;, &#8220;<strong><em>MathLibras &#8211; Ano III<\/em><\/strong>&#8221; e &#8220;<strong><em>MathLibras &#8211; Ano IV<\/em><\/strong>&#8220;, originados a partir do projeto de pesquisa &#8220;Produ\u00e7\u00e3o de Videoaulas de Matem\u00e1tica com tradu\u00e7\u00e3o em Libras&#8221;, de 2017, financiado pelo CNPq (2017-2019).<\/span><\/p>\n<p><span style=\"color: #000000;\">O projeto tem como foco principal produzir jogos e materiais did\u00e1ticos com conte\u00fados de matem\u00e1tica com a inser\u00e7\u00e3o da L\u00edngua Brasileira de Sinais &#8211; Libras, buscando a aplica\u00e7\u00e3o por meio de oficinas em escolas, eventos ou outros contextos.<\/span><\/p>\n<p><span style=\"color: #000000;\">Al\u00e9m disso, ampliando a atua\u00e7\u00e3o, busca-se a realiza\u00e7\u00e3o de outras tipos de oficinas, com foco tamb\u00e9m na forma\u00e7\u00e3o de professores, acad\u00eamicos e mestrandos, a partir de diferentes jogos e materiais did\u00e1ticos, vinculadas as \u00e1reas de Educa\u00e7\u00e3o Matem\u00e1tica e Educa\u00e7\u00e3o Matem\u00e1tica Inclusiva. <\/span><\/p>\n<p><span style=\"color: #000000;\">Al\u00e9m disso, ampliando a atua\u00e7\u00e3o, busca-se a realiza\u00e7\u00e3o de outras tipos de oficinas, com foco tamb\u00e9m na forma\u00e7\u00e3o de professores, acad\u00eamicos e mestrandos, a partir de diferentes jogos e materiais did\u00e1ticos, vinculadas as \u00e1reas de Educa\u00e7\u00e3o Matem\u00e1tica e Educa\u00e7\u00e3o Matem\u00e1tica Inclusiva.<\/span><\/p>\n<p><span style=\"color: #000000;\"><strong>OBJETIVO:<\/strong> Produzir materiais e jogos com conte\u00fados de matem\u00e1tica e ministrar oficinas em diferentes contextos que tenham uma perspectiva inclusiva (preferencialmente), com \u00eanfase na Educa\u00e7\u00e3o de Surdos sempre que poss\u00edvel, e abrangendo as \u00e1reas da Educa\u00e7\u00e3o Matem\u00e1tica e Educa\u00e7\u00e3o Matem\u00e1tica Inclusiva. <\/span><\/p>\n<p><span style=\"color: #000000;\"><strong>RESULTADOS:<\/strong>\u00a0<\/span><\/p>\n<p><span style=\"color: #000000;\">Foram ministradas <strong>5\u00a0oficinas<\/strong>, duas em escola privada, uma para professores da Rede Municipal de Pelotas, uma na Semana Acad\u00eamica do Curso de Licenciatura em Matem\u00e1tica Noturno da UFPel e uma para acad\u00eamicos do Curso de Licenciatura em Matem\u00e1tica a Dist\u00e2ncia da UFPel est\u00e3o em fase de agendamento com as escolas.<\/span><\/p>\n<p>Foram produzidas v\u00e1rias imagens para os v\u00eddeos do <strong><em>MathLibras<\/em><\/strong>.<\/p>\n<p>&nbsp;<\/p>\n<p><span style=\"color: #000000;\"><strong>EQUIPE:<\/strong><\/span><\/p>\n<p style=\"padding-left: 40px;\"><span style=\"color: #000000;\"><strong>DOCENTES:<\/strong>\u00a0<\/span><\/p>\n<ul>\n<li style=\"list-style-type: none;\">\n<ul>\n<li><span style=\"color: #000000;\">Dra. Tha\u00eds Philipsen Gr\u00fctzmann [Coordenadora]<\/span><\/li>\n<li><span style=\"color: #000000;\">Dr. Ant\u00f4nio Maur\u00edcio Medeiros Alves<\/span><\/li>\n<li><span style=\"color: #000000;\">Dra. Tatiana Bolivar Lebedeff<\/span><\/li>\n<\/ul>\n<\/li>\n<\/ul>\n<p style=\"padding-left: 40px;\"><span style=\"color: #000000;\"><strong>MESTRANDAS:<\/strong><\/span><\/p>\n<ol>\n<li style=\"list-style-type: none;\">\n<ol>\n<li><span style=\"color: #000000;\">Cristiane Winkel Elert<\/span><\/li>\n<li>Magda Josieli Souza de Souza<\/li>\n<\/ol>\n<\/li>\n<\/ol>\n<p style=\"padding-left: 40px;\"><span style=\"color: #000000;\"><strong>ACAD\u00caMICOS:<\/strong><\/span><\/p>\n<ol>\n<li style=\"list-style-type: none;\">\n<ol>\n<li><span style=\"color: #000000;\">Gabriel Henrique Possignolo Gomes\u00a0[Cinema e Audiovisual]<\/span><\/li>\n<li><span style=\"color: #000000;\">Kelvin Wendel Bohn\u00a0[Cinema e Audiovisual]<\/span><\/li>\n<\/ol>\n<\/li>\n<\/ol>\n<p style=\"padding-left: 40px;\"><span style=\"color: #000000;\"><strong>BOLSISTA:<\/strong><\/span><\/p>\n<ol>\n<li style=\"list-style-type: none;\">\n<ol>\n<li><span style=\"color: #000000;\"><span style=\"color: #000000;\">Indi do R\u00eago Medeiros \u00a0[Cinema de Anima\u00e7\u00e3o]\u00a0<\/span><\/span><\/li>\n<\/ol>\n<\/li>\n<\/ol>\n<p style=\"padding-left: 40px;\"><span style=\"color: #000000;\"><strong>EXTERNO:<\/strong><\/span><\/p>\n<ol>\n<li style=\"list-style-type: none;\">\n<ol>\n<li><span style=\"color: #000000;\">Heniane Passos Aleixo<\/span><\/li>\n<li>Marcos Aur\u00e9lio da Silva Martins<\/li>\n<li>Melissa Novack Oliveira Ribeiro<\/li>\n<\/ol>\n<\/li>\n<\/ol>\n","protected":false},"excerpt":{"rendered":"<p>O Projeto de Extens\u00e3o \u201cMathLibras \u2013 Ano V\u201d aconteceu entre\u00a0Janeiro e\u00a0Dezembro de 2023. &nbsp; RESUMO:\u00a0O Projeto de Extens\u00e3o &#8220;MathLibras &#8211; Ano V&#8221; \u00e9 uma continuidade dos Projetos de Extens\u00e3o &#8220;MathLibras &#8211; Ano 1&#8220;, &#8220;MathLibras &#8211; Ano II&#8220;, &#8220;MathLibras &#8211; Ano III&#8221; e &#8220;MathLibras &#8211; Ano IV&#8220;, originados a partir do projeto de pesquisa &#8220;Produ\u00e7\u00e3o de [&hellip;]<\/p>\n","protected":false},"author":839,"featured_media":0,"parent":0,"menu_order":0,"comment_status":"closed","ping_status":"closed","template":"","meta":{"footnotes":""},"class_list":["post-985","page","type-page","status-publish","hentry"],"_links":{"self":[{"href":"https:\/\/wp.ufpel.edu.br\/mathlibras\/wp-json\/wp\/v2\/pages\/985","targetHints":{"allow":["GET"]}}],"collection":[{"href":"https:\/\/wp.ufpel.edu.br\/mathlibras\/wp-json\/wp\/v2\/pages"}],"about":[{"href":"https:\/\/wp.ufpel.edu.br\/mathlibras\/wp-json\/wp\/v2\/types\/page"}],"author":[{"embeddable":true,"href":"https:\/\/wp.ufpel.edu.br\/mathlibras\/wp-json\/wp\/v2\/users\/839"}],"replies":[{"embeddable":true,"href":"https:\/\/wp.ufpel.edu.br\/mathlibras\/wp-json\/wp\/v2\/comments?post=985"}],"version-history":[{"count":7,"href":"https:\/\/wp.ufpel.edu.br\/mathlibras\/wp-json\/wp\/v2\/pages\/985\/revisions"}],"predecessor-version":[{"id":1355,"href":"https:\/\/wp.ufpel.edu.br\/mathlibras\/wp-json\/wp\/v2\/pages\/985\/revisions\/1355"}],"wp:attachment":[{"href":"https:\/\/wp.ufpel.edu.br\/mathlibras\/wp-json\/wp\/v2\/media?parent=985"}],"curies":[{"name":"wp","href":"https:\/\/api.w.org\/{rel}","templated":true}]}}