{"id":72,"date":"2018-04-10T10:39:51","date_gmt":"2018-04-10T13:39:51","guid":{"rendered":"https:\/\/wp.ufpel.edu.br\/mathlibras\/?page_id=72"},"modified":"2025-08-05T19:35:42","modified_gmt":"2025-08-05T22:35:42","slug":"contatos","status":"publish","type":"page","link":"https:\/\/wp.ufpel.edu.br\/mathlibras\/contatos\/","title":{"rendered":"Contatos"},"content":{"rendered":"<p><span style=\"color: #000080; font-size: 18pt;\"><strong>Coordena\u00e7\u00e3o<\/strong><\/span><\/p>\n<p><span style=\"color: #000000;\"><em><span style=\"font-size: 14pt;\"><strong> Profa. Dra. Tha\u00eds Philipsen Gr\u00fctzmann <\/strong><\/span><\/em><span style=\"font-size: 14pt;\"><strong>(DEMAT\/IFM\/UFPel)<\/strong><\/span><\/span><\/p>\n<p><span style=\"color: #000000; font-size: 14pt;\"><strong>E-mail<\/strong>: thaisclmd2@gmail.com<\/span><\/p>\n<p><span style=\"color: #000000; font-size: 14pt;\"><strong>Telefone<\/strong>: (53) 98465-1201<\/span><\/p>\n<p><span style=\"color: #000000; font-size: 14pt;\">Campus Anglo &#8211; Rua Gomes Carneiro, 01. Centro. Pelotas\/RS. CEP: 96010-610. Sala 303B<\/span><\/p>\n<p>&nbsp;<\/p>\n<p><span style=\"font-size: 18pt;\"><strong><span style=\"color: #000080;\">Projeto <em>MathLibras<\/em><\/span><\/strong><\/span><\/p>\n<p><span style=\"font-size: 14pt; color: #000000;\"><strong>E-mail<\/strong>: mathlibras17@gmail.com<\/span><\/p>\n<p>&nbsp;<\/p>\n<p><span style=\"font-size: 18pt;\"><strong><span style=\"color: #000080;\">Reuni\u00f5es do <em>MathLibras<\/em><\/span><\/strong><\/span><\/p>\n<p><span style=\"font-size: 14pt; color: #000000;\"><strong>Dia\/hora<\/strong>: Ter\u00e7a-feira, na sala 303B do Campus Anglo, das 9h \u00e0s 12h.<\/span><\/p>\n<p>&nbsp;<\/p>\n<p><span style=\"color: #000080; font-size: 18pt;\"><strong>Canal <em>MathLibras<\/em> no YouTube<\/strong><\/span><\/p>\n<p><span style=\"color: #000000; font-size: 14pt;\"><a style=\"color: #000000;\" href=\"https:\/\/www.youtube.com\/channel\/UC7rtwOJBv4c4PyIhSFvg3Hg\/videos\">https:\/\/www.youtube.com\/channel\/UC7rtwOJBv4c4PyIhSFvg3Hg\/videos<\/a><\/span><\/p>\n<p>&nbsp;<\/p>\n<p><span style=\"color: #000080; font-size: 18pt;\"><strong>Instagram do <em>MathLibras<\/em><\/strong><\/span><\/p>\n<p><a href=\"https:\/\/www.instagram.com\/mathlibras2017\/\"><span style=\"color: #000000; font-size: 14pt;\">https:\/\/www.instagram.com\/mathlibras2017\/\u00a0<\/span><\/a><\/p>\n<p>&nbsp;<\/p>\n<p><span style=\"color: #000080; font-size: 18pt;\"><strong>Tik-Tok do <em>MathLibras<\/em><\/strong><\/span><\/p>\n<blockquote class=\"tiktok-embed\" cite=\"https:\/\/www.tiktok.com\/@mathlibras.ufpel\" data-unique-id=\"mathlibras.ufpel\" data-embed-from=\"oembed\" data-embed-type=\"creator\" style=\"max-width:780px; min-width:288px;\">\n<section> <a target=\"_blank\" href=\"https:\/\/www.tiktok.com\/@mathlibras.ufpel?refer=creator_embed\">@mathlibras.ufpel<\/a> <\/section>\n<\/blockquote>\n<p> <script async src=\"https:\/\/www.tiktok.com\/embed.js\"><\/script><\/p>\n<p>&nbsp;<\/p>\n<p><img class=\"alignnone size-medium wp-image-1132 aligncenter\" src=\"https:\/\/wp.ufpel.edu.br\/mathlibras\/files\/2023\/05\/2023-Mapa-MAthLibras-400x400.jpeg\" alt=\"\" width=\"400\" height=\"400\" srcset=\"https:\/\/wp.ufpel.edu.br\/mathlibras\/files\/2023\/05\/2023-Mapa-MAthLibras-400x400.jpeg 400w, https:\/\/wp.ufpel.edu.br\/mathlibras\/files\/2023\/05\/2023-Mapa-MAthLibras-1024x1024.jpeg 1024w, https:\/\/wp.ufpel.edu.br\/mathlibras\/files\/2023\/05\/2023-Mapa-MAthLibras-200x200.jpeg 200w, https:\/\/wp.ufpel.edu.br\/mathlibras\/files\/2023\/05\/2023-Mapa-MAthLibras-768x768.jpeg 768w, https:\/\/wp.ufpel.edu.br\/mathlibras\/files\/2023\/05\/2023-Mapa-MAthLibras-1536x1536.jpeg 1536w, https:\/\/wp.ufpel.edu.br\/mathlibras\/files\/2023\/05\/2023-Mapa-MAthLibras.jpeg 1600w\" sizes=\"(max-width: 400px) 100vw, 400px\" \/><\/p>\n","protected":false},"excerpt":{"rendered":"<p>Coordena\u00e7\u00e3o Profa. Dra. Tha\u00eds Philipsen Gr\u00fctzmann (DEMAT\/IFM\/UFPel) E-mail: thaisclmd2@gmail.com Telefone: (53) 98465-1201 Campus Anglo &#8211; Rua Gomes Carneiro, 01. Centro. Pelotas\/RS. CEP: 96010-610. Sala 303B &nbsp; Projeto MathLibras E-mail: mathlibras17@gmail.com &nbsp; Reuni\u00f5es do MathLibras Dia\/hora: Ter\u00e7a-feira, na sala 303B do Campus Anglo, das 9h \u00e0s 12h. &nbsp; Canal MathLibras no YouTube https:\/\/www.youtube.com\/channel\/UC7rtwOJBv4c4PyIhSFvg3Hg\/videos &nbsp; Instagram do [&hellip;]<\/p>\n","protected":false},"author":839,"featured_media":0,"parent":0,"menu_order":0,"comment_status":"closed","ping_status":"closed","template":"","meta":{"footnotes":""},"class_list":["post-72","page","type-page","status-publish","hentry"],"_links":{"self":[{"href":"https:\/\/wp.ufpel.edu.br\/mathlibras\/wp-json\/wp\/v2\/pages\/72","targetHints":{"allow":["GET"]}}],"collection":[{"href":"https:\/\/wp.ufpel.edu.br\/mathlibras\/wp-json\/wp\/v2\/pages"}],"about":[{"href":"https:\/\/wp.ufpel.edu.br\/mathlibras\/wp-json\/wp\/v2\/types\/page"}],"author":[{"embeddable":true,"href":"https:\/\/wp.ufpel.edu.br\/mathlibras\/wp-json\/wp\/v2\/users\/839"}],"replies":[{"embeddable":true,"href":"https:\/\/wp.ufpel.edu.br\/mathlibras\/wp-json\/wp\/v2\/comments?post=72"}],"version-history":[{"count":12,"href":"https:\/\/wp.ufpel.edu.br\/mathlibras\/wp-json\/wp\/v2\/pages\/72\/revisions"}],"predecessor-version":[{"id":1719,"href":"https:\/\/wp.ufpel.edu.br\/mathlibras\/wp-json\/wp\/v2\/pages\/72\/revisions\/1719"}],"wp:attachment":[{"href":"https:\/\/wp.ufpel.edu.br\/mathlibras\/wp-json\/wp\/v2\/media?parent=72"}],"curies":[{"name":"wp","href":"https:\/\/api.w.org\/{rel}","templated":true}]}}