{"id":318,"date":"2020-06-04T11:44:02","date_gmt":"2020-06-04T14:44:02","guid":{"rendered":"https:\/\/wp.ufpel.edu.br\/mathlibras\/?page_id=318"},"modified":"2022-08-23T17:20:57","modified_gmt":"2022-08-23T20:20:57","slug":"noticias-2017","status":"publish","type":"page","link":"https:\/\/wp.ufpel.edu.br\/mathlibras\/noticias-2017\/","title":{"rendered":"Atividades 2017"},"content":{"rendered":"<p style=\"text-align: center;\"><span style=\"color: #69150c; font-size: 24pt;\"><strong><em>&#8211; Atividades MathLibras<\/em> 2017 &#8211;<\/strong><\/span><\/p>\n<p><span style=\"color: #000080; background-color: #cfcaca; font-size: 18pt;\"><em><strong>XXVI Congresso de Inicia\u00e7\u00e3o Cient\u00edfica &#8211; CIC \/ UFPel<\/strong><\/em><\/span><\/p>\n<p><span style=\"font-size: 14pt; color: #000000;\"><strong>20 a 24 de novembro de 2017 &#8211; UFPel &#8211; Pelotas\/RS<\/strong><\/span><\/p>\n<p><span style=\"color: #000000;\">Participa\u00e7\u00e3o da bolsista Tais Percone Souza e da Profa. Dra. Tha\u00eds Philipsen Gr\u00fctzmann, orientadora, com a apresenta\u00e7\u00e3o do trabalho:<\/span> <span style=\"color: #333399;\"><strong><em>&#8220;A primeira vis\u00e3o da acad\u00eamica do cinema sobre o ensino de matem\u00e1tica para surdos&#8221;<\/em><\/strong><\/span>.<\/p>\n<p><img class=\" wp-image-263 aligncenter\" src=\"https:\/\/wp.ufpel.edu.br\/mathlibras\/files\/2020\/05\/20171122_203709-400x267.jpg\" alt=\"\" width=\"327\" height=\"218\" srcset=\"https:\/\/wp.ufpel.edu.br\/mathlibras\/files\/2020\/05\/20171122_203709-400x267.jpg 400w, https:\/\/wp.ufpel.edu.br\/mathlibras\/files\/2020\/05\/20171122_203709-1024x684.jpg 1024w, https:\/\/wp.ufpel.edu.br\/mathlibras\/files\/2020\/05\/20171122_203709-768x513.jpg 768w, https:\/\/wp.ufpel.edu.br\/mathlibras\/files\/2020\/05\/20171122_203709-1536x1026.jpg 1536w, https:\/\/wp.ufpel.edu.br\/mathlibras\/files\/2020\/05\/20171122_203709-2048x1368.jpg 2048w\" sizes=\"(max-width: 327px) 100vw, 327px\" \/><\/p>\n<p>&nbsp;<\/p>\n<p><span style=\"color: #000080; background-color: #cfcaca; font-size: 18pt;\"><em><strong>Palestra na Escola Alfredo Dub<\/strong><\/em><\/span><\/p>\n<p><span style=\"font-size: 14pt; color: #000000;\"><strong>22 de agosto de 2017 &#8211; Pelotas\/RS<\/strong><\/span><\/p>\n<p><span style=\"color: #000000;\">A coordenadora do <em>MathLibras,<\/em> Profa. Dra. Tha\u00eds Philipsen Gr\u00fctzmann, proferiu a palestra <strong><em>\u201cConhecendo o Projeto MathLibras\u201d<\/em><\/strong> para professores da Escola Especial Professor Alfredo Dub, parceira do projeto.<\/span><\/p>\n<p><img class=\"wp-image-322 aligncenter\" src=\"https:\/\/wp.ufpel.edu.br\/mathlibras\/files\/2020\/06\/IMG_2866-400x300.jpg\" alt=\"\" width=\"336\" height=\"252\" srcset=\"https:\/\/wp.ufpel.edu.br\/mathlibras\/files\/2020\/06\/IMG_2866-400x300.jpg 400w, https:\/\/wp.ufpel.edu.br\/mathlibras\/files\/2020\/06\/IMG_2866-1024x768.jpg 1024w, https:\/\/wp.ufpel.edu.br\/mathlibras\/files\/2020\/06\/IMG_2866-768x576.jpg 768w, https:\/\/wp.ufpel.edu.br\/mathlibras\/files\/2020\/06\/IMG_2866-1536x1152.jpg 1536w, https:\/\/wp.ufpel.edu.br\/mathlibras\/files\/2020\/06\/IMG_2866-2048x1536.jpg 2048w\" sizes=\"(max-width: 336px) 100vw, 336px\" \/><\/p>\n<p>&nbsp;<\/p>\n<p style=\"text-align: center;\"><em><span style=\"font-size: 18pt; color: #333399;\">E o <strong>MathLibras<\/strong> come\u00e7a oficialmente suas atividades em 17 de Junho de 2017!<\/span><\/em><\/p>\n","protected":false},"excerpt":{"rendered":"<p>&#8211; Atividades MathLibras 2017 &#8211; XXVI Congresso de Inicia\u00e7\u00e3o Cient\u00edfica &#8211; CIC \/ UFPel 20 a 24 de novembro de 2017 &#8211; UFPel &#8211; Pelotas\/RS Participa\u00e7\u00e3o da bolsista Tais Percone Souza e da Profa. Dra. Tha\u00eds Philipsen Gr\u00fctzmann, orientadora, com a apresenta\u00e7\u00e3o do trabalho: &#8220;A primeira vis\u00e3o da acad\u00eamica do cinema sobre o ensino de [&hellip;]<\/p>\n","protected":false},"author":839,"featured_media":0,"parent":0,"menu_order":0,"comment_status":"closed","ping_status":"closed","template":"","meta":{"footnotes":""},"class_list":["post-318","page","type-page","status-publish","hentry"],"_links":{"self":[{"href":"https:\/\/wp.ufpel.edu.br\/mathlibras\/wp-json\/wp\/v2\/pages\/318","targetHints":{"allow":["GET"]}}],"collection":[{"href":"https:\/\/wp.ufpel.edu.br\/mathlibras\/wp-json\/wp\/v2\/pages"}],"about":[{"href":"https:\/\/wp.ufpel.edu.br\/mathlibras\/wp-json\/wp\/v2\/types\/page"}],"author":[{"embeddable":true,"href":"https:\/\/wp.ufpel.edu.br\/mathlibras\/wp-json\/wp\/v2\/users\/839"}],"replies":[{"embeddable":true,"href":"https:\/\/wp.ufpel.edu.br\/mathlibras\/wp-json\/wp\/v2\/comments?post=318"}],"version-history":[{"count":8,"href":"https:\/\/wp.ufpel.edu.br\/mathlibras\/wp-json\/wp\/v2\/pages\/318\/revisions"}],"predecessor-version":[{"id":823,"href":"https:\/\/wp.ufpel.edu.br\/mathlibras\/wp-json\/wp\/v2\/pages\/318\/revisions\/823"}],"wp:attachment":[{"href":"https:\/\/wp.ufpel.edu.br\/mathlibras\/wp-json\/wp\/v2\/media?parent=318"}],"curies":[{"name":"wp","href":"https:\/\/api.w.org\/{rel}","templated":true}]}}