{"id":1010,"date":"2023-03-14T16:37:33","date_gmt":"2023-03-14T19:37:33","guid":{"rendered":"https:\/\/wp.ufpel.edu.br\/mathlibras\/?page_id=1010"},"modified":"2024-04-23T15:26:00","modified_gmt":"2024-04-23T18:26:00","slug":"publicacoes-2023","status":"publish","type":"page","link":"https:\/\/wp.ufpel.edu.br\/mathlibras\/publicacoes-2023\/","title":{"rendered":"Publica\u00e7\u00f5es 2023"},"content":{"rendered":"<p style=\"text-align: center;\"><span style=\"font-size: 24pt; color: #000080;\"><strong>Publica\u00e7\u00f5es sobre o\u00a0<em>MathLibras<\/em> \u2013 2023 \u2013<\/strong><\/span><\/p>\n<p>&nbsp;<\/p>\n<p><span style=\"font-size: 14pt; color: #000080;\"><strong>Educa\u00e7\u00e3o Matem\u00e1tica Pesquisa (PUCSP)<\/strong><\/span><\/p>\n<p><span style=\"color: #000000; font-size: 14pt;\"><strong>Artigo<\/strong>: <a style=\"color: #000000;\" href=\"https:\/\/revistas.pucsp.br\/index.php\/emp\/article\/view\/59903\/42072\"><em>MathLibras no parque de divers\u00f5es: uma an\u00e1lise lingu\u00edstica, matem\u00e1tica e dos recursos audiovisuais<\/em><\/a>\u00a0<\/span><\/p>\n<p><span style=\"font-size: 12pt; color: #000000;\"><strong>Autores<\/strong>: Tha\u00eds Philipsen Gr\u00fctzmann; Tatiana Bolivar Lebedeff; Mayummi Arag\u00e3o Campos; Helena Pinto da Luz<\/span><\/p>\n<p><span style=\"color: #000000;\">Educ. Matem. Pesq., S\u00e3o Paulo, v. 25, n. 1, p. 336-362, 2023.<\/span><\/p>\n<p>&nbsp;<\/p>\n<p><span style=\"font-size: 14pt; color: #000080;\"><strong>Expressa Extens\u00e3o (UFPel)<\/strong><\/span><\/p>\n<p><span style=\"color: #000000; font-size: 14pt;\"><strong>Artigo<\/strong>: <a style=\"color: #000000;\" href=\"https:\/\/revistas.ufpel.edu.br\/index.php\/expressa\/article\/view\/6560\/5620\"><em>Matem\u00e1tica em libras: uma mem\u00f3ria visual sobre o projeto MathLibras<\/em><\/a>\u00a0<\/span><\/p>\n<p><span style=\"color: #000000;\"><strong>Autores<\/strong>: Tha\u00eds Philipsen Gr\u00fctzmann; Kelvin Wendel Bohn; Gabriel Henrique Possignolo Gomes; Tatiana Bolivar Lebedeff<\/span><\/p>\n<p><span style=\"color: #000000;\">Expressa Extens\u00e3o. ISSN 2358-8195 , v. 28, n. 2, p. 188-193, MAI-AGO, 2023.<\/span><\/p>\n<p>&nbsp;<\/p>\n<p><span style=\"font-size: 14pt; color: #000080;\"><strong>Revista Sergipana de Matem\u00e1tica e Educa\u00e7\u00e3o Matem\u00e1tica (ReviSeM)<\/strong><\/span><\/p>\n<p><span style=\"color: #000000; font-size: 14pt;\"><strong>Artigo<\/strong>: <em><a href=\"https:\/\/periodicos.ufs.br\/ReviSe\/article\/view\/18459\">Ensino de Matem\u00e1tica para surdos: potencialidades de v\u00eddeos com diferentes g\u00eaneros textuais<\/a><\/em>\u00a0<\/span><\/p>\n<p><span style=\"color: #000000;\"><strong>Autores<\/strong>: Tha\u00eds Philipsen Gr\u00fctzmann; Tatiana Bolivar Lebedeff; Angela Nediane dos Santos<\/span><\/p>\n<p><span style=\"color: #000000;\">ReviSeM. ISSN 2525-5444 , v. 8, n. 2, p. 328-347, 2023.<\/span><\/p>\n<p>&nbsp;<\/p>\n<p><span style=\"font-size: 14pt; color: #000080;\"><strong>Revista Roquette-Pinto (UFPel)<\/strong><\/span><\/p>\n<p><span style=\"color: #000000; font-size: 14pt;\"><strong>Artigo<\/strong>: <em><a href=\"https:\/\/wp.ufpel.edu.br\/roquettepinto\/files\/2023\/11\/Revista-roquette-Pinto-dossie-Especial-06-1.pdf\">O caminhar de uma escrita: um relato sobre a produ\u00e7\u00e3o de roteiros para os v\u00eddeos do canal MathLibras<\/a><\/em><\/span><\/p>\n<p><span style=\"color: #000000;\"><strong>Autores<\/strong>: Tha\u00eds Philipsen Gr\u00fctzmann; Gabriel Henrique Possignolo Gomes; Kelvin Wendel Bohn;\u00a0 Tatiana Bolivar Lebedeff<\/span><\/p>\n<p><span style=\"color: #000000;\">Roquette-Pinto. ISSN 2526-6128, n. 6, p. 41-50, 2023.<\/span><\/p>\n<p>&nbsp;<\/p>\n<p><span style=\"font-size: 14pt; color: #000080;\"><strong>Educa\u00e7\u00e3o Matem\u00e1tica Pesquisa (PUCSP)<\/strong><\/span><\/p>\n<p><span style=\"color: #000000; font-size: 14pt;\"><strong>Artigo<\/strong>: <em><a href=\"https:\/\/revistas.pucsp.br\/index.php\/emp\/article\/view\/63178\">MathLibras na sala de aula do 3\u00ba ano do Ensino Fundamental e as primeiras percep\u00e7\u00f5es sobre tr\u00eas v\u00eddeos do projeto<\/a><\/em>\u00a0<\/span><\/p>\n<p><span style=\"font-size: 12pt; color: #000000;\"><strong>Autores<\/strong>: Tha\u00eds Philipsen Gr\u00fctzmann; Tatiana Bolivar Lebedeff; M\u00f4nica Mendes Garcia; Joseane Maciel Viana<\/span><\/p>\n<p><span style=\"color: #000000;\">Educ. Matem. Pesq., S\u00e3o Paulo, v. 25, n. 4, p. 09-46, 2023: Educa\u00e7\u00e3o Matem\u00e1tica de pessoas historicamente marginalizadas no contexto escolar.<\/span><\/p>\n<p>&nbsp;<\/p>\n<p><span style=\"font-size: 14pt; color: #000080;\"><strong>Livro: Surdez, Inclus\u00e3o e Matem\u00e1tica\u00a0<\/strong><\/span><\/p>\n<p><span style=\"color: #000000; font-size: 14pt;\"><strong>Cap\u00edtulo<\/strong>:\u00a0<\/span><em><a href=\"https:\/\/www.amazon.com.br\/SURDEZ-INCLUS%C3%83O-MATEM%C3%81TICA-VOL-2\/dp\/6525151481\/ref=sr_1_3?__mk_pt_BR=%C3%85M%C3%85%C5%BD%C3%95%C3%91&amp;crid=2Q4A3B0JH82N9&amp;dib=eyJ2IjoiMSJ9.x6-ehAtw480YIkFa0H8P7AyRNkHiFG-wT24a3Jy3b4QnYTujfdqvFEOVcgqw9oFt5aGv_5A6uXazW_IJeuG86mBLySH3ZSAZ1XJSINsamGs8R5XtzMUcIaaGl_BYbMrCsCmRM9FVaklTPtNy7eGsdzKK5lQzemcLb3HZjzxes331awrBbpgvwjqUZvkECTY56X-mNt68TKBvkQLfnRxyJ-lUVDFRDzuFdefM1iTSnTNLPhwcdff7N3I5DDe9ighWzEqW9ObDPKb9PnxFVVUaCYjwFgnGwD4KefxV-5d0OPw.otNQ4jYj6q2wipxTrra0KG_uOTXZqclEL2FuiX4MjeU&amp;dib_tag=se&amp;keywords=surdez+matem%C3%A1tica&amp;qid=1713896396&amp;sprefix=surdez+matem%C3%A1tica%2Caps%2C259&amp;sr=8-3\">Vamos comparar? Uma an\u00e1lise da Gram\u00e1tica Visual aplicada ao v\u00eddeo do MathLibras<\/a><\/em><\/p>\n<p><strong>Autores<\/strong>: <span style=\"font-size: 12pt; color: #000000;\">Tha\u00eds Philipsen Gr\u00fctzmann; Tatiana Bolivar Lebedeff; Ivana Gomes da Silva, M\u00f4nica Mendes Garcia; Joseane Maciel Viana<\/span><\/p>\n<p><img class=\"aligncenter\" src=\"https:\/\/m.media-amazon.com\/images\/I\/61kQHdMLh5L._SL1500_.jpg\" width=\"136\" height=\"195\" \/><\/p>\n<p>&nbsp;<\/p>\n<p><span style=\"font-size: 14pt; color: #000080;\"><strong>III Encontro Nacional de Educa\u00e7\u00e3o Matem\u00e1tica Inclusiva &#8211; ENEMI<\/strong><\/span><\/p>\n<p><strong><span style=\"color: #000080;\">04 a 06 de setembro &#8211; Vit\u00f3ria\/ES<\/span><\/strong><\/p>\n<p><span style=\"color: #000000;\"><strong>Artigo<\/strong>: <em><a href=\"https:\/\/www.sbembrasil.org.br\/ocs\/index.php\/ENEMI\/enemi2023\/paper\/viewFile\/2341\/1784\">MathLibras na sala de aula: a primeira aplica\u00e7\u00e3o de v\u00eddeo do projeto com alunos do 3\u00ba ano do Ensino Fundamental\u00a0<\/a><\/em><\/span><\/p>\n<p><span style=\"color: #000000;\"><strong>Autora<\/strong>: Tha\u00eds Philipsen Gr\u00fctzmann<\/span><\/p>\n<p>&nbsp;<\/p>\n<p><span style=\"font-size: 14pt; color: #000080;\"><strong>9\u00ba Semana Integrada de Inova\u00e7\u00e3o, Ensino, Pesquisa e Extens\u00e3o da UFPel &#8211; SIIEPE<\/strong><\/span><\/p>\n<p><strong><span style=\"color: #000080;\">20 a 24 de novembro<\/span><\/strong><\/p>\n<p><strong><span style=\"color: #000080;\">XXXII Congresso de Inicia\u00e7\u00e3o Cient\u00edfica \u2013 CIC\/SIIEPE<\/span><\/strong><\/p>\n<p><span style=\"color: #000000;\"><strong>Artigo<\/strong>: <em><a style=\"color: #000000;\" href=\"https:\/\/cti.ufpel.edu.br\/siepe\/arquivos\/2023\/MD_01701.pdf\">Narrando o MathLibras: a evolu\u00e7\u00e3o dos roteiros das videoaulas do projeto<\/a><\/em><\/span><\/p>\n<p><span style=\"color: #000000;\"><strong>Autores<\/strong>: Gabriel Henrique Possignolo Gomes; Indi do R\u00eago Medeiros; Kelvin Wendel Bohn; Tatiana Bolivar Lebedeff; Tha\u00eds Philipsen Gr\u00fctzmann<\/span><\/p>\n<p>&nbsp;<\/p>\n<p><span style=\"color: #000000;\"><strong>Artigo<\/strong>: <em><a style=\"color: #000000;\" href=\"https:\/\/cti.ufpel.edu.br\/siepe\/arquivos\/2023\/MD_03428.pdf\">A escolha de cores no design de personagens para materiais did\u00e1ticos do projeto MathLibras<\/a><\/em><\/span><\/p>\n<p><span style=\"color: #000000;\"><strong>Autores<\/strong>: Indi do R\u00eago Medeiros; Kelvin Wendel Bohn; Gabriel Henrique Possignolo Gomes; Tatiana Bolivar Lebedeff; Tha\u00eds Philipsen Gr\u00fctzmann<\/span><\/p>\n<p>&nbsp;<\/p>\n<p><span style=\"color: #000000;\"><strong>Artigo<\/strong>: <em><a style=\"color: #000000;\" href=\"https:\/\/cti.ufpel.edu.br\/siepe\/arquivos\/2023\/MD_02781.pdf\">A gram\u00e1tica visual do v\u00eddeo \u201cMaterial Dourado\u201d do projeto MathLibras<\/a><\/em>\u00a0<\/span><\/p>\n<p><span style=\"color: #000000;\"><strong>Autores<\/strong>: Kelvin Wendel Bohn; Gabriel Henrique Possignolo Gomes; Indi do R\u00eago Medeiros; Tatiana Bolivar Lebedeff; Tha\u00eds Philipsen Gr\u00fctzmann<\/span><\/p>\n<p>&nbsp;<\/p>\n<p><strong><span style=\"color: #000080;\">X Congresso de Extens\u00e3o e Cultura \u2013 CEC\/SIIEPE<\/span><\/strong><\/p>\n<p><span style=\"color: #000000;\"><strong>Artigo<\/strong>: <em><a style=\"color: #000000;\" href=\"https:\/\/wp.ufpel.edu.br\/congressoextensao\/files\/2023\/12\/Educac%CC%A7a%CC%83o_rev1.pdf\">MathLibras em a\u00e7\u00e3o \u2013 uma an\u00e1lise da aplica\u00e7\u00e3o do v\u00eddeo V34 \u2013 Vamos comparar?<\/a><\/em> (p. 583-586)<\/span><\/p>\n<p><span style=\"color: #000000;\"><strong>Autores<\/strong>: Gabriel Henrique Possignolo Gomes; Indi do R\u00eago Medeiros; Kelvin Wendel Bohn; Tatiana Bolivar Lebedeff; Tha\u00eds Philipsen Gr\u00fctzmann<\/span><\/p>\n<p>&nbsp;<\/p>\n<p><span style=\"color: #000000;\"><strong>Artigo<\/strong>: <em><a style=\"color: #000000;\" href=\"https:\/\/wp.ufpel.edu.br\/congressoextensao\/files\/2023\/12\/Educac%CC%A7a%CC%83o_rev1.pdf\">Cria\u00e7\u00e3o de uma biblioteca de desenhos para anima\u00e7\u00e3o em libras no projeto MathLibras<\/a> <\/em>(p. 733-736)<\/span><\/p>\n<p><span style=\"color: #000000;\"><strong>Autores<\/strong>: Indi do R\u00eago Medeiros; Kelvin Wendel Bohn; Gabriel Henrique Possignolo Gomes; Tatiana Bolivar Lebedeff; Tha\u00eds Philipsen Gr\u00fctzmann<\/span><\/p>\n<p>&nbsp;<\/p>\n<p><strong><span style=\"color: #000080;\">IX Congresso de Ensino de Gradua\u00e7\u00e3o \u2013 CEG\/SIIEPE<\/span><\/strong><\/p>\n<p><span style=\"color: #000000;\"><strong>Artigo<\/strong>: <em><a style=\"color: #000000;\" href=\"https:\/\/cti.ufpel.edu.br\/siepe\/arquivos\/2023\/G3_01703.pdf\">A cria\u00e7\u00e3o da Sara: an\u00e1lise da aplica\u00e7\u00e3o da jornada de her\u00f3i nas videoaulas do MathLibras<\/a><\/em>\u00a0<\/span><\/p>\n<p><span style=\"color: #000000;\"><strong>Autores<\/strong>: Gabriel Henrique Possignolo Gomes; Indi do R\u00eago Medeiros; Kelvin Wendel Bohn; Tatiana Bolivar Lebedeff; Tha\u00eds Philipsen Gr\u00fctzmann<\/span><\/p>\n<p>&nbsp;<\/p>\n<p><span style=\"color: #000000;\"><strong>Artigo<\/strong>: <em> <a style=\"color: #000000;\" href=\"https:\/\/cti.ufpel.edu.br\/siepe\/arquivos\/2023\/G3_03427.pdf\">An\u00e1lise e redesign dos personagens do projeto MathLibras para fins did\u00e1ticos<\/a><\/em><\/span><\/p>\n<p><span style=\"color: #000000;\"><strong>Autores<\/strong>: Indi do R\u00eago Medeiros; Kelvin Wendel Bohn; Gabriel Henrique Possignolo Gomes; Tatiana Bolivar Lebedeff; Tha\u00eds Philipsen Gr\u00fctzmann<\/span><\/p>\n<p>&nbsp;<\/p>\n<p><span style=\"color: #000000;\"><strong>Artigo<\/strong>: <em> <a style=\"color: #000000;\" href=\"https:\/\/cti.ufpel.edu.br\/siepe\/arquivos\/2023\/G3_02803.pdf\">Experi\u00eancias na fotografia dos v\u00eddeos do projeto MathLibras para uma melhor p\u00f3s-produ\u00e7\u00e3o<\/a><\/em><\/span><\/p>\n<p><span style=\"color: #000000;\"><strong>Autores<\/strong>: Kelvin Wendel Bohn; Indi do R\u00eago Medeiros; Gabriel Henrique Possignolo Gomes; Tatiana Bolivar Lebedeff; Tha\u00eds Philipsen Gr\u00fctzmann<\/span><\/p>\n","protected":false},"excerpt":{"rendered":"<p>Publica\u00e7\u00f5es sobre o\u00a0MathLibras \u2013 2023 \u2013 &nbsp; Educa\u00e7\u00e3o Matem\u00e1tica Pesquisa (PUCSP) Artigo: MathLibras no parque de divers\u00f5es: uma an\u00e1lise lingu\u00edstica, matem\u00e1tica e dos recursos audiovisuais\u00a0 Autores: Tha\u00eds Philipsen Gr\u00fctzmann; Tatiana Bolivar Lebedeff; Mayummi Arag\u00e3o Campos; Helena Pinto da Luz Educ. Matem. Pesq., S\u00e3o Paulo, v. 25, n. 1, p. 336-362, 2023. &nbsp; Expressa Extens\u00e3o (UFPel) [&hellip;]<\/p>\n","protected":false},"author":839,"featured_media":0,"parent":0,"menu_order":0,"comment_status":"closed","ping_status":"closed","template":"","meta":{"footnotes":""},"class_list":["post-1010","page","type-page","status-publish","hentry"],"_links":{"self":[{"href":"https:\/\/wp.ufpel.edu.br\/mathlibras\/wp-json\/wp\/v2\/pages\/1010","targetHints":{"allow":["GET"]}}],"collection":[{"href":"https:\/\/wp.ufpel.edu.br\/mathlibras\/wp-json\/wp\/v2\/pages"}],"about":[{"href":"https:\/\/wp.ufpel.edu.br\/mathlibras\/wp-json\/wp\/v2\/types\/page"}],"author":[{"embeddable":true,"href":"https:\/\/wp.ufpel.edu.br\/mathlibras\/wp-json\/wp\/v2\/users\/839"}],"replies":[{"embeddable":true,"href":"https:\/\/wp.ufpel.edu.br\/mathlibras\/wp-json\/wp\/v2\/comments?post=1010"}],"version-history":[{"count":15,"href":"https:\/\/wp.ufpel.edu.br\/mathlibras\/wp-json\/wp\/v2\/pages\/1010\/revisions"}],"predecessor-version":[{"id":1479,"href":"https:\/\/wp.ufpel.edu.br\/mathlibras\/wp-json\/wp\/v2\/pages\/1010\/revisions\/1479"}],"wp:attachment":[{"href":"https:\/\/wp.ufpel.edu.br\/mathlibras\/wp-json\/wp\/v2\/media?parent=1010"}],"curies":[{"name":"wp","href":"https:\/\/api.w.org\/{rel}","templated":true}]}}