{"id":6,"date":"2018-02-20T10:13:04","date_gmt":"2018-02-20T13:13:04","guid":{"rendered":"https:\/\/wp.ufpel.edu.br\/materiallibrasisf\/?page_id=6"},"modified":"2018-07-24T21:03:26","modified_gmt":"2018-07-25T00:03:26","slug":"videos-em-libras","status":"publish","type":"page","link":"https:\/\/wp.ufpel.edu.br\/materiallibrasisf\/videos-em-libras\/","title":{"rendered":"V\u00eddeos em Libras"},"content":{"rendered":"<p><a href=\"https:\/\/wp.ufpel.edu.br\/materiallibrasisf\/files\/2018\/07\/Libras-I-AMBIENTE-DOM\u00c9STICO-SD.wmv\">Libras I AMBIENTE DOM\u00c9STICO SD<\/a><\/p>\n<p>&nbsp;<\/p>\n<div style=\"width: 640px;\" class=\"wp-video\"><video class=\"wp-video-shortcode\" id=\"video-6-1\" width=\"640\" height=\"480\" preload=\"metadata\" controls=\"controls\"><source type=\"video\/mp4\" src=\"https:\/\/wp.ufpel.edu.br\/materiallibrasisf\/files\/2018\/07\/Libras-I-ESPA\u00c7OS-URBANOS-SD.mp4?_=1\" \/><a href=\"https:\/\/wp.ufpel.edu.br\/materiallibrasisf\/files\/2018\/07\/Libras-I-ESPA\u00c7OS-URBANOS-SD.mp4\">https:\/\/wp.ufpel.edu.br\/materiallibrasisf\/files\/2018\/07\/Libras-I-ESPA\u00c7OS-URBANOS-SD.mp4<\/a><\/video><\/div>\n<p><a href=\"https:\/\/wp.ufpel.edu.br\/materiallibrasisf\/files\/2018\/07\/animais-vers\u00e3o-2011-SD.wmv\">animais vers\u00e3o 2011 SD<\/a><\/p>\n<p><a href=\"https:\/\/wp.ufpel.edu.br\/materiallibrasisf\/files\/2018\/07\/Libras-I-NATUREZA-elementos-e-fen\u00f4menos-SD.wmv\">Libras I NATUREZA (elementos e fen\u00f4menos) SD<\/a><\/p>\n<p><a href=\"https:\/\/wp.ufpel.edu.br\/materiallibrasisf\/files\/2018\/07\/VERBOS-unidade-IV-SD.wmv\">VERBOS unidade IV SD<\/a><\/p>\n<p><a href=\"https:\/\/wp.ufpel.edu.br\/materiallibrasisf\/files\/2018\/07\/VERBOS-OUTROS-SD.wmv\">VERBOS OUTROS SD<\/a><\/p>\n<p><a href=\"https:\/\/wp.ufpel.edu.br\/materiallibrasisf\/files\/2018\/07\/Libras-I-ALIMENTOS-SIMPLES-caf\u00e9-da-manh\u00e3-almo\u00e7o-janta-e-temperos-SD.wmv\">Libras I ALIMENTOS SIMPLES caf\u00e9 da manh\u00e3 almo\u00e7o janta e temperos SD<\/a><\/p>\n<p><a href=\"https:\/\/wp.ufpel.edu.br\/materiallibrasisf\/files\/2018\/07\/Libras-I-BEBIDAS-SD.wmv\">Libras I BEBIDAS SD<\/a><\/p>\n<p><a href=\"https:\/\/wp.ufpel.edu.br\/materiallibrasisf\/files\/2018\/07\/Libras-I-FRUTAS-SD.wmv\">Libras I FRUTAS SD<\/a><\/p>\n<p><a href=\"https:\/\/wp.ufpel.edu.br\/materiallibrasisf\/files\/2018\/07\/Libras-I-LANCHES-SD.wmv\">Libras I LANCHES SD<\/a><\/p>\n<p><a href=\"https:\/\/wp.ufpel.edu.br\/materiallibrasisf\/files\/2018\/07\/Dialogo-5-SD.wmv\">Dialogo 5 SD<\/a><\/p>\n<p><a href=\"https:\/\/wp.ufpel.edu.br\/materiallibrasisf\/files\/2018\/07\/Dialogo-6-SD.wmv\">Dialogo 6 SD<\/a><\/p>\n<p><a href=\"https:\/\/wp.ufpel.edu.br\/materiallibrasisf\/files\/2018\/07\/VERBOS-unidade-III-SD.wmv\">VERBOS unidade III SD<\/a><\/p>\n<p><a href=\"https:\/\/wp.ufpel.edu.br\/materiallibrasisf\/files\/2018\/07\/Libras-I-FAM\u00cdLIA-SD.wmv\">Libras I FAM\u00cdLIA SD<\/a><\/p>\n<p><a href=\"https:\/\/wp.ufpel.edu.br\/materiallibrasisf\/files\/2018\/06\/Libras-I-ALFABETO-MANUAL-SD.wmv\">Libras I ALFABETO MANUAL <\/a><\/p>\n<p><a href=\"https:\/\/wp.ufpel.edu.br\/materiallibrasisf\/files\/2018\/06\/Libras-I-SAUDA\u00c7\u00d5ES-SD.wmv\">Libras I SAUDA\u00c7\u00d5ES<\/a><\/p>\n<p><a href=\"https:\/\/wp.ufpel.edu.br\/materiallibrasisf\/files\/2018\/06\/Libras-I-CALEND\u00c1RIO-meses-do-ano-SD.wmv\">Libras I CALEND\u00c1RIO (meses do ano) <\/a><\/p>\n<p><a href=\"https:\/\/wp.ufpel.edu.br\/materiallibrasisf\/files\/2018\/06\/Libras-I-N\u00daMEROS-CARDINAIS-0-100-SD.wmv\">Libras I N\u00daMEROS CARDINAIS 0 100 <\/a><\/p>\n<p><a href=\"https:\/\/wp.ufpel.edu.br\/materiallibrasisf\/files\/2018\/06\/Dialogo-Ivana-e-Angela-SD.wmv\">Dialogo Ivana e Angela<\/a><\/p>\n<p><a href=\"https:\/\/wp.ufpel.edu.br\/materiallibrasisf\/files\/2018\/06\/Libras-I-PRONOMES-INTERROGATIVOS-SD.wmv\">Libras I PRONOMES INTERROGATIVOS <\/a><\/p>\n<p><a href=\"https:\/\/wp.ufpel.edu.br\/materiallibrasisf\/files\/2018\/06\/Libras-I-CALEND\u00c1RIO-dias-da-semana-adverbios-de-tempo-e-esta\u00e7\u00f5es-do-ano-SD.wmv\">Libras I CALEND\u00c1RIO (dias da semana adverbios de tempo e esta\u00e7\u00f5es do ano) <\/a><\/p>\n<p><a href=\"https:\/\/wp.ufpel.edu.br\/materiallibrasisf\/files\/2018\/06\/Libras-I-PRONOMES-DEMONSTRATIVOS-SD.wmv\">Libras I PRONOMES DEMONSTRATIVOS <\/a><\/p>\n<p><a href=\"https:\/\/wp.ufpel.edu.br\/materiallibrasisf\/files\/2018\/06\/Libras-I-PRONOMES-POSSESSIVOS-SD.wmv\">Libras I PRONOMES POSSESSIVOS <\/a><\/p>\n","protected":false},"excerpt":{"rendered":"<p>Libras I AMBIENTE DOM\u00c9STICO SD &nbsp; animais vers\u00e3o 2011 SD Libras I NATUREZA (elementos e fen\u00f4menos) SD VERBOS unidade IV SD VERBOS OUTROS SD Libras I ALIMENTOS SIMPLES caf\u00e9 da manh\u00e3 almo\u00e7o janta e temperos SD Libras I BEBIDAS SD Libras I FRUTAS SD Libras I LANCHES SD Dialogo 5 SD Dialogo 6 SD VERBOS [&hellip;]<\/p>\n","protected":false},"author":728,"featured_media":0,"parent":0,"menu_order":0,"comment_status":"closed","ping_status":"closed","template":"","meta":{"footnotes":""},"class_list":["post-6","page","type-page","status-publish","hentry"],"_links":{"self":[{"href":"https:\/\/wp.ufpel.edu.br\/materiallibrasisf\/wp-json\/wp\/v2\/pages\/6","targetHints":{"allow":["GET"]}}],"collection":[{"href":"https:\/\/wp.ufpel.edu.br\/materiallibrasisf\/wp-json\/wp\/v2\/pages"}],"about":[{"href":"https:\/\/wp.ufpel.edu.br\/materiallibrasisf\/wp-json\/wp\/v2\/types\/page"}],"author":[{"embeddable":true,"href":"https:\/\/wp.ufpel.edu.br\/materiallibrasisf\/wp-json\/wp\/v2\/users\/728"}],"replies":[{"embeddable":true,"href":"https:\/\/wp.ufpel.edu.br\/materiallibrasisf\/wp-json\/wp\/v2\/comments?post=6"}],"version-history":[{"count":23,"href":"https:\/\/wp.ufpel.edu.br\/materiallibrasisf\/wp-json\/wp\/v2\/pages\/6\/revisions"}],"predecessor-version":[{"id":193,"href":"https:\/\/wp.ufpel.edu.br\/materiallibrasisf\/wp-json\/wp\/v2\/pages\/6\/revisions\/193"}],"wp:attachment":[{"href":"https:\/\/wp.ufpel.edu.br\/materiallibrasisf\/wp-json\/wp\/v2\/media?parent=6"}],"curies":[{"name":"wp","href":"https:\/\/api.w.org\/{rel}","templated":true}]}}