{"id":54,"date":"2017-05-05T11:36:08","date_gmt":"2017-05-05T14:36:08","guid":{"rendered":"https:\/\/wp.ufpel.edu.br\/materialiengenharia\/?page_id=54"},"modified":"2017-05-05T11:46:36","modified_gmt":"2017-05-05T14:46:36","slug":"desenvolvimento-de-materiais","status":"publish","type":"page","link":"https:\/\/wp.ufpel.edu.br\/materialiengenharia\/nosso-trabalho\/desenvolvimento-de-materiais\/","title":{"rendered":"Desenvolvimento de Materiais"},"content":{"rendered":"<p>A Materiali Engenharia tamb\u00e9m preza pelo desenvolvimento de novos materiais e aplica\u00e7\u00f5es e com isso buscamos a inova\u00e7\u00e3o dos mesmos.<\/p>\n<ul>\n<li style=\"font-weight: 400\"><span style=\"font-weight: 400\">Desenvolvimento de processos e processamentos<\/span><\/li>\n<li style=\"font-weight: 400\"><span style=\"font-weight: 400\">Formula\u00e7\u00e3o composicional de novos produtos<\/span><\/li>\n<li style=\"font-weight: 400\"><span style=\"font-weight: 400\">An\u00e1lise dos materiais \u00e0 serem empregados<\/span><\/li>\n<li style=\"font-weight: 400\"><span style=\"font-weight: 400\">An\u00e1lise da viabilidade de fabrica\u00e7\u00e3o<\/span><\/li>\n<\/ul>\n","protected":false},"excerpt":{"rendered":"<p>A Materiali Engenharia tamb\u00e9m preza pelo desenvolvimento de novos materiais e aplica\u00e7\u00f5es e com isso buscamos a inova\u00e7\u00e3o dos mesmos. Desenvolvimento de processos e processamentos Formula\u00e7\u00e3o composicional de novos produtos An\u00e1lise dos materiais \u00e0 serem empregados An\u00e1lise da viabilidade de fabrica\u00e7\u00e3o<\/p>\n","protected":false},"author":727,"featured_media":0,"parent":41,"menu_order":3,"comment_status":"closed","ping_status":"closed","template":"","meta":{"footnotes":""},"class_list":["post-54","page","type-page","status-publish","hentry","post"],"_links":{"self":[{"href":"https:\/\/wp.ufpel.edu.br\/materialiengenharia\/wp-json\/wp\/v2\/pages\/54","targetHints":{"allow":["GET"]}}],"collection":[{"href":"https:\/\/wp.ufpel.edu.br\/materialiengenharia\/wp-json\/wp\/v2\/pages"}],"about":[{"href":"https:\/\/wp.ufpel.edu.br\/materialiengenharia\/wp-json\/wp\/v2\/types\/page"}],"author":[{"embeddable":true,"href":"https:\/\/wp.ufpel.edu.br\/materialiengenharia\/wp-json\/wp\/v2\/users\/727"}],"replies":[{"embeddable":true,"href":"https:\/\/wp.ufpel.edu.br\/materialiengenharia\/wp-json\/wp\/v2\/comments?post=54"}],"version-history":[{"count":3,"href":"https:\/\/wp.ufpel.edu.br\/materialiengenharia\/wp-json\/wp\/v2\/pages\/54\/revisions"}],"predecessor-version":[{"id":63,"href":"https:\/\/wp.ufpel.edu.br\/materialiengenharia\/wp-json\/wp\/v2\/pages\/54\/revisions\/63"}],"up":[{"embeddable":true,"href":"https:\/\/wp.ufpel.edu.br\/materialiengenharia\/wp-json\/wp\/v2\/pages\/41"}],"wp:attachment":[{"href":"https:\/\/wp.ufpel.edu.br\/materialiengenharia\/wp-json\/wp\/v2\/media?parent=54"}],"curies":[{"name":"wp","href":"https:\/\/api.w.org\/{rel}","templated":true}]}}