{"id":48,"date":"2017-05-05T11:34:17","date_gmt":"2017-05-05T14:34:17","guid":{"rendered":"https:\/\/wp.ufpel.edu.br\/materialiengenharia\/?page_id=48"},"modified":"2017-05-05T11:40:32","modified_gmt":"2017-05-05T14:40:32","slug":"pesquisa-em-materiais","status":"publish","type":"page","link":"https:\/\/wp.ufpel.edu.br\/materialiengenharia\/nosso-trabalho\/pesquisa-em-materiais\/","title":{"rendered":"Pesquisa em Materiais"},"content":{"rendered":"<p><span style=\"font-weight: 400\">Nossa empresa tem como objetivo desenvolver novos materiais e otimizar materiais j\u00e1 existentes, resultando em novos produtos. Assim colaborando para o desenvolvimento da regi\u00e3o e da ind\u00fastria local.<\/span><\/p>\n<p>Temos nosso foco nos seguintes t\u00f3picos:<\/p>\n<ul>\n<li style=\"font-weight: 400\"><span style=\"font-weight: 400\">Identifica\u00e7\u00e3o das propriedades f\u00edsico-qu\u00edmicas<\/span><\/li>\n<li style=\"font-weight: 400\"><span style=\"font-weight: 400\">Verifica\u00e7\u00e3o da identidade do material<\/span><\/li>\n<li style=\"font-weight: 400\"><span style=\"font-weight: 400\">Estudo de composi\u00e7\u00f5es<\/span><\/li>\n<li style=\"font-weight: 400\"><span style=\"font-weight: 400\">Estrutura e morfologia<\/span><\/li>\n<\/ul>\n","protected":false},"excerpt":{"rendered":"<p>Nossa empresa tem como objetivo desenvolver novos materiais e otimizar materiais j\u00e1 existentes, resultando em novos produtos. Assim colaborando para o desenvolvimento da regi\u00e3o e da ind\u00fastria local. Temos nosso foco nos seguintes t\u00f3picos: Identifica\u00e7\u00e3o das propriedades f\u00edsico-qu\u00edmicas Verifica\u00e7\u00e3o da identidade do material Estudo de composi\u00e7\u00f5es Estrutura e morfologia<\/p>\n","protected":false},"author":727,"featured_media":0,"parent":41,"menu_order":1,"comment_status":"closed","ping_status":"closed","template":"","meta":{"footnotes":""},"class_list":["post-48","page","type-page","status-publish","hentry","post"],"_links":{"self":[{"href":"https:\/\/wp.ufpel.edu.br\/materialiengenharia\/wp-json\/wp\/v2\/pages\/48","targetHints":{"allow":["GET"]}}],"collection":[{"href":"https:\/\/wp.ufpel.edu.br\/materialiengenharia\/wp-json\/wp\/v2\/pages"}],"about":[{"href":"https:\/\/wp.ufpel.edu.br\/materialiengenharia\/wp-json\/wp\/v2\/types\/page"}],"author":[{"embeddable":true,"href":"https:\/\/wp.ufpel.edu.br\/materialiengenharia\/wp-json\/wp\/v2\/users\/727"}],"replies":[{"embeddable":true,"href":"https:\/\/wp.ufpel.edu.br\/materialiengenharia\/wp-json\/wp\/v2\/comments?post=48"}],"version-history":[{"count":3,"href":"https:\/\/wp.ufpel.edu.br\/materialiengenharia\/wp-json\/wp\/v2\/pages\/48\/revisions"}],"predecessor-version":[{"id":60,"href":"https:\/\/wp.ufpel.edu.br\/materialiengenharia\/wp-json\/wp\/v2\/pages\/48\/revisions\/60"}],"up":[{"embeddable":true,"href":"https:\/\/wp.ufpel.edu.br\/materialiengenharia\/wp-json\/wp\/v2\/pages\/41"}],"wp:attachment":[{"href":"https:\/\/wp.ufpel.edu.br\/materialiengenharia\/wp-json\/wp\/v2\/media?parent=48"}],"curies":[{"name":"wp","href":"https:\/\/api.w.org\/{rel}","templated":true}]}}