{"id":45,"date":"2017-05-05T11:33:50","date_gmt":"2017-05-05T14:33:50","guid":{"rendered":"https:\/\/wp.ufpel.edu.br\/materialiengenharia\/?page_id=45"},"modified":"2018-04-10T13:13:56","modified_gmt":"2018-04-10T16:13:56","slug":"porque-empresa-junior","status":"publish","type":"page","link":"https:\/\/wp.ufpel.edu.br\/materialiengenharia\/introducao\/porque-empresa-junior\/","title":{"rendered":"Porque Empresa J\u00fanior?"},"content":{"rendered":"<p style=\"text-align: justify\">Muitos perguntam do porque uma empresa ser considerada &#8220;j\u00fanior&#8221;. O que \u00e9, afinal, uma empresa J\u00fanior? O entendimento \u00e9 simples, a ideia \u00e9 brilhante e o resultado maravilhoso.<\/p>\n<p style=\"text-align: justify\">A lei N\u00ba13.267, de 6 de abril de 2016 diz em seu art. 2\u00ba que considera-se empresa j\u00fanior a entidade organizada sob a forma de associa\u00e7\u00e3o civil, gerida por estudantes matriculados\u00a0 em cursos de gradua\u00e7\u00e3o de institui\u00e7\u00f5es de ensino superior, com o intuito de realizar projetos e servi\u00e7os que contribuam para o desenvolvimento acad\u00eamico e profissional dos associados, capacitando-os para o mercado de trabalho.<\/p>\n<p style=\"text-align: justify\">Em outras palavras, uma empresa j\u00fanior caracteriza-se por ser uma institui\u00e7\u00e3o, gerida e tocada por graduandos, assistidos por professores, que, por utilizar as depend\u00eancias e recursos da Universidade e ser defendida por lei federal, pode atuar com valores abaixo do mercado, sem perder a qualidade e excel\u00eancia em seus servi\u00e7os prestados.<\/p>\n<p style=\"text-align: justify\">Um resultado maravilhoso onde a Universidade ganha em qualidade de forma\u00e7\u00e3o de seus alunos, os alunos ganham em experiencia em mercado de trabalho &#8211; uma vez que n\u00e3o mais saem da universidade &#8220;crus&#8221; para enfrentar o monstruoso &#8220;mundo pr\u00e1tico&#8221; &#8211; e as empresas e comunidades s\u00e3o assistidas com valores abaixo do mercado, servi\u00e7os com qualidade tal qual, e em casos melhores, que a oferecida por concorrentes &#8220;n\u00e3o juniores&#8221;.<\/p>\n","protected":false},"excerpt":{"rendered":"<p>Muitos perguntam do porque uma empresa ser considerada &#8220;j\u00fanior&#8221;. O que \u00e9, afinal, uma empresa J\u00fanior? O entendimento \u00e9 simples, a ideia \u00e9 brilhante e o resultado maravilhoso. A lei N\u00ba13.267, de 6 de abril de 2016 diz em seu art. 2\u00ba que considera-se empresa j\u00fanior a entidade organizada sob a forma de associa\u00e7\u00e3o civil, [&hellip;]<\/p>\n","protected":false},"author":727,"featured_media":0,"parent":22,"menu_order":3,"comment_status":"closed","ping_status":"closed","template":"","meta":{"footnotes":""},"class_list":["post-45","page","type-page","status-publish","hentry","post"],"_links":{"self":[{"href":"https:\/\/wp.ufpel.edu.br\/materialiengenharia\/wp-json\/wp\/v2\/pages\/45","targetHints":{"allow":["GET"]}}],"collection":[{"href":"https:\/\/wp.ufpel.edu.br\/materialiengenharia\/wp-json\/wp\/v2\/pages"}],"about":[{"href":"https:\/\/wp.ufpel.edu.br\/materialiengenharia\/wp-json\/wp\/v2\/types\/page"}],"author":[{"embeddable":true,"href":"https:\/\/wp.ufpel.edu.br\/materialiengenharia\/wp-json\/wp\/v2\/users\/727"}],"replies":[{"embeddable":true,"href":"https:\/\/wp.ufpel.edu.br\/materialiengenharia\/wp-json\/wp\/v2\/comments?post=45"}],"version-history":[{"count":3,"href":"https:\/\/wp.ufpel.edu.br\/materialiengenharia\/wp-json\/wp\/v2\/pages\/45\/revisions"}],"predecessor-version":[{"id":159,"href":"https:\/\/wp.ufpel.edu.br\/materialiengenharia\/wp-json\/wp\/v2\/pages\/45\/revisions\/159"}],"up":[{"embeddable":true,"href":"https:\/\/wp.ufpel.edu.br\/materialiengenharia\/wp-json\/wp\/v2\/pages\/22"}],"wp:attachment":[{"href":"https:\/\/wp.ufpel.edu.br\/materialiengenharia\/wp-json\/wp\/v2\/media?parent=45"}],"curies":[{"name":"wp","href":"https:\/\/api.w.org\/{rel}","templated":true}]}}