{"id":25,"date":"2017-05-05T11:10:13","date_gmt":"2017-05-05T14:10:13","guid":{"rendered":"https:\/\/wp.ufpel.edu.br\/materialiengenharia\/?page_id=25"},"modified":"2018-04-10T12:44:42","modified_gmt":"2018-04-10T15:44:42","slug":"quem-somos","status":"publish","type":"page","link":"https:\/\/wp.ufpel.edu.br\/materialiengenharia\/introducao\/quem-somos\/","title":{"rendered":"Quem Somos"},"content":{"rendered":"<p style=\"text-align: justify\"><span style=\"font-weight: 400\">Somos a Materiali Engenharia, empresa j\u00fanior da Engenharia de Materiais da Universidade Federal de Pelotas. prestamos consultoria na \u00e1rea de materiais com qualidade e dedica\u00e7\u00e3o. Nos diferenciamos do restante do mercado por sermos uma associa\u00e7\u00e3o civil sem fins lucrativos e com prop\u00f3sitos educacionais, constitu\u00edda e gerida exclusivamente por alunos de gradua\u00e7\u00e3o. Portato, nosso objeitvo objetivo principal \u00e9 promover uma melhor experi\u00eancia de mercado aos alunos graduandos vinculados a ela.<br \/>\n<\/span><\/p>\n<p style=\"text-align: justify\">Temos o objetivo de gerar<strong>\u00a0<\/strong>os melhores resultados para\u00a0nossos clientes por meio de solu\u00e7\u00f5es de gest\u00e3o e engenharia, o que acontece\u00a0com a aplica\u00e7\u00e3o pr\u00e1tica do conhecimento da Universidade. Acreditamos que, atuando de forma profissional, respons\u00e1vel e com qualidade, cumprimos a nossa miss\u00e3o: <b>Alavancar\u00a0o empreendedorismo brasileiro, desenvolver as habilidades de cada membro envolvido na causa e disponibilizar a comunidade um trabalho de excel\u00eancia em um curto prazo.<\/b><\/p>\n<p style=\"text-align: justify\">Oferecemos um portf\u00f3lio de servi\u00e7os variados e\u00a0projetos personalizados, pautados\u00a0nas necessidades de nossos clientes. Para isso, possu\u00edmos uma estrutura que conta com um corpo de membros\u00a0<strong>altamente capacitados<\/strong>\u00a0com\u00a0acesso aos docentes e toda a rica infraestrutura da Universidade Federal de Pelotas<\/p>\n<p><span style=\"font-weight: 400\">\u00a0<\/span><\/p>\n","protected":false},"excerpt":{"rendered":"<p>Somos a Materiali Engenharia, empresa j\u00fanior da Engenharia de Materiais da Universidade Federal de Pelotas. prestamos consultoria na \u00e1rea de materiais com qualidade e dedica\u00e7\u00e3o. Nos diferenciamos do restante do mercado por sermos uma associa\u00e7\u00e3o civil sem fins lucrativos e com prop\u00f3sitos educacionais, constitu\u00edda e gerida exclusivamente por alunos de gradua\u00e7\u00e3o. Portato, nosso objeitvo objetivo [&hellip;]<\/p>\n","protected":false},"author":727,"featured_media":0,"parent":22,"menu_order":0,"comment_status":"closed","ping_status":"closed","template":"","meta":{"footnotes":""},"class_list":["post-25","page","type-page","status-publish","hentry","post"],"_links":{"self":[{"href":"https:\/\/wp.ufpel.edu.br\/materialiengenharia\/wp-json\/wp\/v2\/pages\/25","targetHints":{"allow":["GET"]}}],"collection":[{"href":"https:\/\/wp.ufpel.edu.br\/materialiengenharia\/wp-json\/wp\/v2\/pages"}],"about":[{"href":"https:\/\/wp.ufpel.edu.br\/materialiengenharia\/wp-json\/wp\/v2\/types\/page"}],"author":[{"embeddable":true,"href":"https:\/\/wp.ufpel.edu.br\/materialiengenharia\/wp-json\/wp\/v2\/users\/727"}],"replies":[{"embeddable":true,"href":"https:\/\/wp.ufpel.edu.br\/materialiengenharia\/wp-json\/wp\/v2\/comments?post=25"}],"version-history":[{"count":4,"href":"https:\/\/wp.ufpel.edu.br\/materialiengenharia\/wp-json\/wp\/v2\/pages\/25\/revisions"}],"predecessor-version":[{"id":157,"href":"https:\/\/wp.ufpel.edu.br\/materialiengenharia\/wp-json\/wp\/v2\/pages\/25\/revisions\/157"}],"up":[{"embeddable":true,"href":"https:\/\/wp.ufpel.edu.br\/materialiengenharia\/wp-json\/wp\/v2\/pages\/22"}],"wp:attachment":[{"href":"https:\/\/wp.ufpel.edu.br\/materialiengenharia\/wp-json\/wp\/v2\/media?parent=25"}],"curies":[{"name":"wp","href":"https:\/\/api.w.org\/{rel}","templated":true}]}}