{"id":772,"date":"2016-06-13T21:30:40","date_gmt":"2016-06-14T00:30:40","guid":{"rendered":"https:\/\/wp.ufpel.edu.br\/matematicanoturno\/?page_id=772"},"modified":"2016-06-13T21:38:59","modified_gmt":"2016-06-14T00:38:59","slug":"transferencia-compulsoria","status":"publish","type":"page","link":"https:\/\/wp.ufpel.edu.br\/matematicanoturno\/quero-ser-aluno\/transferencia-compulsoria\/","title":{"rendered":"Transfer\u00eancia Compulsoria"},"content":{"rendered":"<p>\u00c9 op\u00e7\u00e3o de ingresso para alunos de outras Institui\u00e7\u00f5es de Ensino Superior (IES), que sendo servidores p\u00fablicos federais civis ou militares, ou dependentes desses, forem removidos por Necessidade de Servi\u00e7o\u00a0<span style=\"color: #0000ff\"><a style=\"color: #0000ff\" href=\"http:\/\/www.planalto.gov.br\/ccivil_03\/leis\/L9536.htm\">(Lei 9536\/97)<\/a>.<\/span><\/p>\n<p>(Quando um servidor p\u00fablico estudante muda de sede no interesse da administra\u00e7\u00e3o \u00e9 assegurada, na localidade da nova resid\u00eancia ou na mais pr\u00f3xima, matr\u00edcula em institui\u00e7\u00e3o de ensino cong\u00eanere, em qualquer \u00e9poca, independentemente de vaga. Isto estende-se ao c\u00f4njuge ou companheiro, aos filhos, ou enteados do servidor que vivam na sua companhia, bem como aos menores sob sua guarda, com autoriza\u00e7\u00e3o judicial.)<\/p>\n<p>O pedido n\u00e3o est\u00e1 condicionado \u00e0 exist\u00eancia de vagas e poder\u00e1 ser aberto a qualquer tempo pelo servidor transferido e\/ou seus dependentes, desde que comprovem o v\u00ednculo de depend\u00eancia. O candidato dever\u00e1 procurar a UFPel, atrav\u00e9s da Coordenadoria de Registros Acad\u00eamicos (CRA), em busca das informa\u00e7\u00f5es, e poder\u00e1 pedir a transfer\u00eancia compuls\u00f3ria para o mesmo curso que faz na Institui\u00e7\u00e3o de origem,\u00a0 para cursos considerados correlatos na Tabela de \u00c1reas, definidas pela <span style=\"color: #0000ff\"><a style=\"color: #0000ff\" href=\"https:\/\/wp.ufpel.edu.br\/cra\/files\/2015\/08\/Res-292014.pdf\">Resolu\u00e7\u00e3o 29\/2014<\/a><\/span>\u00a0do COCEPE.<\/p>\n<p>Para a inscri\u00e7\u00e3o nesta modalidade ser\u00e1 cobrada taxa no valor de R$ 50,00.<\/p>\n<p><strong><em>Documenta\u00e7\u00e3o necess\u00e1ria para a solicita\u00e7\u00e3o<\/em><\/strong><\/p>\n<ul>\n<li>Documento que comprove a remo\u00e7\u00e3o<\/li>\n<li>Comprovante de endere\u00e7o anterior e atual<\/li>\n<li>Comprovante de depend\u00eancia (se necess\u00e1rio)<\/li>\n<li>Hist\u00f3rico escolar c\/ carga hor\u00e1ria e cr\u00e9ditos<\/li>\n<li>Programa das disciplinas cursadas (assinado e carimbado)<\/li>\n<li>Reconhecimento do Curso de origem<\/li>\n<li>Dados do concurso vestibular<\/li>\n<li>Situa\u00e7\u00e3o acad\u00eamica atualizada<\/li>\n<li>Comprovante de pagamento<\/li>\n<li>Formul\u00e1rio preenchido e assinado<\/li>\n<\/ul>\n<p>Em caso de deferimento, ser\u00e1 solicitada ainda a documenta\u00e7\u00e3o padr\u00e3o para cadastro de alunos na UFPel.<\/p>\n<p><span style=\"color: #0000ff\"><a style=\"color: #0000ff\" href=\"https:\/\/wp.ufpel.edu.br\/cra\/files\/2015\/08\/Transfer%C3%AAncia-compuls%C3%B3ria.pdf\">Formul\u00e1rio Para Transfer\u00eancia Compuls\u00f3ria<\/a><\/span><\/p>\n<p><em>Fonte: <\/em><span style=\"color: #0000ff\"><a style=\"color: #0000ff\" href=\"https:\/\/wp.ufpel.edu.br\/scs\/files\/2010\/12\/2010_14.pdf\"><em>Regulamento do Ensino de Gradua\u00e7\u00e3o<\/em><\/a><\/span><em> e \u00a0<\/em><span style=\"color: #0000ff\"><a style=\"color: #0000ff\" href=\"http:\/\/www.planalto.gov.br\/ccivil_03\/leis\/L9536.htm\"><em>Lei 9536\/97<\/em><\/a><\/span><\/p>\n","protected":false},"excerpt":{"rendered":"<p>\u00c9 op\u00e7\u00e3o de ingresso para alunos de outras Institui\u00e7\u00f5es de Ensino Superior (IES), que sendo servidores p\u00fablicos federais civis ou militares, ou dependentes desses, forem removidos por Necessidade de Servi\u00e7o\u00a0(Lei 9536\/97). (Quando um servidor p\u00fablico estudante muda de sede no interesse da administra\u00e7\u00e3o \u00e9 assegurada, na localidade da nova resid\u00eancia ou na mais pr\u00f3xima, matr\u00edcula [&hellip;]<\/p>\n","protected":false},"author":466,"featured_media":0,"parent":758,"menu_order":0,"comment_status":"closed","ping_status":"closed","template":"","meta":{"jetpack_post_was_ever_published":false,"footnotes":""},"class_list":["post-772","page","type-page","status-publish","hentry"],"jetpack_sharing_enabled":true,"jetpack_shortlink":"https:\/\/wp.me\/P7sk8J-cs","_links":{"self":[{"href":"https:\/\/wp.ufpel.edu.br\/matematicanoturno\/wp-json\/wp\/v2\/pages\/772","targetHints":{"allow":["GET"]}}],"collection":[{"href":"https:\/\/wp.ufpel.edu.br\/matematicanoturno\/wp-json\/wp\/v2\/pages"}],"about":[{"href":"https:\/\/wp.ufpel.edu.br\/matematicanoturno\/wp-json\/wp\/v2\/types\/page"}],"author":[{"embeddable":true,"href":"https:\/\/wp.ufpel.edu.br\/matematicanoturno\/wp-json\/wp\/v2\/users\/466"}],"replies":[{"embeddable":true,"href":"https:\/\/wp.ufpel.edu.br\/matematicanoturno\/wp-json\/wp\/v2\/comments?post=772"}],"version-history":[{"count":2,"href":"https:\/\/wp.ufpel.edu.br\/matematicanoturno\/wp-json\/wp\/v2\/pages\/772\/revisions"}],"predecessor-version":[{"id":786,"href":"https:\/\/wp.ufpel.edu.br\/matematicanoturno\/wp-json\/wp\/v2\/pages\/772\/revisions\/786"}],"up":[{"embeddable":true,"href":"https:\/\/wp.ufpel.edu.br\/matematicanoturno\/wp-json\/wp\/v2\/pages\/758"}],"wp:attachment":[{"href":"https:\/\/wp.ufpel.edu.br\/matematicanoturno\/wp-json\/wp\/v2\/media?parent=772"}],"curies":[{"name":"wp","href":"https:\/\/api.w.org\/{rel}","templated":true}]}}