{"id":409,"date":"2015-03-09T19:24:08","date_gmt":"2015-03-09T22:24:08","guid":{"rendered":"https:\/\/wp.ufpel.edu.br\/matematicanoturno\/?page_id=409"},"modified":"2015-03-09T19:24:08","modified_gmt":"2015-03-09T22:24:08","slug":"matematica-comercial-e-financeira","status":"publish","type":"page","link":"https:\/\/wp.ufpel.edu.br\/matematicanoturno\/disciplinas-optativas\/matematica-comercial-e-financeira\/","title":{"rendered":"Matem\u00e1tica Comercial e Financeira"},"content":{"rendered":"<h4>Matem\u00e1tica Comercial e Financeira<\/h4>\n<table>\n<tbody>\n<tr>\n<td width=\"89\">Curso<\/td>\n<td width=\"548\">Licenciatura em Matem\u00e1tica<\/td>\n<\/tr>\n<tr>\n<td width=\"89\">Disciplina<\/td>\n<td width=\"548\">MATEM\u00c1TICA COMERCIAL E FINANCEIRA<\/td>\n<\/tr>\n<tr>\n<td width=\"89\">Car\u00e1ter<\/td>\n<td width=\"548\">Optativa<\/td>\n<\/tr>\n<tr>\n<td width=\"89\">Pr\u00e9-requisito<\/td>\n<td width=\"548\">&#8211;<\/td>\n<\/tr>\n<tr>\n<td width=\"89\">C\u00f3digo<\/td>\n<td width=\"548\">0100156<\/td>\n<\/tr>\n<tr>\n<td width=\"89\">Depto.<\/td>\n<td width=\"548\">DME<\/td>\n<\/tr>\n<tr>\n<td width=\"89\">CHT<\/td>\n<td width=\"548\">68 horas<\/td>\n<\/tr>\n<tr>\n<td width=\"89\">Cr\u00e9ditos<\/td>\n<td width=\"548\">04<\/td>\n<\/tr>\n<tr>\n<td width=\"89\">Natureza<\/td>\n<td width=\"548\">34 te\u00f3ricas \/ 34 Pr\u00e1tica<\/td>\n<\/tr>\n<tr>\n<td width=\"89\">Prof. Resp.<\/td>\n<td width=\"548\"><\/td>\n<\/tr>\n<tr>\n<td width=\"89\">Objetivos<\/td>\n<td width=\"548\">O aluno dever\u00e1 ser capaz de compreender, resolver problemas de juros, descontos, e an\u00e1lise de investimentos e ainda relacionar os conceitos da disciplina com a pr\u00e1tica de mercado.<\/td>\n<\/tr>\n<tr>\n<td width=\"89\">Ementa<\/td>\n<td width=\"548\">Juros Simples e Descontos Simples. Juros Compostos e Descontos Compostos. Anuidades. Deprecia\u00e7\u00e3o. Amortiza\u00e7\u00e3o de D\u00edvidas. Corre\u00e7\u00e3o Monet\u00e1ria. An\u00e1lise de Investimentos.<\/td>\n<\/tr>\n<tr>\n<td width=\"89\">Programa<\/td>\n<td width=\"548\">\n<p><strong>Juros Simples<\/strong><\/p>\n<p>&#8211; Juros simples, capital, taxa de juros;<\/p>\n<p>&#8211; C\u00e1lculo dos juros e montante;<\/p>\n<p>&#8211; Taxas proporcionais e equivalentes;<\/p>\n<p>&#8211; M\u00e9todo Hamburgu\u00eas.<\/p>\n<p>&nbsp;<\/p>\n<p><strong>Descontos Simples<\/strong><\/p>\n<p>&#8211; Valor nominal, valor atual, descontos comercial, racional e\u00a0\u00a0\u00a0\u00a0\u00a0\u00a0\u00a0\u00a0 banc\u00e1rio;<\/p>\n<p>&#8211; Diferen\u00e7a entre taxa de juros e desconto;<\/p>\n<p>&#8211; Aplica\u00e7\u00f5es;<\/p>\n<p>&#8211; Equival\u00eancia de capitais;<\/p>\n<p>&#8211; Desconto comercial de v\u00e1rios t\u00edtulos.<\/p>\n<p>&nbsp;<\/p>\n<p><strong>Juros Compostos<\/strong><\/p>\n<p>&#8211; Juros Compostos;<\/p>\n<p>&#8211; Diferen\u00e7a entre os regimes de capitaliza\u00e7\u00e3o simples e composta;<\/p>\n<p>&#8211; Taxas proporcionais e equivalentes;<\/p>\n<p>&#8211; Taxas efetivas e nominais;<\/p>\n<p>&#8211; Conven\u00e7\u00f5es lineares e exponenciais;<\/p>\n<p>&#8211; Regime de capitaliza\u00e7\u00e3o cont\u00ednua.<\/p>\n<p>&nbsp;<\/p>\n<p><strong>Descontos compostos<\/strong><\/p>\n<p>&#8211; Descontos compostos racionais e comerciais;<\/p>\n<p>&#8211; Diferen\u00e7a entre taxa de juros e de desconto;<\/p>\n<p>&#8211; Equival\u00eancia de capitais.<\/p>\n<p>&nbsp;<\/p>\n<p><strong>Anuidades<\/strong><\/p>\n<p>&#8211; Conceito, classifica\u00e7\u00e3o;<\/p>\n<p>&#8211; Modelo b\u00e1sico de anuidade;<\/p>\n<p>&#8211; Modelos gen\u00e9ricos de anuidades.<\/p>\n<p>&nbsp;<\/p>\n<p><strong>Deprecia\u00e7\u00e3o<\/strong><\/p>\n<p>&#8211; Conceito;<\/p>\n<p>&#8211; M\u00e9todos de deprecia\u00e7\u00e3o.<\/p>\n<p>&nbsp;<\/p>\n<p><strong>Amortiza\u00e7\u00e3o de d\u00edvidas<\/strong><\/p>\n<p>&#8211; Defini\u00e7\u00f5es;<\/p>\n<p>&#8211; Classifica\u00e7\u00e3o das modalidades de amortiza\u00e7\u00e3o;<\/p>\n<p>= Sistema de amortiza\u00e7\u00e3o constante;<\/p>\n<p>= Sistema Franc\u00eas;<\/p>\n<p>= Sistema americano;<\/p>\n<p>= Sistema misto;<\/p>\n<p>&#8211; Compara\u00e7\u00e3o entre m\u00e9todos.<\/p>\n<p>&nbsp;<\/p>\n<p><strong>Corre\u00e7\u00e3o Monet\u00e1ria<\/strong><\/p>\n<p>&#8211; Infla\u00e7\u00e3o de defla\u00e7\u00e3o;<\/p>\n<p>&#8211; \u00cdndices de pre\u00e7os;<\/p>\n<p>&#8211; Corre\u00e7\u00e3o monet\u00e1ria;<\/p>\n<p>&#8211; Taxa de juros aparente e real.<\/p>\n<p>&nbsp;<\/p>\n<p><strong>An\u00e1lise de Investimentos<\/strong><\/p>\n<p>&#8211; An\u00e1lise de investimentos, vida \u00fatil taxa m\u00ednima de atividade;<\/p>\n<p>&#8211; M\u00e9todos de an\u00e1lise de investimentos;<\/p>\n<p>&#8211; Compara\u00e7\u00e3o e sele\u00e7\u00e3o entre alternativas de investimentos.<\/p>\n<p>&nbsp;<\/td>\n<\/tr>\n<tr>\n<td width=\"89\">Bibliografia<\/td>\n<td width=\"548\">\n<p>B\u00e1sica<\/p>\n<p>MATHIAS, Washington Franco, GOMES, Jos\u00e9 Maria. Matem\u00e1tica financeira. 2.ed. S\u00e3o Paulo: Atlas, 1982.<\/p>\n<p>&nbsp;<\/p>\n<p>Complementar<\/p>\n<p>VIEIRA SOBRINHO, Jos\u00e9 Dutra. Matem\u00e1tica financeira. S\u00e3o Paulo: Atlas, 1987.<\/p>\n<p>&nbsp;<\/td>\n<\/tr>\n<\/tbody>\n<\/table>\n<p><\/p>\n","protected":false},"excerpt":{"rendered":"<p>Matem\u00e1tica Comercial e Financeira Curso Licenciatura em Matem\u00e1tica Disciplina MATEM\u00c1TICA COMERCIAL E FINANCEIRA Car\u00e1ter Optativa Pr\u00e9-requisito &#8211; C\u00f3digo 0100156 Depto. DME CHT 68 horas Cr\u00e9ditos 04 Natureza 34 te\u00f3ricas \/ 34 Pr\u00e1tica Prof. Resp. Objetivos O aluno dever\u00e1 ser capaz de compreender, resolver problemas de juros, descontos, e an\u00e1lise de investimentos e ainda relacionar os [&hellip;]<\/p>\n","protected":false},"author":466,"featured_media":0,"parent":363,"menu_order":0,"comment_status":"closed","ping_status":"closed","template":"page-sem-sidebar.php","meta":{"jetpack_post_was_ever_published":false,"footnotes":""},"class_list":["post-409","page","type-page","status-publish","hentry"],"jetpack_sharing_enabled":true,"jetpack_shortlink":"https:\/\/wp.me\/P7sk8J-6B","_links":{"self":[{"href":"https:\/\/wp.ufpel.edu.br\/matematicanoturno\/wp-json\/wp\/v2\/pages\/409","targetHints":{"allow":["GET"]}}],"collection":[{"href":"https:\/\/wp.ufpel.edu.br\/matematicanoturno\/wp-json\/wp\/v2\/pages"}],"about":[{"href":"https:\/\/wp.ufpel.edu.br\/matematicanoturno\/wp-json\/wp\/v2\/types\/page"}],"author":[{"embeddable":true,"href":"https:\/\/wp.ufpel.edu.br\/matematicanoturno\/wp-json\/wp\/v2\/users\/466"}],"replies":[{"embeddable":true,"href":"https:\/\/wp.ufpel.edu.br\/matematicanoturno\/wp-json\/wp\/v2\/comments?post=409"}],"version-history":[{"count":1,"href":"https:\/\/wp.ufpel.edu.br\/matematicanoturno\/wp-json\/wp\/v2\/pages\/409\/revisions"}],"predecessor-version":[{"id":410,"href":"https:\/\/wp.ufpel.edu.br\/matematicanoturno\/wp-json\/wp\/v2\/pages\/409\/revisions\/410"}],"up":[{"embeddable":true,"href":"https:\/\/wp.ufpel.edu.br\/matematicanoturno\/wp-json\/wp\/v2\/pages\/363"}],"wp:attachment":[{"href":"https:\/\/wp.ufpel.edu.br\/matematicanoturno\/wp-json\/wp\/v2\/media?parent=409"}],"curies":[{"name":"wp","href":"https:\/\/api.w.org\/{rel}","templated":true}]}}