{"id":2854,"date":"2023-05-10T21:40:06","date_gmt":"2023-05-11T00:40:06","guid":{"rendered":"https:\/\/wp.ufpel.edu.br\/matematicanoturno\/?page_id=2854"},"modified":"2025-12-19T07:06:39","modified_gmt":"2025-12-19T10:06:39","slug":"comissao-de-organizacao-eleitoral-coe","status":"publish","type":"page","link":"https:\/\/wp.ufpel.edu.br\/matematicanoturno\/comissao-de-organizacao-eleitoral-coe\/","title":{"rendered":"Comiss\u00e3o de Organiza\u00e7\u00e3o Eleitoral (COE)"},"content":{"rendered":"<style>.kadence-column2854_59ad29-4f > .kt-inside-inner-col,.kadence-column2854_59ad29-4f > .kt-inside-inner-col:before{border-top-left-radius:0px;border-top-right-radius:0px;border-bottom-right-radius:0px;border-bottom-left-radius:0px;}.kadence-column2854_59ad29-4f > .kt-inside-inner-col{column-gap:var(--global-kb-gap-sm, 1rem);}.kadence-column2854_59ad29-4f > .kt-inside-inner-col{flex-direction:column;}.kadence-column2854_59ad29-4f > .kt-inside-inner-col > .aligncenter{width:100%;}.kadence-column2854_59ad29-4f > .kt-inside-inner-col:before{opacity:0.3;}.kadence-column2854_59ad29-4f{position:relative;}@media all and (max-width: 1024px){.kadence-column2854_59ad29-4f > .kt-inside-inner-col{flex-direction:column;justify-content:center;}}@media all and (max-width: 767px){.kadence-column2854_59ad29-4f > .kt-inside-inner-col{flex-direction:column;justify-content:center;}}<\/style>\n<div class=\"wp-block-kadence-column kadence-column2854_59ad29-4f\"><div class=\"kt-inside-inner-col\"><style>.kt-accordion-id2854_2ce9e1-3f .kt-accordion-inner-wrap{column-gap:var(--global-kb-gap-md, 2rem);row-gap:8px;}.kt-accordion-id2854_2ce9e1-3f .kt-accordion-panel-inner{padding-top:var(--global-kb-spacing-sm, 1.5rem);padding-right:var(--global-kb-spacing-sm, 1.5rem);padding-bottom:var(--global-kb-spacing-sm, 1.5rem);padding-left:var(--global-kb-spacing-sm, 1.5rem);}.kt-accordion-id2854_2ce9e1-3f > .kt-accordion-inner-wrap > .wp-block-kadence-pane > .kt-accordion-header-wrap > .kt-blocks-accordion-header{padding-top:var(--global-kb-spacing-xxs, 0.5rem);padding-right:var(--global-kb-spacing-xs, 1rem);padding-bottom:var(--global-kb-spacing-xxs, 0.5rem);padding-left:var(--global-kb-spacing-xs, 1rem);}@media all and (max-width: 767px){.kt-accordion-id2854_2ce9e1-3f .kt-accordion-inner-wrap{display:block;}.kt-accordion-id2854_2ce9e1-3f .kt-accordion-inner-wrap .kt-accordion-pane:not(:first-child){margin-top:8px;}}<\/style>\n<div class=\"wp-block-kadence-accordion alignnone\"><div class=\"kt-accordion-wrap kt-accordion-id2854_2ce9e1-3f kt-accordion-has-9-panes kt-active-pane-8 kt-accordion-block kt-pane-header-alignment-left kt-accodion-icon-style-basic kt-accodion-icon-side-right\" style=\"max-width:none\"><div class=\"kt-accordion-inner-wrap\" data-allow-multiple-open=\"false\" data-start-open=\"8\">\n<div class=\"wp-block-kadence-pane kt-accordion-pane kt-accordion-pane-2 kt-pane2854_d0370c-87\"><div class=\"kt-accordion-header-wrap\"><button class=\"kt-blocks-accordion-header kt-acccordion-button-label-show\" type=\"button\"><span class=\"kt-blocks-accordion-title-wrap\"><span class=\"kt-blocks-accordion-title\">EDITAL DE VOTA\u00c7\u00c3O ELETR\u00d4NICA 2023<\/span><\/span><span class=\"kt-blocks-accordion-icon-trigger\"><\/span><\/button><\/div><div class=\"kt-accordion-panel kt-accordion-panel-hidden\"><div class=\"kt-accordion-panel-inner\">\n<div class=\"wp-block-columns is-layout-flex wp-container-core-columns-is-layout-9d6595d7 wp-block-columns-is-layout-flex\">\n<div class=\"wp-block-column is-layout-flow wp-block-column-is-layout-flow\">\n<p>A Comiss\u00e3o Eleitoral, tornam p\u00fablico o Edital de Vota\u00e7\u00e3o Eletr\u00f4nica para a composi\u00e7\u00e3o do Diret\u00f3rio Acad\u00eamico do curso de Licenciatura em Matem\u00e1tica Noturno (CAMAT noturno), do Instituto de F\u00edsica e Matem\u00e1tica, da UFPel.<\/p>\n\n\n\n<p>As inscri\u00e7\u00f5es para concorrer aos cargos de Presid\u00eancia, Vice-presid\u00eancia, Tesouraria, Secretaria e Suplentes, dever\u00e3o ser realizadas no per\u00edodo de 06 a 10\/05\/2023 (at\u00e9 12h) via formul\u00e1rio eletr\u00f4nico <a href=\"https:\/\/forms.gle\/xjW1RsDEzpyNVSbU7\" target=\"_blank\" rel=\"noreferrer noopener\">https:\/\/forms.gle\/xjW1RsDEzpyNVSbU7<\/a>.<\/p>\n\n\n\n<p>Todas as informa\u00e7\u00f5es est\u00e3o descritas no Edital, acesse-o <a href=\"https:\/\/wp.ufpel.edu.br\/matematicanoturno\/files\/2023\/05\/Regimento-Eleitoral.pdf\" target=\"_blank\" rel=\"noreferrer noopener\">aqui<\/a>.<\/p>\n\n\n\n<p>D\u00favidas entrem em contato pelo e-mail coe.camatnoturno@ufpel.edu.br<\/p>\n<\/div>\n<\/div>\n<\/div><\/div><\/div>\n\n\n\n<div class=\"wp-block-kadence-pane kt-accordion-pane kt-accordion-pane-1 kt-pane2854_489eeb-18\"><div class=\"kt-accordion-header-wrap\"><button class=\"kt-blocks-accordion-header kt-acccordion-button-label-show\" type=\"button\"><span class=\"kt-blocks-accordion-title-wrap\"><span class=\"kt-blocks-accordion-title\">INSCRI\u00c7\u00d5ES HOMOLOGADAS 2023<\/span><\/span><span class=\"kt-blocks-accordion-icon-trigger\"><\/span><\/button><\/div><div class=\"kt-accordion-panel kt-accordion-panel-hidden\"><div class=\"kt-accordion-panel-inner\">\n<div class=\"wp-block-columns is-layout-flex wp-container-core-columns-is-layout-9d6595d7 wp-block-columns-is-layout-flex\">\n<div class=\"wp-block-column is-layout-flow wp-block-column-is-layout-flow\">\n<p>A comiss\u00e3o eleitoral, no uso das atribui\u00e7\u00f5es que lhe conferem, torna p\u00fablico a homologa\u00e7\u00e3o da inscri\u00e7\u00e3o da <strong>Chapa 1<\/strong> composta por:<\/p>\n\n\n\n<p><strong>Presidente:<\/strong> Matheus Nogueira Lopes<\/p>\n\n\n\n<p><strong>Vice-presidente:<\/strong> Giulia Cardoso Mattos Soares<\/p>\n\n\n\n<p><strong>Secret\u00e1rio:<\/strong> S\u00e9rgio Luiz Pierobom<\/p>\n\n\n\n<p><strong>Tesoureiro:<\/strong> Leonardo Corr\u00eaa Sabbado<\/p>\n\n\n\n<p><strong>Suplente:<\/strong> Nelitiane Soares dos Santos<\/p>\n\n\n\n<p>Os candidatos poder\u00e3o interpor recurso at\u00e9 o dia 11\/05\/2023, pelo e-mail coe.camatnoturno@ufpel.edu.br.<\/p>\n<\/div>\n<\/div>\n<\/div><\/div><\/div>\n\n\n\n<div class=\"wp-block-kadence-pane kt-accordion-pane kt-accordion-pane-3 kt-pane2854_7626d6-91\"><div class=\"kt-accordion-header-wrap\"><button class=\"kt-blocks-accordion-header kt-acccordion-button-label-show\" type=\"button\"><span class=\"kt-blocks-accordion-title-wrap\"><span class=\"kt-blocks-accordion-title\">RETIFICA\u00c7\u00c3O DO EDITAL<\/span><\/span><span class=\"kt-blocks-accordion-icon-trigger\"><\/span><\/button><\/div><div class=\"kt-accordion-panel kt-accordion-panel-hidden\"><div class=\"kt-accordion-panel-inner\">\n<div class=\"wp-block-columns is-layout-flex wp-container-core-columns-is-layout-9d6595d7 wp-block-columns-is-layout-flex\">\n<div class=\"wp-block-column is-layout-flow wp-block-column-is-layout-flow\">\n<p>A comiss\u00e3o eleitoral, no uso das atribui\u00e7\u00f5es que lhe conferem, torna p\u00fablico a necessidade de retifica\u00e7\u00e3o dos prazos constantes no Edital de Vota\u00e7\u00e3o Eletr\u00f4nica.<\/p>\n\n\n\n<p>Acesse a ATA 3 &#8211; RETIFICA\u00c7\u00c3O DE EDITAL <a href=\"https:\/\/wp.ufpel.edu.br\/matematicanoturno\/files\/2023\/06\/ATA-2_retificacao-do-edital.pdf\" target=\"_blank\" rel=\"noreferrer noopener\"><mark style=\"background-color:rgba(0, 0, 0, 0);color:#120df3\" class=\"has-inline-color\">aqui<\/mark><\/a>.<\/p>\n\n\n\n<p>Em caso de d\u00favidas contate a comiss\u00e3o eleitoral pelo e-mail coe.camatnoturno@ufpel.edu.br.<\/p>\n<\/div>\n<\/div>\n<\/div><\/div><\/div>\n\n\n\n<div class=\"wp-block-kadence-pane kt-accordion-pane kt-accordion-pane-4 kt-pane2854_f66fd0-b3\"><div class=\"kt-accordion-header-wrap\"><button class=\"kt-blocks-accordion-header kt-acccordion-button-label-show\" type=\"button\"><span class=\"kt-blocks-accordion-title-wrap\"><span class=\"kt-blocks-accordion-title\">RETIFICA\u00c7\u00c3O DO EDITAL: NOVO PER\u00cdODO DE VOTA\u00c7\u00c3O<\/span><\/span><span class=\"kt-blocks-accordion-icon-trigger\"><\/span><\/button><\/div><div class=\"kt-accordion-panel kt-accordion-panel-hidden\"><div class=\"kt-accordion-panel-inner\">\n<div class=\"wp-block-columns is-layout-flex wp-container-core-columns-is-layout-9d6595d7 wp-block-columns-is-layout-flex\">\n<div class=\"wp-block-column is-layout-flow wp-block-column-is-layout-flow\">\n<p>A comiss\u00e3o eleitoral, no uso das atribui\u00e7\u00f5es que lhe conferem, torna p\u00fablico a nova data de vota\u00e7\u00e3o constantes no Edital de Vota\u00e7\u00e3o Eletr\u00f4nica.<\/p>\n\n\n\n<p>O novo per\u00edodo de vota\u00e7\u00e3o ser\u00e1 de 27 de junho (in\u00edcio \u00e0s 8h) a 29 de junho (finaliza\u00e7\u00e3o \u00e0s 17h). A apura\u00e7\u00e3o iniciar\u00e1 na noite do dia 29\/06, ap\u00f3s o encerramento das vota\u00e7\u00f5es. Os acad\u00eamicos receber\u00e3o via e-mail, no dia 26\/06, as c\u00e9dulas de vota\u00e7\u00e3o online.<\/p>\n\n\n\n<p>Acesse a ATA 4 &#8211; RETIFICA\u00c7\u00c3O DE EDITAL <a href=\"https:\/\/wp.ufpel.edu.br\/matematicanoturno\/files\/2023\/06\/ATA-4-_votacao.pdf\" target=\"_blank\" rel=\"noreferrer noopener\"><mark style=\"background-color:rgba(0, 0, 0, 0);color:#3708fb\" class=\"has-inline-color\">aqui<\/mark><\/a>.<\/p>\n\n\n\n<p>Em caso de d\u00favidas contate a comiss\u00e3o eleitoral pelo e-mail coe.camatnoturno@ufpel.edu.br.<\/p>\n<\/div>\n<\/div>\n<\/div><\/div><\/div>\n\n\n\n<div class=\"wp-block-kadence-pane kt-accordion-pane kt-accordion-pane-5 kt-pane2854_bdc6a8-ea\"><div class=\"kt-accordion-header-wrap\"><button class=\"kt-blocks-accordion-header kt-acccordion-button-label-show\" type=\"button\"><span class=\"kt-blocks-accordion-title-wrap\"><span class=\"kt-blocks-accordion-title\">RETIFICA\u00c7\u00c3O DO EDITAL: VOTO IMPRESSO <\/span><\/span><span class=\"kt-blocks-accordion-icon-trigger\"><\/span><\/button><\/div><div class=\"kt-accordion-panel kt-accordion-panel-hidden\"><div class=\"kt-accordion-panel-inner\">\n<div class=\"wp-block-columns is-layout-flex wp-container-core-columns-is-layout-9d6595d7 wp-block-columns-is-layout-flex\">\n<div class=\"wp-block-column is-layout-flow wp-block-column-is-layout-flow\">\n<p>A comiss\u00e3o eleitoral, no uso das atribui\u00e7\u00f5es que lhe conferem, torna p\u00fablico a retifica\u00e7\u00e3o do Edital para novas datas de vota\u00e7\u00e3o para inclus\u00e3o da vota\u00e7\u00e3o por voto impresso.<\/p>\n\n\n\n<p>O novo per\u00edodo de vota\u00e7\u00e3o para os n\u00e3o votantes via Sistema Helios Voting ser\u00e1 de 03 a 04 de julho, das 18h00 \u00e0s 20h50. Para votar ser\u00e1 necess\u00e1rio a apresenta\u00e7\u00e3o de documento com foto, A urna para dep\u00f3sito de voto impresso estar\u00e1 na secretaria do Curso, sala 306. A data e hor\u00e1rio de apura\u00e7\u00e3o dos votos ser\u00e1 divulgada posteriormente, mas a COE ter\u00e1 at\u00e9 o dia 06 de julho para divulga\u00e7\u00e3o do resultado da vota\u00e7\u00e3o.<\/p>\n\n\n\n<p>Acesse a ATA 5 &#8211; RETIFICA\u00c7\u00c3O DE EDITAL <a href=\"https:\/\/wp.ufpel.edu.br\/matematicanoturno\/files\/2023\/07\/ATA-5_COE.pdf\" target=\"_blank\" rel=\"noreferrer noopener\"><mark style=\"background-color:rgba(0, 0, 0, 0);color:#3909fd\" class=\"has-inline-color\">aqui<\/mark><\/a>.<\/p>\n\n\n\n<p>Em caso de d\u00favidas contate a comiss\u00e3o eleitoral pelo e-mail coe.camatnoturno@ufpel.edu.br.<\/p>\n<\/div>\n<\/div>\n<\/div><\/div><\/div>\n\n\n\n<div class=\"wp-block-kadence-pane kt-accordion-pane kt-accordion-pane-6 kt-pane2854_8cff59-43\"><div class=\"kt-accordion-header-wrap\"><button class=\"kt-blocks-accordion-header kt-acccordion-button-label-show\" type=\"button\"><span class=\"kt-blocks-accordion-title-wrap\"><span class=\"kt-blocks-accordion-title\">APURA\u00c7\u00c3O DA VOTA\u00c7\u00c3O <\/span><\/span><span class=\"kt-blocks-accordion-icon-trigger\"><\/span><\/button><\/div><div class=\"kt-accordion-panel kt-accordion-panel-hidden\"><div class=\"kt-accordion-panel-inner\">\n<div class=\"wp-block-columns is-layout-flex wp-container-core-columns-is-layout-9d6595d7 wp-block-columns-is-layout-flex\">\n<div class=\"wp-block-column is-layout-flow wp-block-column-is-layout-flow\">\n<p>A comiss\u00e3o eleitoral, no uso das atribui\u00e7\u00f5es que lhe conferem, torna p\u00fablico o resultado da apura\u00e7\u00e3o da vota\u00e7\u00e3o para o CAMAT Noturno. <\/p>\n\n\n\n<p>Com 77 votantes (59 via sistema Helios Voting e  18 via voto impresso) que escolheram por unanimidade a Chapa 1, como totalizam mais de 20% dos estudantes aptos, a COE declara que a Chapa 1 foi eleita.<\/p>\n\n\n\n<p>O prazo para recurso contra a elei\u00e7\u00e3o ser\u00e1 at\u00e9 o dia 10 de julho de 2023 \u00e0s 19:00 hrs e pode ser feito atrav\u00e9s do e-mail coe.camatnoturno@ufpel.edu.br.<\/p>\n\n\n\n<p>Caso n\u00e3o ocorra recurso, a Chapa vencedora ser\u00e1 empossada no dia 12 de julho de 2023, com hor\u00e1rio e local ainda a ser estabelecido e divulgado pela COE no grupo do WhatsApp Colegiado e atrav\u00e9s de e-mail.<\/p>\n\n\n\n<p>Acesse o documento relativo ao resultado final de consulta via sistema  Helios Voting  <a rel=\"noreferrer noopener\" href=\"https:\/\/wp.ufpel.edu.br\/matematicanoturno\/files\/2023\/07\/Resultado-final-CAMAT.pdf\" target=\"_blank\"><mark style=\"background-color:rgba(0, 0, 0, 0);color:#3a09ff\" class=\"has-inline-color\">aqui<\/mark><\/a>.<\/p>\n\n\n\n<p>Acesse o documento da COE relativo ao resultado final <a rel=\"noreferrer noopener\" href=\"https:\/\/wp.ufpel.edu.br\/matematicanoturno\/files\/2023\/07\/DIVULGACAO-DOS-RESULTADOS-DA-ELEICAO-PARA-O-1o-CAMAT-NOTURNO-1-1.pdf\" target=\"_blank\"><mark style=\"background-color:rgba(0, 0, 0, 0);color:#4011fd\" class=\"has-inline-color\">aqui<\/mark><\/a>.<\/p>\n\n\n\n<p>Em caso de d\u00favidas contate a comiss\u00e3o eleitoral pelo e-mail coe.camatnoturno@ufpel.edu.br.<\/p>\n<\/div>\n<\/div>\n<\/div><\/div><\/div>\n\n\n\n<div class=\"wp-block-kadence-pane kt-accordion-pane kt-accordion-pane-7 kt-pane2854_8d23c7-36\"><div class=\"kt-accordion-header-wrap\"><button class=\"kt-blocks-accordion-header kt-acccordion-button-label-show\" type=\"button\"><span class=\"kt-blocks-accordion-title-wrap\"><span class=\"kt-blocks-accordion-title\">POSSE DA CHAPA 1 <\/span><\/span><span class=\"kt-blocks-accordion-icon-trigger\"><\/span><\/button><\/div><div class=\"kt-accordion-panel kt-accordion-panel-hidden\"><div class=\"kt-accordion-panel-inner\">\n<div class=\"wp-block-columns is-layout-flex wp-container-core-columns-is-layout-9d6595d7 wp-block-columns-is-layout-flex\">\n<div class=\"wp-block-column is-layout-flow wp-block-column-is-layout-flow\">\n<p>A comiss\u00e3o eleitoral, no uso das atribui\u00e7\u00f5es que lhe conferem, torna p\u00fablico que no dia 27\/07\/2023 ocorreu a posse da Chapa 1, constitu\u00edda da seguinte forma\u00e7\u00e3o:<\/p>\n\n\n\n<p><\/p>\n\n\n\n<p>Presidente &#8211; Matheus Nogueira Lopes<br>Vice-presidente &#8211; Giulia Cardoso Mattos Soares<br>Secret\u00e1rio &#8211; S\u00e9rgio Luiz Pierobom<br>Tesoureiro &#8211; Leonardo Corr\u00eaa Sabbado<br>Suplente &#8211; Nelitiane Soares dos Santos<\/p>\n\n\n\n<p>Acesse a ata referente a posse <mark style=\"background-color:rgba(0, 0, 0, 0);color:#4011fd\" class=\"has-inline-color\"><a href=\"https:\/\/wp.ufpel.edu.br\/matematicanoturno\/files\/2023\/07\/ata_posse.pdf\" target=\"_blank\" rel=\"noreferrer noopener\">aqui<\/a><\/mark>.<\/p>\n<\/div>\n<\/div>\n<\/div><\/div><\/div>\n\n\n\n<div class=\"wp-block-kadence-pane kt-accordion-pane kt-accordion-pane-8 kt-pane2854_ece1ba-80\"><div class=\"kt-accordion-header-wrap\"><button class=\"kt-blocks-accordion-header kt-acccordion-button-label-show\" type=\"button\"><span class=\"kt-blocks-accordion-title-wrap\"><span class=\"kt-blocks-accordion-title\">EDITAL DE VOTA\u00c7\u00c3O 2025<\/span><\/span><span class=\"kt-blocks-accordion-icon-trigger\"><\/span><\/button><\/div><div class=\"kt-accordion-panel kt-accordion-panel-hidden\"><div class=\"kt-accordion-panel-inner\">\n<div class=\"wp-block-columns is-layout-flex wp-container-core-columns-is-layout-9d6595d7 wp-block-columns-is-layout-flex\">\n<div class=\"wp-block-column is-layout-flow wp-block-column-is-layout-flow\">\n<p>A Comiss\u00e3o Eleitoral, torna p\u00fablico o Edital do processo eleitoral para a composi\u00e7\u00e3o do Diret\u00f3rio Acad\u00eamico do curso de Licenciatura em Matem\u00e1tica Noturno (CAMAT noturno), do Instituto de F\u00edsica e Matem\u00e1tica, da UFPel.<\/p>\n\n\n\n<p>As inscri\u00e7\u00f5es das chapas para concorrer aos cargos de Presid\u00eancia, Vice-presid\u00eancia, Tesouraria, Secretaria e Suplentes, dever\u00e3o ser realizadas no per\u00edodo de 09 a 18\/12\/2025 via formul\u00e1rio eletr\u00f4nico <a href=\"https:\/\/forms.gle\/31u4GeXpZw2JZ4uQ6\" target=\"_blank\" rel=\"noreferrer noopener\">https:\/\/forms.gle\/31u4GeXpZw2JZ4uQ6<\/a><\/p>\n\n\n\n<p>Todas as informa\u00e7\u00f5es est\u00e3o descritas no Edital, acesse-o <a href=\"https:\/\/wp.ufpel.edu.br\/matematicanoturno\/files\/2025\/12\/Edital-de-Eleicao-2025.pdf\" target=\"_blank\" rel=\"noreferrer noopener\">aqui<\/a>.<\/p>\n\n\n\n<p>D\u00favidas entrem em contato com os membros da Comiss\u00e3o Eleitoral ou via e-mail camatnoturno@gmail.com<\/p>\n<\/div>\n<\/div>\n<\/div><\/div><\/div>\n\n\n\n<div class=\"wp-block-kadence-pane kt-accordion-pane kt-accordion-pane-9 kt-pane2854_10a164-d5\"><div class=\"kt-accordion-header-wrap\"><button class=\"kt-blocks-accordion-header kt-acccordion-button-label-show\" type=\"button\"><span class=\"kt-blocks-accordion-title-wrap\"><span class=\"kt-blocks-accordion-title\">INSCRI\u00c7\u00d5ES HOMOLOGADAS 2025<\/span><\/span><span class=\"kt-blocks-accordion-icon-trigger\"><\/span><\/button><\/div><div class=\"kt-accordion-panel kt-accordion-panel-hidden\"><div class=\"kt-accordion-panel-inner\">\n<div class=\"wp-block-columns is-layout-flex wp-container-core-columns-is-layout-9d6595d7 wp-block-columns-is-layout-flex\">\n<div class=\"wp-block-column is-layout-flow wp-block-column-is-layout-flow\">\n<p>A comiss\u00e3o eleitoral, no uso das atribui\u00e7\u00f5es que lhe conferem, torna p\u00fablico a homologa\u00e7\u00e3o da inscri\u00e7\u00e3o da <strong>Chapa 1<\/strong> composta por:<\/p>\n\n\n\n<p><strong>Presidente<\/strong>: Everton Dornelles Char\u00e3o Filho<\/p>\n\n\n\n<p><strong>Vice-presidente<\/strong>: J\u00falia Elvira Madiero<\/p>\n\n\n\n<p><strong>Secret\u00e1ria<\/strong>: Nathaly Alves Pican\u00e7o<\/p>\n\n\n\n<p><strong>Tesoureiro<\/strong>: Henrique da Silva Trindade<\/p>\n\n\n\n<p><strong>Suplente<\/strong>: Pablo Teixeira Montiel Rosa<\/p>\n\n\n\n<p>Os candidatos poder\u00e3o interpor recurso at\u00e9 o dia 21\/12\/2025, pelo e-mail camatnoturno@gmail.com<\/p>\n<\/div>\n<\/div>\n<\/div><\/div><\/div>\n<\/div><\/div><\/div>\n<\/div><\/div>\n","protected":false},"excerpt":{"rendered":"","protected":false},"author":466,"featured_media":0,"parent":0,"menu_order":0,"comment_status":"closed","ping_status":"closed","template":"","meta":{"jetpack_post_was_ever_published":false,"footnotes":""},"class_list":["post-2854","page","type-page","status-publish","hentry"],"jetpack_sharing_enabled":true,"jetpack_shortlink":"https:\/\/wp.me\/P7sk8J-K2","_links":{"self":[{"href":"https:\/\/wp.ufpel.edu.br\/matematicanoturno\/wp-json\/wp\/v2\/pages\/2854","targetHints":{"allow":["GET"]}}],"collection":[{"href":"https:\/\/wp.ufpel.edu.br\/matematicanoturno\/wp-json\/wp\/v2\/pages"}],"about":[{"href":"https:\/\/wp.ufpel.edu.br\/matematicanoturno\/wp-json\/wp\/v2\/types\/page"}],"author":[{"embeddable":true,"href":"https:\/\/wp.ufpel.edu.br\/matematicanoturno\/wp-json\/wp\/v2\/users\/466"}],"replies":[{"embeddable":true,"href":"https:\/\/wp.ufpel.edu.br\/matematicanoturno\/wp-json\/wp\/v2\/comments?post=2854"}],"version-history":[{"count":3,"href":"https:\/\/wp.ufpel.edu.br\/matematicanoturno\/wp-json\/wp\/v2\/pages\/2854\/revisions"}],"predecessor-version":[{"id":3314,"href":"https:\/\/wp.ufpel.edu.br\/matematicanoturno\/wp-json\/wp\/v2\/pages\/2854\/revisions\/3314"}],"wp:attachment":[{"href":"https:\/\/wp.ufpel.edu.br\/matematicanoturno\/wp-json\/wp\/v2\/media?parent=2854"}],"curies":[{"name":"wp","href":"https:\/\/api.w.org\/{rel}","templated":true}]}}