{"id":247,"date":"2014-12-02T16:44:17","date_gmt":"2014-12-02T18:44:17","guid":{"rendered":"https:\/\/wp.ufpel.edu.br\/matematicanoturno\/?page_id=247"},"modified":"2014-12-02T16:44:17","modified_gmt":"2014-12-02T18:44:17","slug":"fisica-basica-ii","status":"publish","type":"page","link":"https:\/\/wp.ufpel.edu.br\/matematicanoturno\/grade-curricular-2\/fisica-basica-ii\/","title":{"rendered":"F\u00edsica B\u00e1sica II"},"content":{"rendered":"<h4>FISICA B\u00c1SICA II<\/h4>\n<table width=\"100%\">\n<tbody>\n<tr>\n<td width=\"15%\">Curso\/semestre<\/td>\n<td width=\"84%\">Licenciatura em Matem\u00e1tica \/S\u00e9timo<\/td>\n<\/tr>\n<tr>\n<td width=\"15%\">Disciplina<\/td>\n<td width=\"84%\">F\u00edsica B\u00e1sica II<\/td>\n<\/tr>\n<tr>\n<td width=\"15%\">Car\u00e1ter<\/td>\n<td width=\"84%\">ACA \u2013Obrigat\u00f3ria<\/td>\n<\/tr>\n<tr>\n<td width=\"15%\">Pr\u00e9-requisito<\/td>\n<td width=\"84%\">F\u00edsica B\u00e1sica I (0090113) e C\u00e1lculo II(0100017).<\/td>\n<\/tr>\n<tr>\n<td width=\"15%\">C\u00f3digo<\/td>\n<td width=\"84%\">0090114<\/td>\n<\/tr>\n<tr>\n<td width=\"15%\">Depto.<\/td>\n<td width=\"84%\">F\u00edsica<\/td>\n<\/tr>\n<tr>\n<td width=\"15%\">CHT<\/td>\n<td width=\"84%\">68 horas\/aulas semanais<\/td>\n<\/tr>\n<tr>\n<td width=\"15%\">Cr\u00e9ditos<\/td>\n<td width=\"84%\">04 cr\u00e9ditos<\/td>\n<\/tr>\n<tr>\n<td width=\"15%\">Natureza<\/td>\n<td width=\"84%\">68 te\u00f3ricas<\/td>\n<\/tr>\n<tr>\n<td width=\"15%\">Prof. Resp.<\/td>\n<td width=\"84%\"><\/td>\n<\/tr>\n<tr>\n<td width=\"15%\">Objetivos<\/td>\n<td width=\"84%\">A disciplina de F\u00edsica B\u00e1sica II visa fornecer ao aluno no\u00e7\u00f5es de Gravita\u00e7\u00e3o, Mec\u00e2nica dos Fluidos, Ondas Mec\u00e2nicas e Termodin\u00e2mica, visando tamb\u00e9m a continuidade em estudos subseq\u00fcentes de seu Curso nas disciplinas que tenham esses conte\u00fados em sua base.<\/td>\n<\/tr>\n<tr>\n<td width=\"15%\">Ementa<\/td>\n<td width=\"84%\">Gravita\u00e7\u00e3o. Est\u00e1tica e Din\u00e2mica de Fluidos. Oscila\u00e7\u00f5es. Ondas Mec\u00e2nicas. Termodin\u00e2mica.<\/td>\n<\/tr>\n<tr>\n<td width=\"15%\">Programa<\/td>\n<td width=\"84%\">\n<p>Gravita\u00e7\u00e3o<\/p>\n<p>Lei de Newton da Gravita\u00e7\u00e3o<\/p>\n<p>Leis de Kepler<\/p>\n<p>Est\u00e1tica e din\u00e2mica de flu\u00eddos<\/p>\n<p>Princ\u00edpios Fundamentais da Hidrost\u00e1tica<\/p>\n<p>Equa\u00e7\u00f5es da Continuidade e de Bernoulli<\/p>\n<p>Viscosidade<\/p>\n<p>Oscila\u00e7\u00f5es<\/p>\n<p>&#8211; Conceitos Fundamentais de Movimentos Peri\u00f3dicos<\/p>\n<p>-. Oscilador Harm\u00f4nico Simples. Oscila\u00e7\u00f5es Amortecidas<\/p>\n<p>-. Oscila\u00e7\u00f5es For\u00e7adas e Resson\u00e2ncia<\/p>\n<p>Ondas mec\u00e2nicas<\/p>\n<p>&#8211; Conceito de Onda. Velocidade das Ondas e sua Propaga\u00e7\u00e3o<\/p>\n<p>-. Princ\u00edpio de Superposi\u00e7\u00e3o e Aplica\u00e7\u00f5es. Interfer\u00eancia, Ondas Estacion\u00e1rias e Resson\u00e2ncia<\/p>\n<p>Termodin\u00e2mica<\/p>\n<p>-. Equil\u00edbrio T\u00e9rmico e Temperatura<\/p>\n<p>-. Teoria Cin\u00e9tica<\/p>\n<p>-. Leis da Termodin\u00e2mica<\/td>\n<\/tr>\n<tr>\n<td width=\"15%\">Bibliografia<\/td>\n<td width=\"84%\">\n<p>B\u00e1sica<\/p>\n<p>HALLIDAY, D.; RESNICK, R.; WALKER, J. Fundamentos de F\u00edsica 2. Rio de Janeiro: LTC, 1996.<\/p>\n<p>RESNICK, Robert e HALLIDAY, David. F\u00edsica II, volume II. Rio de Janeiro: Livros T\u00e9cnicos e Cient\u00edficos Editora S\/A, 1978.<\/p>\n<p>Complementar<\/p>\n<p>NUSSENZVEIG, Herch Mois\u00e9s. F\u00edsica B\u00e1sica, Volume 2, Fluidos, Oscila\u00e7\u00f5es e Ondas, Calor. S\u00e3o Paulo: Edgard Blucher Ltda, 1983.<\/p>\n<p>EISBERG, Robert M. F\u00edsica II: Fundamentos e Aplica\u00e7\u00f5es. S\u00e3o Paulo: McGraw-Hill do Brasil, 1982.<\/p>\n<p>ALONSO, Marcelo. F\u00edsica, Um Curso Universit\u00e1rio, Volumes I e II. S\u00e3o Paulo: Edgard Blucher Ltda, 1972.<\/td>\n<\/tr>\n<\/tbody>\n<\/table>\n<p><\/p>\n","protected":false},"excerpt":{"rendered":"<p>FISICA B\u00c1SICA II Curso\/semestre Licenciatura em Matem\u00e1tica \/S\u00e9timo Disciplina F\u00edsica B\u00e1sica II Car\u00e1ter ACA \u2013Obrigat\u00f3ria Pr\u00e9-requisito F\u00edsica B\u00e1sica I (0090113) e C\u00e1lculo II(0100017). C\u00f3digo 0090114 Depto. F\u00edsica CHT 68 horas\/aulas semanais Cr\u00e9ditos 04 cr\u00e9ditos Natureza 68 te\u00f3ricas Prof. Resp. Objetivos A disciplina de F\u00edsica B\u00e1sica II visa fornecer ao aluno no\u00e7\u00f5es de Gravita\u00e7\u00e3o, Mec\u00e2nica dos [&hellip;]<\/p>\n","protected":false},"author":466,"featured_media":0,"parent":166,"menu_order":0,"comment_status":"closed","ping_status":"closed","template":"page-sem-sidebar.php","meta":{"jetpack_post_was_ever_published":false,"footnotes":""},"class_list":["post-247","page","type-page","status-publish","hentry"],"jetpack_sharing_enabled":true,"jetpack_shortlink":"https:\/\/wp.me\/P7sk8J-3Z","_links":{"self":[{"href":"https:\/\/wp.ufpel.edu.br\/matematicanoturno\/wp-json\/wp\/v2\/pages\/247","targetHints":{"allow":["GET"]}}],"collection":[{"href":"https:\/\/wp.ufpel.edu.br\/matematicanoturno\/wp-json\/wp\/v2\/pages"}],"about":[{"href":"https:\/\/wp.ufpel.edu.br\/matematicanoturno\/wp-json\/wp\/v2\/types\/page"}],"author":[{"embeddable":true,"href":"https:\/\/wp.ufpel.edu.br\/matematicanoturno\/wp-json\/wp\/v2\/users\/466"}],"replies":[{"embeddable":true,"href":"https:\/\/wp.ufpel.edu.br\/matematicanoturno\/wp-json\/wp\/v2\/comments?post=247"}],"version-history":[{"count":1,"href":"https:\/\/wp.ufpel.edu.br\/matematicanoturno\/wp-json\/wp\/v2\/pages\/247\/revisions"}],"predecessor-version":[{"id":248,"href":"https:\/\/wp.ufpel.edu.br\/matematicanoturno\/wp-json\/wp\/v2\/pages\/247\/revisions\/248"}],"up":[{"embeddable":true,"href":"https:\/\/wp.ufpel.edu.br\/matematicanoturno\/wp-json\/wp\/v2\/pages\/166"}],"wp:attachment":[{"href":"https:\/\/wp.ufpel.edu.br\/matematicanoturno\/wp-json\/wp\/v2\/media?parent=247"}],"curies":[{"name":"wp","href":"https:\/\/api.w.org\/{rel}","templated":true}]}}