{"id":1681,"date":"2019-10-17T02:46:50","date_gmt":"2019-10-17T05:46:50","guid":{"rendered":"https:\/\/wp.ufpel.edu.br\/matematicanoturno\/?page_id=1681"},"modified":"2019-10-17T02:46:50","modified_gmt":"2019-10-17T05:46:50","slug":"mercado-de-trabalho","status":"publish","type":"page","link":"https:\/\/wp.ufpel.edu.br\/matematicanoturno\/mercado-de-trabalho\/","title":{"rendered":"Mercado de Trabalho"},"content":{"rendered":"<p>O licenciado em matem\u00e1tica, em geral, atua nas s\u00e9ries finais do ensino fundamental e no ensino m\u00e9dio de escolas p\u00fablicas e particulares. Para os egressos que optarem fazer mestrado e\/ou doutorado tamb\u00e9m \u00e9 poss\u00edvel ser contratado por institui\u00e7\u00f5es de ensino superior.<br \/>\nAl\u00e9m da doc\u00eancia, profissionais formados em matem\u00e1tica podem trabalhar em empresas dos setores financeiros e econ\u00f4micos, bem como em empresas de consultoria e assessoria na \u00e1rea de matem\u00e1tica e educa\u00e7\u00e3o matem\u00e1tica, dentre outras.<\/p>\n","protected":false},"excerpt":{"rendered":"<p>O licenciado em matem\u00e1tica, em geral, atua nas s\u00e9ries finais do ensino fundamental e no ensino m\u00e9dio de escolas p\u00fablicas e particulares. Para os egressos que optarem fazer mestrado e\/ou doutorado tamb\u00e9m \u00e9 poss\u00edvel ser contratado por institui\u00e7\u00f5es de ensino superior. Al\u00e9m da doc\u00eancia, profissionais formados em matem\u00e1tica podem trabalhar em empresas dos setores financeiros [&hellip;]<\/p>\n","protected":false},"author":466,"featured_media":0,"parent":0,"menu_order":0,"comment_status":"closed","ping_status":"closed","template":"","meta":{"jetpack_post_was_ever_published":false,"footnotes":""},"class_list":["post-1681","page","type-page","status-publish","hentry"],"jetpack_sharing_enabled":true,"jetpack_shortlink":"https:\/\/wp.me\/P7sk8J-r7","_links":{"self":[{"href":"https:\/\/wp.ufpel.edu.br\/matematicanoturno\/wp-json\/wp\/v2\/pages\/1681","targetHints":{"allow":["GET"]}}],"collection":[{"href":"https:\/\/wp.ufpel.edu.br\/matematicanoturno\/wp-json\/wp\/v2\/pages"}],"about":[{"href":"https:\/\/wp.ufpel.edu.br\/matematicanoturno\/wp-json\/wp\/v2\/types\/page"}],"author":[{"embeddable":true,"href":"https:\/\/wp.ufpel.edu.br\/matematicanoturno\/wp-json\/wp\/v2\/users\/466"}],"replies":[{"embeddable":true,"href":"https:\/\/wp.ufpel.edu.br\/matematicanoturno\/wp-json\/wp\/v2\/comments?post=1681"}],"version-history":[{"count":1,"href":"https:\/\/wp.ufpel.edu.br\/matematicanoturno\/wp-json\/wp\/v2\/pages\/1681\/revisions"}],"predecessor-version":[{"id":1683,"href":"https:\/\/wp.ufpel.edu.br\/matematicanoturno\/wp-json\/wp\/v2\/pages\/1681\/revisions\/1683"}],"wp:attachment":[{"href":"https:\/\/wp.ufpel.edu.br\/matematicanoturno\/wp-json\/wp\/v2\/media?parent=1681"}],"curies":[{"name":"wp","href":"https:\/\/api.w.org\/{rel}","templated":true}]}}

<p>O licenciado em matemática, em geral, atua nas séries finais do ensino fundamental e no ensino médio de escolas públicas e particulares. Para os egressos que optarem fazer mestrado e/ou doutorado também é possível ser contratado por instituições de ensino superior.<br />
Além da docência, profissionais formados em matemática podem trabalhar em empresas dos setores financeiros e econômicos, bem como em empresas de consultoria e assessoria na área de matemática e educação matemática, dentre outras.</p>

<p>O licenciado em matemática, em geral, atua nas séries finais do ensino fundamental e no ensino médio de escolas públicas e particulares. Para os egressos que optarem fazer mestrado e/ou doutorado também é possível ser contratado por instituições de ensino superior. Além da docência, profissionais formados em matemática podem trabalhar em empresas dos setores financeiros [&hellip;]</p>
