{"id":1599,"date":"2019-10-15T23:53:06","date_gmt":"2019-10-16T02:53:06","guid":{"rendered":"https:\/\/wp.ufpel.edu.br\/matematicanoturno\/?page_id=1599"},"modified":"2025-12-22T15:41:50","modified_gmt":"2025-12-22T18:41:50","slug":"colegiado-nde-e-comissoes","status":"publish","type":"page","link":"https:\/\/wp.ufpel.edu.br\/matematicanoturno\/colegiado-nde-e-comissoes\/","title":{"rendered":"Colegiado"},"content":{"rendered":"\n<h3 class=\"wp-block-heading\">Composi\u00e7\u00e3o do Colegiado<\/h3>\n\n\n\n<p>De acordo com a Portaria n\u00ba 55, do Gabinete da Dire\u00e7\u00e3o do IFM, de 18 de dezembro de 2025 s\u00e3o membros do <strong>Colegiado <\/strong>do CLMN:<\/p>\n\n\n\n<ul class=\"wp-block-list\">\n<li><strong>\u00c1rea Profissionalizante<\/strong>\n\n\n\n\n\n\n<ul class=\"wp-block-list\">\n<li><em>Departamento de Educa\u00e7\u00e3o Matem\u00e1tica \u2013 IFM<\/em>\n<ul class=\"wp-block-list\">\n<li>Prof\u00aa Denise Nascimento Silveira e Prof\u00aa Rozane da Silveira Alves (suplente)<\/li>\n\n\n\n<li>Prof\u00aa Rita de C\u00e1ssia de Souza Soares Ramos (titular) e Prof\u00aa Carla Denize Ott Felcher (suplente)<\/li>\n<\/ul>\n<\/li>\n<\/ul>\n\n\n\n<ul class=\"wp-block-list\">\n<li><em>Departamento de Matem\u00e1tica e Estat\u00edstica \u2013 IFM<\/em>\n<ul class=\"wp-block-list\">\n<li>Prof. Neide Pizzolato Angelo (titular) e Prof. Jairo Val\u00f5es de Alencar Ramalho (suplente)<\/li>\n\n\n\n<li>Prof\u00aa Rejane Pergher (titular) e Prof\u00aa Patr\u00edcia da Concei\u00e7\u00e3o Fantinel (suplente)<\/li>\n<\/ul>\n<\/li>\n<\/ul>\n<\/li>\n\n\n\n<li><strong>\u00c1rea B\u00e1sica<\/strong>\n<ul class=\"wp-block-list\">\n<li><em>Departamento de F\u00edsica \u2013 IFM<\/em>\n<ul class=\"wp-block-list\">\n<li>Prof. Werner Krambeck Sauter (titular) e Prof. \u00c1lvaro Leonardi Ayala Filho (suplente)<\/li>\n<\/ul>\n<\/li>\n\n\n\n<li><em>Departamento de Ensino \u2013 FaE<\/em>\n<ul class=\"wp-block-list\">\n<li>Prof. Fernando Cezar Ripe da Cruz (titular)<\/li>\n<\/ul>\n<\/li>\n\n\n\n<li><em>Departamento de Fundamentos da Educa\u00e7\u00e3o \u2013 FaE<\/em>\n<ul class=\"wp-block-list\">\n<li>Prof\u00aa Patr\u00edcia Pereira Cava (titular) e Prof\u00aa Maria Simone Debacco (suplente)<\/li>\n<\/ul>\n<\/li>\n\n\n\n<li><em>Centro de Letras e Comunica\u00e7\u00e3o \u2013 CLC<\/em>\n<ul class=\"wp-block-list\">\n<li>Prof\u00aa Rogers Rocha (titular)<\/li>\n<\/ul>\n<\/li>\n<\/ul>\n<\/li>\n\n\n\n<li><strong>Representantes Discentes<\/strong><br>Acad\u00eamico S\u00e9rgio Luiz Pierobom (titular)<\/li>\n<\/ul>\n","protected":false},"excerpt":{"rendered":"<p>Composi\u00e7\u00e3o do Colegiado De acordo com a Portaria n\u00ba 55, do Gabinete da Dire\u00e7\u00e3o do IFM, de 18 de dezembro de 2025 s\u00e3o membros do Colegiado do CLMN:<\/p>\n","protected":false},"author":466,"featured_media":0,"parent":0,"menu_order":0,"comment_status":"closed","ping_status":"closed","template":"","meta":{"jetpack_post_was_ever_published":false,"footnotes":""},"class_list":["post-1599","page","type-page","status-publish","hentry"],"jetpack_sharing_enabled":true,"jetpack_shortlink":"https:\/\/wp.me\/P7sk8J-pN","_links":{"self":[{"href":"https:\/\/wp.ufpel.edu.br\/matematicanoturno\/wp-json\/wp\/v2\/pages\/1599","targetHints":{"allow":["GET"]}}],"collection":[{"href":"https:\/\/wp.ufpel.edu.br\/matematicanoturno\/wp-json\/wp\/v2\/pages"}],"about":[{"href":"https:\/\/wp.ufpel.edu.br\/matematicanoturno\/wp-json\/wp\/v2\/types\/page"}],"author":[{"embeddable":true,"href":"https:\/\/wp.ufpel.edu.br\/matematicanoturno\/wp-json\/wp\/v2\/users\/466"}],"replies":[{"embeddable":true,"href":"https:\/\/wp.ufpel.edu.br\/matematicanoturno\/wp-json\/wp\/v2\/comments?post=1599"}],"version-history":[{"count":3,"href":"https:\/\/wp.ufpel.edu.br\/matematicanoturno\/wp-json\/wp\/v2\/pages\/1599\/revisions"}],"predecessor-version":[{"id":3320,"href":"https:\/\/wp.ufpel.edu.br\/matematicanoturno\/wp-json\/wp\/v2\/pages\/1599\/revisions\/3320"}],"wp:attachment":[{"href":"https:\/\/wp.ufpel.edu.br\/matematicanoturno\/wp-json\/wp\/v2\/media?parent=1599"}],"curies":[{"name":"wp","href":"https:\/\/api.w.org\/{rel}","templated":true}]}}