{"id":1490,"date":"2019-08-16T17:03:44","date_gmt":"2019-08-16T20:03:44","guid":{"rendered":"https:\/\/wp.ufpel.edu.br\/matematicanoturno\/?page_id=1490"},"modified":"2019-08-16T17:03:44","modified_gmt":"2019-08-16T20:03:44","slug":"2017-2","status":"publish","type":"page","link":"https:\/\/wp.ufpel.edu.br\/matematicanoturno\/2017-2\/","title":{"rendered":"2017\/2"},"content":{"rendered":"<p>A Coordena\u00e7\u00e3o do Colegiado do Curso de Licenciatura em Matem\u00e1tica Noturno parabeniza os formandos de 2017\/2 e seus familiares e, deseja a todos muito sucesso e felicidade em suas jornadas.<\/p>\n<p>\u2013 Patronesse: <strong>Profa. Denise do Nascimento Silveira<\/strong>;<\/p>\n<p>\u2013 Paraninfo: <strong>Prof. Diogo Franco Rios<\/strong>;<\/p>\n<p>\u2013 Professores homenageados: <strong>Andrea Morgado, Ant\u00f4nio Maur\u00edcio Medeiros Alves, C\u00edcero Nachtigall,\u00a0Giovanni da Silva Nunes, L\u00e9slie\u00a0Darien P\u00e9rez Fern\u00e1ndez e Neide Pizzolato \u00c2ngelo<\/strong>.<\/p>\n<p>\u2013 Funcion\u00e1rios homenageados: <strong>Gl\u00e1ucia Potenza Soares e Eliezer Silva dos Santos<\/strong>.<\/p>\n<p><img class=\"alignnone size-medium\" src=\"https:\/\/wp.ufpel.edu.br\/matematicadiurno\/files\/2018\/06\/mat-1231.jpg\" width=\"4608\" height=\"3072\" \/><\/p>\n","protected":false},"excerpt":{"rendered":"<p>A Coordena\u00e7\u00e3o do Colegiado do Curso de Licenciatura em Matem\u00e1tica Noturno parabeniza os formandos de 2017\/2 e seus familiares e, deseja a todos muito sucesso e felicidade em suas jornadas. \u2013 Patronesse: Profa. Denise do Nascimento Silveira; \u2013 Paraninfo: Prof. Diogo Franco Rios; \u2013 Professores homenageados: Andrea Morgado, Ant\u00f4nio Maur\u00edcio Medeiros Alves, C\u00edcero Nachtigall,\u00a0Giovanni da [&hellip;]<\/p>\n","protected":false},"author":466,"featured_media":0,"parent":0,"menu_order":0,"comment_status":"closed","ping_status":"closed","template":"","meta":{"jetpack_post_was_ever_published":false,"footnotes":""},"class_list":["post-1490","page","type-page","status-publish","hentry"],"jetpack_sharing_enabled":true,"jetpack_shortlink":"https:\/\/wp.me\/P7sk8J-o2","_links":{"self":[{"href":"https:\/\/wp.ufpel.edu.br\/matematicanoturno\/wp-json\/wp\/v2\/pages\/1490","targetHints":{"allow":["GET"]}}],"collection":[{"href":"https:\/\/wp.ufpel.edu.br\/matematicanoturno\/wp-json\/wp\/v2\/pages"}],"about":[{"href":"https:\/\/wp.ufpel.edu.br\/matematicanoturno\/wp-json\/wp\/v2\/types\/page"}],"author":[{"embeddable":true,"href":"https:\/\/wp.ufpel.edu.br\/matematicanoturno\/wp-json\/wp\/v2\/users\/466"}],"replies":[{"embeddable":true,"href":"https:\/\/wp.ufpel.edu.br\/matematicanoturno\/wp-json\/wp\/v2\/comments?post=1490"}],"version-history":[{"count":1,"href":"https:\/\/wp.ufpel.edu.br\/matematicanoturno\/wp-json\/wp\/v2\/pages\/1490\/revisions"}],"predecessor-version":[{"id":1492,"href":"https:\/\/wp.ufpel.edu.br\/matematicanoturno\/wp-json\/wp\/v2\/pages\/1490\/revisions\/1492"}],"wp:attachment":[{"href":"https:\/\/wp.ufpel.edu.br\/matematicanoturno\/wp-json\/wp\/v2\/media?parent=1490"}],"curies":[{"name":"wp","href":"https:\/\/api.w.org\/{rel}","templated":true}]}}

<p>A Coordenação do Colegiado do Curso de Licenciatura em Matemática Noturno parabeniza os formandos de 2017/2 e seus familiares e, deseja a todos muito sucesso e felicidade em suas jornadas.</p>
<p>– Patronesse: <strong>Profa. Denise do Nascimento Silveira</strong>;</p>
<p>– Paraninfo: <strong>Prof. Diogo Franco Rios</strong>;</p>
<p>– Professores homenageados: <strong>Andrea Morgado, Antônio Maurício Medeiros Alves, Cícero Nachtigall, Giovanni da Silva Nunes, Léslie Darien Pérez Fernández e Neide Pizzolato Ângelo</strong>.</p>
<p>– Funcionários homenageados: <strong>Gláucia Potenza Soares e Eliezer Silva dos Santos</strong>.</p>
<p><img class="alignnone size-medium" src="https://wp.ufpel.edu.br/matematicadiurno/files/2018/06/mat-1231.jpg" width="4608" height="3072" /></p>

<p>A Coordenação do Colegiado do Curso de Licenciatura em Matemática Noturno parabeniza os formandos de 2017/2 e seus familiares e, deseja a todos muito sucesso e felicidade em suas jornadas. – Patronesse: Profa. Denise do Nascimento Silveira; – Paraninfo: Prof. Diogo Franco Rios; – Professores homenageados: Andrea Morgado, Antônio Maurício Medeiros Alves, Cícero Nachtigall, Giovanni da [&hellip;]</p>
