{"id":1473,"date":"2019-08-12T17:47:18","date_gmt":"2019-08-12T20:47:18","guid":{"rendered":"https:\/\/wp.ufpel.edu.br\/matematicanoturno\/?page_id=1473"},"modified":"2026-03-03T18:40:33","modified_gmt":"2026-03-03T21:40:33","slug":"2016-2","status":"publish","type":"page","link":"https:\/\/wp.ufpel.edu.br\/matematicanoturno\/2016-2\/","title":{"rendered":"2016\/2"},"content":{"rendered":"\n<p>A Coordena\u00e7\u00e3o do Colegiado do Curso de Licenciatura em Matem\u00e1tica Noturno parabeniza os formandos de 2016\/2 e seus familiares e, deseja a todos muito sucesso e felicidade em suas jornadas.<\/p>\n\n\n\n<p>\u2013 Patronesse: <strong>Profa. Lisandra de Oliveira Sauer<\/strong>;<\/p>\n\n\n\n<p>\u2013 Paraninfo: <strong>Prof. Giovanni da Silva Nunes<\/strong>;<\/p>\n\n\n\n<p>\u2013 Professores homenageados: <strong>Andrea Morgado, Ant\u00f4nio Maur\u00edcio Medeiros Alves, Camila Pinto da Costa, C\u00edcero Nachtigall, Diogo Franco Rios e Silvia Prietsch Wendt.<\/strong><\/p>\n\n\n\n<p>\u2013 Funcion\u00e1rios homenageados: <strong>Gl\u00e1ucia Potenza Soares<\/strong> e <strong>Eliezer Silva dos Santos.<\/strong><\/p>\n\n\n\n<p>&nbsp;<\/p>\n\n\n<div class=\"wp-block-image\">\n<figure class=\"aligncenter\"><img src=\"https:\/\/wp.ufpel.edu.br\/matematicadiurno\/files\/2017\/05\/ext-6-424x318.jpg\" alt=\"\"\/><\/figure>\n<\/div>\n\n\n<p><\/p>\n","protected":false},"excerpt":{"rendered":"<p>A Coordena\u00e7\u00e3o do Colegiado do Curso de Licenciatura em Matem\u00e1tica Noturno parabeniza os formandos de 2016\/2 e seus familiares e, deseja a todos muito sucesso e felicidade em suas jornadas. \u2013 Patronesse: Profa. Lisandra de Oliveira Sauer; \u2013 Paraninfo: Prof. Giovanni da Silva Nunes; \u2013 Professores homenageados: Andrea Morgado, Ant\u00f4nio Maur\u00edcio Medeiros Alves, Camila Pinto [&hellip;]<\/p>\n","protected":false},"author":466,"featured_media":0,"parent":0,"menu_order":0,"comment_status":"closed","ping_status":"closed","template":"","meta":{"jetpack_post_was_ever_published":false,"footnotes":""},"class_list":["post-1473","page","type-page","status-publish","hentry"],"jetpack_sharing_enabled":true,"jetpack_shortlink":"https:\/\/wp.me\/P7sk8J-nL","_links":{"self":[{"href":"https:\/\/wp.ufpel.edu.br\/matematicanoturno\/wp-json\/wp\/v2\/pages\/1473","targetHints":{"allow":["GET"]}}],"collection":[{"href":"https:\/\/wp.ufpel.edu.br\/matematicanoturno\/wp-json\/wp\/v2\/pages"}],"about":[{"href":"https:\/\/wp.ufpel.edu.br\/matematicanoturno\/wp-json\/wp\/v2\/types\/page"}],"author":[{"embeddable":true,"href":"https:\/\/wp.ufpel.edu.br\/matematicanoturno\/wp-json\/wp\/v2\/users\/466"}],"replies":[{"embeddable":true,"href":"https:\/\/wp.ufpel.edu.br\/matematicanoturno\/wp-json\/wp\/v2\/comments?post=1473"}],"version-history":[{"count":2,"href":"https:\/\/wp.ufpel.edu.br\/matematicanoturno\/wp-json\/wp\/v2\/pages\/1473\/revisions"}],"predecessor-version":[{"id":3365,"href":"https:\/\/wp.ufpel.edu.br\/matematicanoturno\/wp-json\/wp\/v2\/pages\/1473\/revisions\/3365"}],"wp:attachment":[{"href":"https:\/\/wp.ufpel.edu.br\/matematicanoturno\/wp-json\/wp\/v2\/media?parent=1473"}],"curies":[{"name":"wp","href":"https:\/\/api.w.org\/{rel}","templated":true}]}}