{"id":1468,"date":"2019-08-12T17:42:26","date_gmt":"2019-08-12T20:42:26","guid":{"rendered":"https:\/\/wp.ufpel.edu.br\/matematicanoturno\/?page_id=1468"},"modified":"2019-08-16T17:53:44","modified_gmt":"2019-08-16T20:53:44","slug":"colacao-de-grau-externa","status":"publish","type":"page","link":"https:\/\/wp.ufpel.edu.br\/matematicanoturno\/colacao-de-grau-externa\/","title":{"rendered":"Cola\u00e7\u00e3o de Grau Externa"},"content":{"rendered":"<p>Na s\u00e1bado, dia 20\/05 foi realizada a CERIM\u00d4NIA DE COLA\u00c7\u00c3O DE GRAU EXTERNA dos estudantes &#8211; <strong>Amanda Mall\u00fce Ferreira (CLM), Christian Michel da Cunha Garcia (CLM), Christian R\u00f3ger Vilela Pieper (CLM), Gregory William Peres (CLMN), Jardel Moreira Dylewski (CLM), Juliana Borges Pedrotti (CLMN), Lidiane Maciel Pereira (CLM), Luana Leal Alves (CLM), Makele Ver\u00f4nica Heidt (CLM), M\u00e9lany Silva dos Santos (CLM), Rafaella Campelo Centeno (CLMN) e Roberto Martins da Silva Decio Junior (CLMN) &#8211; <\/strong>que conclu\u00edram os Cursos de Licenciatura em Matem\u00e1tica e Licenciatura em Matem\u00e1tica \u2013 Noturno da Universidade Federal de Pelotas no segundo per\u00edodo letivo de 2016.<\/p>\n<p><img class=\"aligncenter\" src=\"https:\/\/wp.ufpel.edu.br\/matematicadiurno\/files\/2017\/05\/ext-2-424x238.jpg\" width=\"439\" height=\"246\" \/>\u00a0 \u00a0 <img class=\"aligncenter\" src=\"https:\/\/wp.ufpel.edu.br\/matematicadiurno\/files\/2017\/05\/ext-4-424x238.jpg\" width=\"439\" height=\"247\" \/><\/p>\n<p>Em nome da turma, o juramento foi prestado por <strong>Roberto Martins da Silva Decio Junior<\/strong>.<\/p>\n<p><img class=\"aligncenter size-medium\" src=\"https:\/\/wp.ufpel.edu.br\/matematicadiurno\/files\/2017\/05\/ext-7-424x182.jpg\" width=\"424\" height=\"182\" \/><\/p>\n<p>&nbsp;<\/p>\n<p>O discurso foi proferido por <strong>Christian R\u00f3ger Vilela Pieper <\/strong>e <strong>M\u00e9lany Silva dos Santos<\/strong>.<\/p>\n<p><img class=\"aligncenter size-medium\" src=\"https:\/\/wp.ufpel.edu.br\/matematicadiurno\/files\/2017\/05\/ext-1-424x178.png\" width=\"424\" height=\"178\" \/><\/p>\n<p>&nbsp;<\/p>\n<p>&nbsp;<\/p>\n<p><img class=\"aligncenter \" src=\"https:\/\/wp.ufpel.edu.br\/matematicadiurno\/files\/2017\/05\/ext-5-424x238.jpg\" width=\"630\" height=\"353\" \/><\/p>\n","protected":false},"excerpt":{"rendered":"<p>Na s\u00e1bado, dia 20\/05 foi realizada a CERIM\u00d4NIA DE COLA\u00c7\u00c3O DE GRAU EXTERNA dos estudantes &#8211; Amanda Mall\u00fce Ferreira (CLM), Christian Michel da Cunha Garcia (CLM), Christian R\u00f3ger Vilela Pieper (CLM), Gregory William Peres (CLMN), Jardel Moreira Dylewski (CLM), Juliana Borges Pedrotti (CLMN), Lidiane Maciel Pereira (CLM), Luana Leal Alves (CLM), Makele Ver\u00f4nica Heidt (CLM), [&hellip;]<\/p>\n","protected":false},"author":466,"featured_media":0,"parent":0,"menu_order":0,"comment_status":"closed","ping_status":"closed","template":"","meta":{"jetpack_post_was_ever_published":false,"footnotes":""},"class_list":["post-1468","page","type-page","status-publish","hentry"],"jetpack_sharing_enabled":true,"jetpack_shortlink":"https:\/\/wp.me\/P7sk8J-nG","_links":{"self":[{"href":"https:\/\/wp.ufpel.edu.br\/matematicanoturno\/wp-json\/wp\/v2\/pages\/1468","targetHints":{"allow":["GET"]}}],"collection":[{"href":"https:\/\/wp.ufpel.edu.br\/matematicanoturno\/wp-json\/wp\/v2\/pages"}],"about":[{"href":"https:\/\/wp.ufpel.edu.br\/matematicanoturno\/wp-json\/wp\/v2\/types\/page"}],"author":[{"embeddable":true,"href":"https:\/\/wp.ufpel.edu.br\/matematicanoturno\/wp-json\/wp\/v2\/users\/466"}],"replies":[{"embeddable":true,"href":"https:\/\/wp.ufpel.edu.br\/matematicanoturno\/wp-json\/wp\/v2\/comments?post=1468"}],"version-history":[{"count":3,"href":"https:\/\/wp.ufpel.edu.br\/matematicanoturno\/wp-json\/wp\/v2\/pages\/1468\/revisions"}],"predecessor-version":[{"id":1512,"href":"https:\/\/wp.ufpel.edu.br\/matematicanoturno\/wp-json\/wp\/v2\/pages\/1468\/revisions\/1512"}],"wp:attachment":[{"href":"https:\/\/wp.ufpel.edu.br\/matematicanoturno\/wp-json\/wp\/v2\/media?parent=1468"}],"curies":[{"name":"wp","href":"https:\/\/api.w.org\/{rel}","templated":true}]}}

Colação de Grau Externa

<p>Na sábado, dia 20/05 foi realizada a CERIMÔNIA DE COLAÇÃO DE GRAU EXTERNA dos estudantes &#8211; <strong>Amanda Mallüe Ferreira (CLM), Christian Michel da Cunha Garcia (CLM), Christian Róger Vilela Pieper (CLM), Gregory William Peres (CLMN), Jardel Moreira Dylewski (CLM), Juliana Borges Pedrotti (CLMN), Lidiane Maciel Pereira (CLM), Luana Leal Alves (CLM), Makele Verônica Heidt (CLM), Mélany Silva dos Santos (CLM), Rafaella Campelo Centeno (CLMN) e Roberto Martins da Silva Decio Junior (CLMN) &#8211; </strong>que concluíram os Cursos de Licenciatura em Matemática e Licenciatura em Matemática – Noturno da Universidade Federal de Pelotas no segundo período letivo de 2016.</p>
<p><img class="aligncenter" src="https://wp.ufpel.edu.br/matematicadiurno/files/2017/05/ext-2-424x238.jpg" width="439" height="246" />    <img class="aligncenter" src="https://wp.ufpel.edu.br/matematicadiurno/files/2017/05/ext-4-424x238.jpg" width="439" height="247" /></p>
<p>Em nome da turma, o juramento foi prestado por <strong>Roberto Martins da Silva Decio Junior</strong>.</p>
<p><img class="aligncenter size-medium" src="https://wp.ufpel.edu.br/matematicadiurno/files/2017/05/ext-7-424x182.jpg" width="424" height="182" /></p>
<p>&nbsp;</p>
<p>O discurso foi proferido por <strong>Christian Róger Vilela Pieper </strong>e <strong>Mélany Silva dos Santos</strong>.</p>
<p><img class="aligncenter size-medium" src="https://wp.ufpel.edu.br/matematicadiurno/files/2017/05/ext-1-424x178.png" width="424" height="178" /></p>
<p>&nbsp;</p>
<p>&nbsp;</p>
<p><img class="aligncenter " src="https://wp.ufpel.edu.br/matematicadiurno/files/2017/05/ext-5-424x238.jpg" width="630" height="353" /></p>

<p>Na sábado, dia 20/05 foi realizada a CERIMÔNIA DE COLAÇÃO DE GRAU EXTERNA dos estudantes &#8211; Amanda Mallüe Ferreira (CLM), Christian Michel da Cunha Garcia (CLM), Christian Róger Vilela Pieper (CLM), Gregory William Peres (CLMN), Jardel Moreira Dylewski (CLM), Juliana Borges Pedrotti (CLMN), Lidiane Maciel Pereira (CLM), Luana Leal Alves (CLM), Makele Verônica Heidt (CLM), [&hellip;]</p>
