{"id":1460,"date":"2019-08-12T17:30:41","date_gmt":"2019-08-12T20:30:41","guid":{"rendered":"https:\/\/wp.ufpel.edu.br\/matematicanoturno\/?page_id=1460"},"modified":"2019-08-12T17:30:41","modified_gmt":"2019-08-12T20:30:41","slug":"colacao-de-grau-interna","status":"publish","type":"page","link":"https:\/\/wp.ufpel.edu.br\/matematicanoturno\/colacao-de-grau-interna\/","title":{"rendered":"Cola\u00e7\u00e3o de Grau Interna"},"content":{"rendered":"<p>Na sexta-feira, dia 19\/05 foi realizada a CERIM\u00d4NIA DE COLA\u00c7\u00c3O DE GRAU INTERNA dos estudantes &#8211; <strong>Andr\u00e9 de Souza Rodeghiero (CLMN)<\/strong>,\u00a0<strong>Andreza Karam Ferreira (CLM), Elemar Rapachi Puhl (CLMN), Josiane Silva Rita (CLMN), Marcia Estela Arguelles Lupi (CLM) e Veronica de Almeida Chaves (CLM) &#8211;<\/strong>\u00a0que conclu\u00edram os Cursos de Licenciatura em Matem\u00e1tica e Licenciatura em Matem\u00e1tica \u2013 Noturno da Universidade Federal de Pelotas no segundo per\u00edodo letivo de 2016.<\/p>\n<p><img class=\"aligncenter size-medium\" src=\"https:\/\/wp.ufpel.edu.br\/matematicadiurno\/files\/2017\/05\/18528056_1611234365576927_6794301822387968410_n-424x241.jpg\" width=\"424\" height=\"241\" \/><\/p>\n<p>&nbsp;<\/p>\n<p>&nbsp;<\/p>\n<p>Em nome da turma, o juramento foi prestado por <strong>Elemar Rapachi Puhl<\/strong>.<\/p>\n<p>&nbsp;<\/p>\n<p><img class=\"aligncenter \" src=\"https:\/\/wp.ufpel.edu.br\/matematicadiurno\/files\/2017\/05\/18581629_919488494860634_2763258013708403604.jpg\" width=\"325\" height=\"417\" \/><\/p>\n<p>&nbsp;<\/p>\n<p>&nbsp;<\/p>\n<p>&nbsp;<\/p>\n<p><img class=\"aligncenter size-medium\" src=\"https:\/\/wp.ufpel.edu.br\/matematicadiurno\/files\/2017\/05\/18519809_1610450728988624_2502669727138151577.jpg\" width=\"960\" height=\"523\" \/><\/p>\n<p>&nbsp;<\/p>\n<p>&nbsp;<\/p>\n","protected":false},"excerpt":{"rendered":"<p>Na sexta-feira, dia 19\/05 foi realizada a CERIM\u00d4NIA DE COLA\u00c7\u00c3O DE GRAU INTERNA dos estudantes &#8211; Andr\u00e9 de Souza Rodeghiero (CLMN),\u00a0Andreza Karam Ferreira (CLM), Elemar Rapachi Puhl (CLMN), Josiane Silva Rita (CLMN), Marcia Estela Arguelles Lupi (CLM) e Veronica de Almeida Chaves (CLM) &#8211;\u00a0que conclu\u00edram os Cursos de Licenciatura em Matem\u00e1tica e Licenciatura em Matem\u00e1tica [&hellip;]<\/p>\n","protected":false},"author":466,"featured_media":0,"parent":0,"menu_order":0,"comment_status":"closed","ping_status":"closed","template":"","meta":{"jetpack_post_was_ever_published":false,"footnotes":""},"class_list":["post-1460","page","type-page","status-publish","hentry"],"jetpack_sharing_enabled":true,"jetpack_shortlink":"https:\/\/wp.me\/P7sk8J-ny","_links":{"self":[{"href":"https:\/\/wp.ufpel.edu.br\/matematicanoturno\/wp-json\/wp\/v2\/pages\/1460","targetHints":{"allow":["GET"]}}],"collection":[{"href":"https:\/\/wp.ufpel.edu.br\/matematicanoturno\/wp-json\/wp\/v2\/pages"}],"about":[{"href":"https:\/\/wp.ufpel.edu.br\/matematicanoturno\/wp-json\/wp\/v2\/types\/page"}],"author":[{"embeddable":true,"href":"https:\/\/wp.ufpel.edu.br\/matematicanoturno\/wp-json\/wp\/v2\/users\/466"}],"replies":[{"embeddable":true,"href":"https:\/\/wp.ufpel.edu.br\/matematicanoturno\/wp-json\/wp\/v2\/comments?post=1460"}],"version-history":[{"count":1,"href":"https:\/\/wp.ufpel.edu.br\/matematicanoturno\/wp-json\/wp\/v2\/pages\/1460\/revisions"}],"predecessor-version":[{"id":1466,"href":"https:\/\/wp.ufpel.edu.br\/matematicanoturno\/wp-json\/wp\/v2\/pages\/1460\/revisions\/1466"}],"wp:attachment":[{"href":"https:\/\/wp.ufpel.edu.br\/matematicanoturno\/wp-json\/wp\/v2\/media?parent=1460"}],"curies":[{"name":"wp","href":"https:\/\/api.w.org\/{rel}","templated":true}]}}

Colação de Grau Interna

<p>Na sexta-feira, dia 19/05 foi realizada a CERIMÔNIA DE COLAÇÃO DE GRAU INTERNA dos estudantes &#8211; <strong>André de Souza Rodeghiero (CLMN)</strong>, <strong>Andreza Karam Ferreira (CLM), Elemar Rapachi Puhl (CLMN), Josiane Silva Rita (CLMN), Marcia Estela Arguelles Lupi (CLM) e Veronica de Almeida Chaves (CLM) &#8211;</strong> que concluíram os Cursos de Licenciatura em Matemática e Licenciatura em Matemática – Noturno da Universidade Federal de Pelotas no segundo período letivo de 2016.</p>
<p><img class="aligncenter size-medium" src="https://wp.ufpel.edu.br/matematicadiurno/files/2017/05/18528056_1611234365576927_6794301822387968410_n-424x241.jpg" width="424" height="241" /></p>
<p>&nbsp;</p>
<p>&nbsp;</p>
<p>Em nome da turma, o juramento foi prestado por <strong>Elemar Rapachi Puhl</strong>.</p>
<p>&nbsp;</p>
<p><img class="aligncenter " src="https://wp.ufpel.edu.br/matematicadiurno/files/2017/05/18581629_919488494860634_2763258013708403604.jpg" width="325" height="417" /></p>
<p>&nbsp;</p>
<p>&nbsp;</p>
<p>&nbsp;</p>
<p><img class="aligncenter size-medium" src="https://wp.ufpel.edu.br/matematicadiurno/files/2017/05/18519809_1610450728988624_2502669727138151577.jpg" width="960" height="523" /></p>
<p>&nbsp;</p>
<p>&nbsp;</p>

<p>Na sexta-feira, dia 19/05 foi realizada a CERIMÔNIA DE COLAÇÃO DE GRAU INTERNA dos estudantes &#8211; André de Souza Rodeghiero (CLMN), Andreza Karam Ferreira (CLM), Elemar Rapachi Puhl (CLMN), Josiane Silva Rita (CLMN), Marcia Estela Arguelles Lupi (CLM) e Veronica de Almeida Chaves (CLM) &#8211; que concluíram os Cursos de Licenciatura em Matemática e Licenciatura em Matemática [&hellip;]</p>
