{"id":141,"date":"2014-11-28T18:21:06","date_gmt":"2014-11-28T20:21:06","guid":{"rendered":"https:\/\/wp.ufpel.edu.br\/matematicanoturno\/?page_id=141"},"modified":"2015-02-11T12:21:06","modified_gmt":"2015-02-11T14:21:06","slug":"sites-interessantes","status":"publish","type":"page","link":"https:\/\/wp.ufpel.edu.br\/matematicanoturno\/sites-interessantes\/","title":{"rendered":"Links \u00dateis"},"content":{"rendered":"<p>INSTITUI\u00c7\u00d5ES<\/p>\n<ul>\n<li>P\u00e1gina da <span style=\"text-decoration: underline\"><span style=\"color: #0000ff\"><a style=\"color: #0000ff;text-decoration: underline\" href=\"http:\/\/www.ufrgs.br\/mat\" target=\"_blank\">Matem\u00e1tica<\/a><\/span><\/span> da UFRGS.<\/li>\n<li>Impa (<span style=\"text-decoration: underline\"><span style=\"color: #0000ff\"><a style=\"color: #0000ff;text-decoration: underline\" href=\"http:\/\/www.impa.br\/opencms\/pt\/\">Instituto de Matem\u00e1tica Pura e Aplicada<\/a><\/span><\/span>).<\/li>\n<li>P\u00e1gina do <span style=\"text-decoration: underline\"><span style=\"color: #0000ff\"><a style=\"color: #0000ff;text-decoration: underline\" href=\"http:\/\/www.ime.usp.br\">Instituto de Matem\u00e1tica e Estat\u00edstica<\/a><\/span><\/span> da Universidade de S\u00e3o Paulo, USP.<\/li>\n<li>sbm (<span style=\"text-decoration: underline\"><span style=\"color: #0000ff\"><a style=\"color: #0000ff;text-decoration: underline\" href=\"http:\/\/www.sbm.org.br\/\">Sociedade Brasileira de Matem\u00e1tica<\/a><\/span><\/span>).<\/li>\n<\/ul>\n<p>CURIOSIDADES,<\/p>\n<ul>\n<li><span style=\"text-decoration: underline\"><span style=\"color: #0000ff\"><a style=\"color: #0000ff;text-decoration: underline\" href=\"http:\/\/mathworld.wolfram.com\/\">MathWorld<\/a><\/span><\/span><\/li>\n<li><span style=\"text-decoration: underline\"><span style=\"color: #0000ff\"><a style=\"color: #0000ff;text-decoration: underline\" href=\"http:\/\/www.somatematica.com.br\/\">S\u00f3 Matem\u00e1tica<\/a><\/span><\/span>.<\/li>\n<li>\u00a0<span style=\"text-decoration: underline\"><span style=\"color: #0000ff\"><a style=\"color: #0000ff;text-decoration: underline\" href=\"http:\/\/fatosmatematicos.blogspot.com\/\">http:\/\/fatosmatematicos.blogspot.com\/<\/a><\/span><\/span><\/li>\n<li>\u00a0<span style=\"text-decoration: underline\"><span style=\"color: #0000ff\"><a style=\"color: #0000ff;text-decoration: underline\" href=\"http:\/\/matematica.com.br\/site\/index.php\">http:\/\/matematica.com.br\/site\/index.php<\/a><\/span><\/span>.<\/li>\n<li><span style=\"text-decoration: underline\"><span style=\"color: #0000ff;text-decoration: underline\"><a style=\"color: #0000ff;text-decoration: underline\" href=\"http:\/\/www-history.mcs.st-andrews.ac.uk\/history\/\">http:\/\/www-history.mcs.st-andrews.ac.uk\/history\/<\/a><\/span><\/span><\/li>\n<li><span style=\"text-decoration: underline\"><span style=\"color: #0000ff;text-decoration: underline\"><a style=\"color: #0000ff;text-decoration: underline\" href=\"http:\/\/minerva.ufpel.edu.br\/%7Emauricio.zahn\/tikz.html\">Exemplos e explica\u00e7\u00f5es<\/a><\/span><\/span> de como usar o pacote tikz para montar diagramas em latex. Desenhos mais elaborados, exemplos e anima\u00e7\u00f5es podem ser encontrados em <span style=\"text-decoration: underline\"><span style=\"color: #0000ff;text-decoration: underline\"><a style=\"color: #0000ff;text-decoration: underline\" href=\"http:\/\/www.texample.net\/tikz\/examples\/area\/mathematics\/\">http:\/\/www.texample.net\/tikz\/examples\/area\/mathematics\/<\/a><\/span><\/span><\/li>\n<li><span style=\"text-decoration: underline\"><span style=\"color: #0000ff\"><a style=\"color: #0000ff;text-decoration: underline\" href=\"http:\/\/crazyproject.wordpress.com\/mega-index\/\">http:\/\/crazyproject.wordpress.com\/mega-index\/<\/a><\/span><\/span><\/li>\n<\/ul>\n<p>ARTIGOS LIVRES PARA BAIXAR:<\/p>\n<ul>\n<li><span style=\"text-decoration: underline\"><span style=\"color: #0000ff\"><a style=\"color: #0000ff;text-decoration: underline\" href=\"http:\/\/arxiv.org\/archive\/math\">http:\/\/arxiv.org\/archive\/math<\/a><\/span><\/span><\/li>\n<li>Jornal eletr\u00f4nico <span style=\"text-decoration: underline\"><span style=\"color: #0000ff\"><a style=\"color: #0000ff;text-decoration: underline\" href=\"https:\/\/eudml.org\/journal\/10259\">Studia Mathematica<\/a><\/span><\/span><\/li>\n<li>Jornal eletr\u00f4nico <span style=\"text-decoration: underline\"><span style=\"color: #0000ff;text-decoration: underline\">&#8220;<a style=\"color: #0000ff;text-decoration: underline\" href=\"http:\/\/www.emis.de\/journals\/AFA\/\">Annals of Functional Analysis<\/a>&#8220;<\/span><\/span>.<\/li>\n<li>Jornal eletr\u00f4nico<span style=\"text-decoration: underline\"><span style=\"color: #0000ff;text-decoration: underline\"> &#8220;<a id=\"Commentati\" style=\"color: #0000ff;text-decoration: underline\" href=\"http:\/\/cmuc.karlin.mff.cuni.cz\" name=\"Commentati\">Commentationes Mathematicae Universitatis Carolinae<\/a>&#8220;<\/span><\/span><\/li>\n<li>Jornal eletr\u00f4nico <span style=\"text-decoration: underline\"><span style=\"color: #0000ff;text-decoration: underline\">&#8220;<a id=\"Extracta\" style=\"color: #0000ff;text-decoration: underline\" href=\"http:\/\/www.eweb.unex.es\/eweb\/extracta\/\" name=\"Extracta\">Extracta Mathematicae<\/a>&#8220;<\/span><\/span><\/li>\n<\/ul>\n<ul>\n<li>Site da <span style=\"text-decoration: underline\"><span style=\"color: #0000ff;text-decoration: underline\">&#8220;<a style=\"color: #0000ff;text-decoration: underline\" href=\"http:\/\/www.emis.de\/ELibM.html\">livraria eletr\u00f4nica de matem\u00e1tica<\/a>&#8220;<\/span><\/span><\/li>\n<\/ul>\n","protected":false},"excerpt":{"rendered":"<p>INSTITUI\u00c7\u00d5ES P\u00e1gina da Matem\u00e1tica da UFRGS. Impa (Instituto de Matem\u00e1tica Pura e Aplicada). P\u00e1gina do Instituto de Matem\u00e1tica e Estat\u00edstica da Universidade de S\u00e3o Paulo, USP. sbm (Sociedade Brasileira de Matem\u00e1tica). CURIOSIDADES, MathWorld S\u00f3 Matem\u00e1tica. \u00a0http:\/\/fatosmatematicos.blogspot.com\/ \u00a0http:\/\/matematica.com.br\/site\/index.php. http:\/\/www-history.mcs.st-andrews.ac.uk\/history\/ Exemplos e explica\u00e7\u00f5es de como usar o pacote tikz para montar diagramas em latex. Desenhos mais elaborados, [&hellip;]<\/p>\n","protected":false},"author":466,"featured_media":0,"parent":0,"menu_order":2,"comment_status":"closed","ping_status":"closed","template":"","meta":{"jetpack_post_was_ever_published":false,"footnotes":""},"class_list":["post-141","page","type-page","status-publish","hentry"],"jetpack_sharing_enabled":true,"jetpack_shortlink":"https:\/\/wp.me\/P7sk8J-2h","_links":{"self":[{"href":"https:\/\/wp.ufpel.edu.br\/matematicanoturno\/wp-json\/wp\/v2\/pages\/141","targetHints":{"allow":["GET"]}}],"collection":[{"href":"https:\/\/wp.ufpel.edu.br\/matematicanoturno\/wp-json\/wp\/v2\/pages"}],"about":[{"href":"https:\/\/wp.ufpel.edu.br\/matematicanoturno\/wp-json\/wp\/v2\/types\/page"}],"author":[{"embeddable":true,"href":"https:\/\/wp.ufpel.edu.br\/matematicanoturno\/wp-json\/wp\/v2\/users\/466"}],"replies":[{"embeddable":true,"href":"https:\/\/wp.ufpel.edu.br\/matematicanoturno\/wp-json\/wp\/v2\/comments?post=141"}],"version-history":[{"count":9,"href":"https:\/\/wp.ufpel.edu.br\/matematicanoturno\/wp-json\/wp\/v2\/pages\/141\/revisions"}],"predecessor-version":[{"id":342,"href":"https:\/\/wp.ufpel.edu.br\/matematicanoturno\/wp-json\/wp\/v2\/pages\/141\/revisions\/342"}],"wp:attachment":[{"href":"https:\/\/wp.ufpel.edu.br\/matematicanoturno\/wp-json\/wp\/v2\/media?parent=141"}],"curies":[{"name":"wp","href":"https:\/\/api.w.org\/{rel}","templated":true}]}}