{"id":34,"date":"2017-08-24T09:28:59","date_gmt":"2017-08-24T12:28:59","guid":{"rendered":"https:\/\/wp.ufpel.edu.br\/matematicanopokemongo\/?page_id=34"},"modified":"2017-08-29T14:43:24","modified_gmt":"2017-08-29T17:43:24","slug":"voce-conhece-pokemon-go","status":"publish","type":"page","link":"https:\/\/wp.ufpel.edu.br\/matematicanopokemongo\/voce-conhece-pokemon-go\/","title":{"rendered":"1 &#8211; Voc\u00ea Conhece Pok\u00e9mon GO?"},"content":{"rendered":"<p align=\"justify\"><strong>O Pok\u00e9mon GO \u00e9 um jogo concebido para ser utilizado em Smartphones e que utiliza a geolocaliza\u00e7\u00e3o embutida no GPS (<i>Global Positioning System<\/i>) do aparelho e, por meio da c\u00e2mera do mesmo, insere os Pok\u00e9mons para que voc\u00ea, de posse do aparelho, possa v\u00ea-lo e ent\u00e3o captur\u00e1-lo, como na figura 1.<\/strong><\/p>\n<div id=\"attachment_56\" style=\"width: 410px\" class=\"wp-caption aligncenter\"><img aria-describedby=\"caption-attachment-56\" class=\"size-medium wp-image-56\" src=\"https:\/\/wp.ufpel.edu.br\/matematicanopokemongo\/files\/2017\/08\/Figura1-400x226.jpg\" alt=\"\" width=\"400\" height=\"226\" srcset=\"https:\/\/wp.ufpel.edu.br\/matematicanopokemongo\/files\/2017\/08\/Figura1-400x226.jpg 400w, https:\/\/wp.ufpel.edu.br\/matematicanopokemongo\/files\/2017\/08\/Figura1.jpg 690w\" sizes=\"(max-width: 400px) 100vw, 400px\" \/><p id=\"caption-attachment-56\" class=\"wp-caption-text\"><\/strong> <strong>Figura 1<\/strong><br \/><strong>Fonte: [1]<\/strong><\/p><\/div>\n","protected":false},"excerpt":{"rendered":"<p>O Pok\u00e9mon GO \u00e9 um jogo concebido para ser utilizado em Smartphones e que utiliza a geolocaliza\u00e7\u00e3o embutida no GPS (Global Positioning System) do aparelho e, por meio da c\u00e2mera do mesmo, insere os Pok\u00e9mons para que voc\u00ea, de posse do aparelho, possa v\u00ea-lo e ent\u00e3o captur\u00e1-lo, como na figura 1.<\/p>\n","protected":false},"author":734,"featured_media":0,"parent":0,"menu_order":0,"comment_status":"closed","ping_status":"closed","template":"","meta":{"footnotes":""},"class_list":["post-34","page","type-page","status-publish","hentry"],"_links":{"self":[{"href":"https:\/\/wp.ufpel.edu.br\/matematicanopokemongo\/wp-json\/wp\/v2\/pages\/34","targetHints":{"allow":["GET"]}}],"collection":[{"href":"https:\/\/wp.ufpel.edu.br\/matematicanopokemongo\/wp-json\/wp\/v2\/pages"}],"about":[{"href":"https:\/\/wp.ufpel.edu.br\/matematicanopokemongo\/wp-json\/wp\/v2\/types\/page"}],"author":[{"embeddable":true,"href":"https:\/\/wp.ufpel.edu.br\/matematicanopokemongo\/wp-json\/wp\/v2\/users\/734"}],"replies":[{"embeddable":true,"href":"https:\/\/wp.ufpel.edu.br\/matematicanopokemongo\/wp-json\/wp\/v2\/comments?post=34"}],"version-history":[{"count":5,"href":"https:\/\/wp.ufpel.edu.br\/matematicanopokemongo\/wp-json\/wp\/v2\/pages\/34\/revisions"}],"predecessor-version":[{"id":144,"href":"https:\/\/wp.ufpel.edu.br\/matematicanopokemongo\/wp-json\/wp\/v2\/pages\/34\/revisions\/144"}],"wp:attachment":[{"href":"https:\/\/wp.ufpel.edu.br\/matematicanopokemongo\/wp-json\/wp\/v2\/media?parent=34"}],"curies":[{"name":"wp","href":"https:\/\/api.w.org\/{rel}","templated":true}]}}