{"id":136,"date":"2017-08-28T19:11:40","date_gmt":"2017-08-28T22:11:40","guid":{"rendered":"https:\/\/wp.ufpel.edu.br\/matematicanopokemongo\/?page_id=136"},"modified":"2017-09-18T15:08:23","modified_gmt":"2017-09-18T18:08:23","slug":"componentes","status":"publish","type":"page","link":"https:\/\/wp.ufpel.edu.br\/matematicanopokemongo\/componentes\/","title":{"rendered":"Componentes"},"content":{"rendered":"<h3><strong>Coordena\u00e7\u00e3o:<\/strong><\/h3>\n<h3>Lisandra Sauer &#8211; Professora UFPel<\/h3>\n<h3><\/h3>\n<h3><strong>Componentes:<\/strong><\/h3>\n<h3><strong>Docente:<\/strong><\/h3>\n<h3>Cydara Cavedon Ripoll &#8211; Professora UFRGS<\/h3>\n<h3><strong>Alunos:<\/strong><\/h3>\n<h3>Andr\u00e9ia Sell Quandt<\/h3>\n<h3>Fernanda da Silva Anselmi Specht<\/h3>\n<h3><strong>Francisco Dias Franco<\/strong><\/h3>\n<h3>Let\u00edcia Nein Parnoff<\/h3>\n<h3>Liane Blank Schneider<\/h3>\n<h3>Marcelo Wellington Tancini Vieira<\/h3>\n<h3>Michael Pereira dos Santos<\/h3>\n<h3>Quelen Corr\u00eaa Furtado<\/h3>\n","protected":false},"excerpt":{"rendered":"<p>Coordena\u00e7\u00e3o: Lisandra Sauer &#8211; Professora UFPel Componentes: Docente: Cydara Cavedon Ripoll &#8211; Professora UFRGS Alunos: Andr\u00e9ia Sell Quandt Fernanda da Silva Anselmi Specht Francisco Dias Franco Let\u00edcia Nein Parnoff Liane Blank Schneider Marcelo Wellington Tancini Vieira Michael Pereira dos Santos Quelen Corr\u00eaa Furtado<\/p>\n","protected":false},"author":734,"featured_media":0,"parent":0,"menu_order":0,"comment_status":"closed","ping_status":"closed","template":"","meta":{"footnotes":""},"class_list":["post-136","page","type-page","status-publish","hentry"],"_links":{"self":[{"href":"https:\/\/wp.ufpel.edu.br\/matematicanopokemongo\/wp-json\/wp\/v2\/pages\/136","targetHints":{"allow":["GET"]}}],"collection":[{"href":"https:\/\/wp.ufpel.edu.br\/matematicanopokemongo\/wp-json\/wp\/v2\/pages"}],"about":[{"href":"https:\/\/wp.ufpel.edu.br\/matematicanopokemongo\/wp-json\/wp\/v2\/types\/page"}],"author":[{"embeddable":true,"href":"https:\/\/wp.ufpel.edu.br\/matematicanopokemongo\/wp-json\/wp\/v2\/users\/734"}],"replies":[{"embeddable":true,"href":"https:\/\/wp.ufpel.edu.br\/matematicanopokemongo\/wp-json\/wp\/v2\/comments?post=136"}],"version-history":[{"count":6,"href":"https:\/\/wp.ufpel.edu.br\/matematicanopokemongo\/wp-json\/wp\/v2\/pages\/136\/revisions"}],"predecessor-version":[{"id":151,"href":"https:\/\/wp.ufpel.edu.br\/matematicanopokemongo\/wp-json\/wp\/v2\/pages\/136\/revisions\/151"}],"wp:attachment":[{"href":"https:\/\/wp.ufpel.edu.br\/matematicanopokemongo\/wp-json\/wp\/v2\/media?parent=136"}],"curies":[{"name":"wp","href":"https:\/\/api.w.org\/{rel}","templated":true}]}}