{"id":123,"date":"2017-08-28T19:02:52","date_gmt":"2017-08-28T22:02:52","guid":{"rendered":"https:\/\/wp.ufpel.edu.br\/matematicanopokemongo\/?page_id=123"},"modified":"2017-08-28T19:03:14","modified_gmt":"2017-08-28T22:03:14","slug":"atividade-5-simulando-um-gps-para-o-plano-em-elaboracao","status":"publish","type":"page","link":"https:\/\/wp.ufpel.edu.br\/matematicanopokemongo\/atividade-5-simulando-um-gps-para-o-plano-em-elaboracao\/","title":{"rendered":"Atividade 5) Simulando um GPS para o plano (em elabora\u00e7\u00e3o)"},"content":{"rendered":"<p>&nbsp;<\/p>\n<p>&nbsp;<\/p>\n<p>&nbsp;<\/p>\n<p><span style=\"font-size: small\"><span style=\"color: #000000\"><strong>Ideia:<\/strong> Baseado em (v) acima \u00e9 poss\u00edvel propor uma atividade a ser realizada com as crian\u00e7as de v\u00e1rias idades, <\/span><span style=\"color: #000000\"> dando-lhes uma corda de YY m que ela utilizar\u00e1 para determinar todos os poss\u00edveis lugares com chance de encontrarmos o tesouro<\/span><span style=\"color: #000000\">. <\/span><\/span><\/p>\n","protected":false},"excerpt":{"rendered":"<p>&nbsp; &nbsp; &nbsp; Ideia: Baseado em (v) acima \u00e9 poss\u00edvel propor uma atividade a ser realizada com as crian\u00e7as de v\u00e1rias idades, dando-lhes uma corda de YY m que ela utilizar\u00e1 para determinar todos os poss\u00edveis lugares com chance de encontrarmos o tesouro.<\/p>\n","protected":false},"author":734,"featured_media":0,"parent":0,"menu_order":0,"comment_status":"closed","ping_status":"closed","template":"","meta":{"_crdt_document":"","footnotes":""},"class_list":["post-123","page","type-page","status-publish","hentry"],"_links":{"self":[{"href":"https:\/\/wp.ufpel.edu.br\/matematicanopokemongo\/wp-json\/wp\/v2\/pages\/123","targetHints":{"allow":["GET"]}}],"collection":[{"href":"https:\/\/wp.ufpel.edu.br\/matematicanopokemongo\/wp-json\/wp\/v2\/pages"}],"about":[{"href":"https:\/\/wp.ufpel.edu.br\/matematicanopokemongo\/wp-json\/wp\/v2\/types\/page"}],"author":[{"embeddable":true,"href":"https:\/\/wp.ufpel.edu.br\/matematicanopokemongo\/wp-json\/wp\/v2\/users\/734"}],"replies":[{"embeddable":true,"href":"https:\/\/wp.ufpel.edu.br\/matematicanopokemongo\/wp-json\/wp\/v2\/comments?post=123"}],"version-history":[{"count":1,"href":"https:\/\/wp.ufpel.edu.br\/matematicanopokemongo\/wp-json\/wp\/v2\/pages\/123\/revisions"}],"predecessor-version":[{"id":125,"href":"https:\/\/wp.ufpel.edu.br\/matematicanopokemongo\/wp-json\/wp\/v2\/pages\/123\/revisions\/125"}],"wp:attachment":[{"href":"https:\/\/wp.ufpel.edu.br\/matematicanopokemongo\/wp-json\/wp\/v2\/media?parent=123"}],"curies":[{"name":"wp","href":"https:\/\/api.w.org\/{rel}","templated":true}]}}