{"id":393,"date":"2016-04-12T09:19:34","date_gmt":"2016-04-12T12:19:34","guid":{"rendered":"https:\/\/wp.ufpel.edu.br\/matematicadiurno\/?page_id=393"},"modified":"2025-05-27T13:42:33","modified_gmt":"2025-05-27T16:42:33","slug":"quero-ser-aluno","status":"publish","type":"page","link":"https:\/\/wp.ufpel.edu.br\/matematicadiurno\/quero-ser-aluno\/","title":{"rendered":"QUERO SER ALUNO"},"content":{"rendered":"<p><span style=\"color: #000000;\"><a style=\"color: #000000;\" href=\"https:\/\/wp.ufpel.edu.br\/cra\/portador-de-diploma\/\">Ingresso como Portador de Diploma<\/a><\/span><\/p>\n<p><span style=\"color: #000000;\"><a href=\"https:\/\/wp.ufpel.edu.br\/cra\/reingresso\/\">Reingresso<\/a><\/span><\/p>\n<p><a href=\"https:\/\/wp.ufpel.edu.br\/cra\/atividades-isoladas\/\">Regime Especial<\/a><\/p>\n<p><span style=\"color: #000000;\"><a style=\"color: #000000;\" href=\"https:\/\/wp.ufpel.edu.br\/cra\/reopcao\/\">Reop\u00e7\u00e3o<\/a><\/span><\/p>\n<p><a href=\"https:\/\/wp.ufpel.edu.br\/cra\/formas-de-ingresso\/retomada-de-estudos\/\">Retomada de Estudos<\/a><\/p>\n<p><a href=\"https:\/\/wp.ufpel.edu.br\/cra\/processo-seletivo-especial\/\">Processo Seletivo Especial<\/a><\/p>\n<p><span style=\"color: #000000;\"><a style=\"color: #000000;\" href=\"https:\/\/wp.ufpel.edu.br\/cra\/transferencia-compulsoria\/\">Transfer\u00eancia Compuls\u00f3ria<\/a><\/span><\/p>\n<p><span style=\"color: #000000;\"><a href=\"https:\/\/wp.ufpel.edu.br\/cra\/transferencia-voluntaria\/\">Transfer\u00eancia Volunt\u00e1ria<\/a><\/span><\/p>\n<p>&nbsp;<\/p>\n","protected":false},"excerpt":{"rendered":"<p>Ingresso como Portador de Diploma Reingresso Regime Especial Reop\u00e7\u00e3o Retomada de Estudos Processo Seletivo Especial Transfer\u00eancia Compuls\u00f3ria Transfer\u00eancia Volunt\u00e1ria &nbsp;<\/p>\n","protected":false},"author":481,"featured_media":0,"parent":0,"menu_order":0,"comment_status":"closed","ping_status":"closed","template":"","meta":{"jetpack_post_was_ever_published":false,"footnotes":""},"class_list":["post-393","page","type-page","status-publish","hentry"],"jetpack_sharing_enabled":true,"jetpack_shortlink":"https:\/\/wp.me\/P7jT0y-6l","_links":{"self":[{"href":"https:\/\/wp.ufpel.edu.br\/matematicadiurno\/wp-json\/wp\/v2\/pages\/393","targetHints":{"allow":["GET"]}}],"collection":[{"href":"https:\/\/wp.ufpel.edu.br\/matematicadiurno\/wp-json\/wp\/v2\/pages"}],"about":[{"href":"https:\/\/wp.ufpel.edu.br\/matematicadiurno\/wp-json\/wp\/v2\/types\/page"}],"author":[{"embeddable":true,"href":"https:\/\/wp.ufpel.edu.br\/matematicadiurno\/wp-json\/wp\/v2\/users\/481"}],"replies":[{"embeddable":true,"href":"https:\/\/wp.ufpel.edu.br\/matematicadiurno\/wp-json\/wp\/v2\/comments?post=393"}],"version-history":[{"count":10,"href":"https:\/\/wp.ufpel.edu.br\/matematicadiurno\/wp-json\/wp\/v2\/pages\/393\/revisions"}],"predecessor-version":[{"id":2354,"href":"https:\/\/wp.ufpel.edu.br\/matematicadiurno\/wp-json\/wp\/v2\/pages\/393\/revisions\/2354"}],"wp:attachment":[{"href":"https:\/\/wp.ufpel.edu.br\/matematicadiurno\/wp-json\/wp\/v2\/media?parent=393"}],"curies":[{"name":"wp","href":"https:\/\/api.w.org\/{rel}","templated":true}]}}

<p><span style="color: #000000;"><a style="color: #000000;" href="https://wp.ufpel.edu.br/cra/portador-de-diploma/">Ingresso como Portador de Diploma</a></span></p>
<p><span style="color: #000000;"><a href="https://wp.ufpel.edu.br/cra/reingresso/">Reingresso</a></span></p>
<p><a href="https://wp.ufpel.edu.br/cra/atividades-isoladas/">Regime Especial</a></p>
<p><span style="color: #000000;"><a style="color: #000000;" href="https://wp.ufpel.edu.br/cra/reopcao/">Reopção</a></span></p>
<p><a href="https://wp.ufpel.edu.br/cra/formas-de-ingresso/retomada-de-estudos/">Retomada de Estudos</a></p>
<p><a href="https://wp.ufpel.edu.br/cra/processo-seletivo-especial/">Processo Seletivo Especial</a></p>
<p><span style="color: #000000;"><a style="color: #000000;" href="https://wp.ufpel.edu.br/cra/transferencia-compulsoria/">Transferência Compulsória</a></span></p>
<p><span style="color: #000000;"><a href="https://wp.ufpel.edu.br/cra/transferencia-voluntaria/">Transferência Voluntária</a></span></p>
<p>&nbsp;</p>

<p>Ingresso como Portador de Diploma Reingresso Regime Especial Reopção Retomada de Estudos Processo Seletivo Especial Transferência Compulsória Transferência Voluntária &nbsp;</p>
