{"id":379,"date":"2016-04-11T16:07:37","date_gmt":"2016-04-11T19:07:37","guid":{"rendered":"https:\/\/wp.ufpel.edu.br\/matematicadiurno\/?page_id=379"},"modified":"2018-11-26T17:03:32","modified_gmt":"2018-11-26T19:03:32","slug":"frequencia-e-atestados-medicos","status":"publish","type":"page","link":"https:\/\/wp.ufpel.edu.br\/matematicadiurno\/frequencia-e-atestados-medicos\/","title":{"rendered":"Frequ\u00eancia e Atestados M\u00e9dicos"},"content":{"rendered":"<ul>\n<li style=\"text-align: justify\"><span style=\"color: #000000\">o abono de faltas s\u00f3 \u00e9 poss\u00edvel nos seguintes casos &#8211; <a href=\"https:\/\/wp.ufpel.edu.br\/cra\/abono-de-faltas\/\"><span style=\"color: #0000ff\">clique aqui<\/span><\/a> , mas orienta-se a justific\u00e1-las sempre que poss\u00edvel.<\/span><\/li>\n<\/ul>\n<p style=\"text-align: justify\"><span style=\"color: #000000\">A frequ\u00eancia \u00e9 obrigat\u00f3ria em todas as atividades curriculares (te\u00f3ricas e pr\u00e1ticas) propostas nos planos de ensino.<br \/>\nPara obter a aprova\u00e7\u00e3o nos componentes curriculares o discente deve atingir a m\u00e9dia e a frequ\u00eancia m\u00ednima legal. O discente que n\u00e3o frequentar, pelo menos, 75% das aulas ser\u00e1 reprovado por infrequ\u00eancia independente da nota obtida. Para atividades de est\u00e1gio curricular obrigat\u00f3rio e internato, a frequ\u00eancia dever\u00e1 ser integral.<\/span><\/p>\n<p style=\"text-align: justify\"><span style=\"color: #000000\">A justificativa para faltas por motivo de doen\u00e7a ou outros n\u00e3o poder\u00e1 exceder o limite m\u00e1ximo de faltas previsto para o semestre, ou seja, 25%. H\u00e1 situa\u00e7\u00f5es previstas em lei nas quais o aluno pode ausentar-se das aulas, desde que realize exerc\u00edcios domiciliares.<\/span><\/p>\n<p style=\"text-align: justify\"><span style=\"color: #000000\">Caso a aluno precise faltar \u00e0s aulas por motivo de doen\u00e7a (por 3 dias ou menos) ou por ter participado de evento, dever\u00e1 preencher o formul\u00e1rio com sua justificativa e entregar no Colegiado do Curso, anexando a documenta\u00e7\u00e3o comprobat\u00f3ria, por\u00e9m isso n\u00e3o abonar\u00e1 a falta na disciplina, apenas a justificar\u00e1.<\/span><\/p>\n<ul style=\"text-align: justify\">\n<li><span style=\"color: #000000\">Atestados m\u00e9dicos n\u00e3o abonam faltas; atestados inferiores a 3 dias permitem aos alunos realizarem avalia\u00e7\u00f5es e entrega de trabalhos com novo agendamento; e atestados superiores a este prazo possibilitam ao aluno o tratamento excepcional (exerc\u00edcios domiciliares), conforme an\u00e1lise da Per\u00edcia.<\/span><\/li>\n<\/ul>\n<p style=\"text-align: justify\"><span style=\"color: #0000ff\"><a style=\"color: #0000ff\" href=\"https:\/\/wp.ufpel.edu.br\/matematicadiurno\/files\/2018\/11\/JUSTIFICATIVA-DE-FALTAS.pdf\">Formul\u00e1rio para justificativa de faltas<\/a><\/span><\/p>\n<p style=\"text-align: justify\"><em>Fonte: <\/em><span style=\"color: #0000ff\"><a style=\"color: #0000ff\" href=\"https:\/\/wp.ufpel.edu.br\/scs\/files\/2018\/09\/SEI_Resolu%C3%A7%C3%A3o-29.2018-Regulamento-Ensino-de-Gradua%C3%A7%C3%A3o-I.pdf\"><em>Regulamento do Ensino de Gradua\u00e7\u00e3o<\/em><\/a><\/span><\/p>\n","protected":false},"excerpt":{"rendered":"<p>o abono de faltas s\u00f3 \u00e9 poss\u00edvel nos seguintes casos &#8211; clique aqui , mas orienta-se a justific\u00e1-las sempre que poss\u00edvel. A frequ\u00eancia \u00e9 obrigat\u00f3ria em todas as atividades curriculares (te\u00f3ricas e pr\u00e1ticas) propostas nos planos de ensino. Para obter a aprova\u00e7\u00e3o nos componentes curriculares o discente deve atingir a m\u00e9dia e a frequ\u00eancia m\u00ednima [&hellip;]<\/p>\n","protected":false},"author":481,"featured_media":0,"parent":0,"menu_order":0,"comment_status":"closed","ping_status":"closed","template":"","meta":{"jetpack_post_was_ever_published":false,"footnotes":""},"class_list":["post-379","page","type-page","status-publish","hentry"],"jetpack_sharing_enabled":true,"jetpack_shortlink":"https:\/\/wp.me\/P7jT0y-67","_links":{"self":[{"href":"https:\/\/wp.ufpel.edu.br\/matematicadiurno\/wp-json\/wp\/v2\/pages\/379","targetHints":{"allow":["GET"]}}],"collection":[{"href":"https:\/\/wp.ufpel.edu.br\/matematicadiurno\/wp-json\/wp\/v2\/pages"}],"about":[{"href":"https:\/\/wp.ufpel.edu.br\/matematicadiurno\/wp-json\/wp\/v2\/types\/page"}],"author":[{"embeddable":true,"href":"https:\/\/wp.ufpel.edu.br\/matematicadiurno\/wp-json\/wp\/v2\/users\/481"}],"replies":[{"embeddable":true,"href":"https:\/\/wp.ufpel.edu.br\/matematicadiurno\/wp-json\/wp\/v2\/comments?post=379"}],"version-history":[{"count":9,"href":"https:\/\/wp.ufpel.edu.br\/matematicadiurno\/wp-json\/wp\/v2\/pages\/379\/revisions"}],"predecessor-version":[{"id":1572,"href":"https:\/\/wp.ufpel.edu.br\/matematicadiurno\/wp-json\/wp\/v2\/pages\/379\/revisions\/1572"}],"wp:attachment":[{"href":"https:\/\/wp.ufpel.edu.br\/matematicadiurno\/wp-json\/wp\/v2\/media?parent=379"}],"curies":[{"name":"wp","href":"https:\/\/api.w.org\/{rel}","templated":true}]}}