{"id":1703,"date":"2019-03-21T14:17:28","date_gmt":"2019-03-21T17:17:28","guid":{"rendered":"https:\/\/wp.ufpel.edu.br\/matematicadiurno\/?page_id=1703"},"modified":"2019-03-21T14:32:22","modified_gmt":"2019-03-21T17:32:22","slug":"atividades-extras","status":"publish","type":"page","link":"https:\/\/wp.ufpel.edu.br\/matematicadiurno\/atividades-extras\/","title":{"rendered":"Atividades Extras"},"content":{"rendered":"<p><strong><span style=\"color: #000000\">Defini\u00e7\u00e3o<\/span><\/strong><\/p>\n<p style=\"text-align: justify\"><span style=\"color: #000000\">As Atividades Extras s\u00e3o atividades de ensino, pesquisa e extens\u00e3o realizadas por estudantes fora de seus hor\u00e1rios de aula. Podem, inclusive, serem inseridas as jornadas dos alunos bolsistas de Inicia\u00e7\u00e3o ao Trabalho ou de Desenvolvimento Institucional e est\u00e1gios curriculares.<\/span><\/p>\n<p style=\"text-align: justify\"><span style=\"color: #000000\">Os atestados poder\u00e3o ser usados para comprova\u00e7\u00e3o de v\u00ednculo para os mais diversos fins, especialmente para o Restaurante Universit\u00e1rio e para o Cons\u00f3rcio de Transporte Coletivo de Pelotas (PRATI).<br \/>\n<\/span><\/p>\n<p style=\"text-align: justify\"><span style=\"color: #000000\">Os alunos, no entanto, devem ficar atentos, pois o registro fica v\u00e1lido apenas para o per\u00edodo acad\u00eamico (semestre) em vig\u00eancia. A cada mudan\u00e7a de per\u00edodo letivo, deve ser feita nova solicita\u00e7\u00e3o.<\/span><\/p>\n<p><strong><span style=\"color: #000000\">Como solicitar<\/span><\/strong><\/p>\n<p style=\"text-align: justify\"><span style=\"color: #000000\">Estudantes interessados em manter tal registro, para posterior comprova\u00e7\u00e3o, devem procurar seus colegiados, munidos de atestados emitidos pelos seus orientadores de atividade, nos quais constem: nome e matr\u00edcula do aluno, nome do projeto ao qual o aluno est\u00e1 participando, dias e hor\u00e1rios em que as atividades do projeto s\u00e3o desenvolvidas. O Colegiado far\u00e1 o registro dos hor\u00e1rios das atividades e, ap\u00f3s o lan\u00e7amento dos dados no sistema, o pr\u00f3prio aluno poder\u00e1 retirar o atestado final por meio do Cobalto.<\/span><\/p>\n<p style=\"text-align: justify\"><span style=\"color: #000000\">Ser\u00e3o fornecidos dois tipos de documentos comprobat\u00f3rios: no per\u00edodo de f\u00e9rias, ser\u00e1 emitido um atestado de v\u00ednculo, onde constar\u00e3o os dias e hor\u00e1rios das atividades desenvolvidas junto \u00e0 UFPel; j\u00e1 durante o semestre letivo, tais informa\u00e7\u00f5es ser\u00e3o inseridas no atestado de matr\u00edcula.<\/span><\/p>\n<p><strong><span style=\"color: #000000\">Atestado<\/span><\/strong><\/p>\n<p style=\"text-align: justify\"><span style=\"color: #000000\">Para facilitar o trabalho dos orientadores, criamos (como sugest\u00e3o) um modelo para os alunos do Curso de Licenciatura em Matem\u00e1tica:<\/span><\/p>\n<p><span style=\"color: #000000\"><a style=\"color: #000000\" href=\"https:\/\/wp.ufpel.edu.br\/matematicadiurno\/files\/2019\/03\/Atestado-ATIVIDADES-EXTRAS.doc\">Atestado ATIVIDADES EXTRAS<\/a><\/span><\/p>\n","protected":false},"excerpt":{"rendered":"<p>Defini\u00e7\u00e3o As Atividades Extras s\u00e3o atividades de ensino, pesquisa e extens\u00e3o realizadas por estudantes fora de seus hor\u00e1rios de aula. Podem, inclusive, serem inseridas as jornadas dos alunos bolsistas de Inicia\u00e7\u00e3o ao Trabalho ou de Desenvolvimento Institucional e est\u00e1gios curriculares. Os atestados poder\u00e3o ser usados para comprova\u00e7\u00e3o de v\u00ednculo para os mais diversos fins, especialmente [&hellip;]<\/p>\n","protected":false},"author":752,"featured_media":0,"parent":0,"menu_order":0,"comment_status":"closed","ping_status":"closed","template":"","meta":{"jetpack_post_was_ever_published":false,"footnotes":""},"class_list":["post-1703","page","type-page","status-publish","hentry"],"jetpack_sharing_enabled":true,"jetpack_shortlink":"https:\/\/wp.me\/P7jT0y-rt","_links":{"self":[{"href":"https:\/\/wp.ufpel.edu.br\/matematicadiurno\/wp-json\/wp\/v2\/pages\/1703","targetHints":{"allow":["GET"]}}],"collection":[{"href":"https:\/\/wp.ufpel.edu.br\/matematicadiurno\/wp-json\/wp\/v2\/pages"}],"about":[{"href":"https:\/\/wp.ufpel.edu.br\/matematicadiurno\/wp-json\/wp\/v2\/types\/page"}],"author":[{"embeddable":true,"href":"https:\/\/wp.ufpel.edu.br\/matematicadiurno\/wp-json\/wp\/v2\/users\/752"}],"replies":[{"embeddable":true,"href":"https:\/\/wp.ufpel.edu.br\/matematicadiurno\/wp-json\/wp\/v2\/comments?post=1703"}],"version-history":[{"count":4,"href":"https:\/\/wp.ufpel.edu.br\/matematicadiurno\/wp-json\/wp\/v2\/pages\/1703\/revisions"}],"predecessor-version":[{"id":1710,"href":"https:\/\/wp.ufpel.edu.br\/matematicadiurno\/wp-json\/wp\/v2\/pages\/1703\/revisions\/1710"}],"wp:attachment":[{"href":"https:\/\/wp.ufpel.edu.br\/matematicadiurno\/wp-json\/wp\/v2\/media?parent=1703"}],"curies":[{"name":"wp","href":"https:\/\/api.w.org\/{rel}","templated":true}]}}

<p><strong><span style="color: #000000">Definição</span></strong></p>
<p style="text-align: justify"><span style="color: #000000">As Atividades Extras são atividades de ensino, pesquisa e extensão realizadas por estudantes fora de seus horários de aula. Podem, inclusive, serem inseridas as jornadas dos alunos bolsistas de Iniciação ao Trabalho ou de Desenvolvimento Institucional e estágios curriculares.</span></p>
<p style="text-align: justify"><span style="color: #000000">Os atestados poderão ser usados para comprovação de vínculo para os mais diversos fins, especialmente para o Restaurante Universitário e para o Consórcio de Transporte Coletivo de Pelotas (PRATI).<br />
</span></p>
<p style="text-align: justify"><span style="color: #000000">Os alunos, no entanto, devem ficar atentos, pois o registro fica válido apenas para o período acadêmico (semestre) em vigência. A cada mudança de período letivo, deve ser feita nova solicitação.</span></p>
<p><strong><span style="color: #000000">Como solicitar</span></strong></p>
<p style="text-align: justify"><span style="color: #000000">Estudantes interessados em manter tal registro, para posterior comprovação, devem procurar seus colegiados, munidos de atestados emitidos pelos seus orientadores de atividade, nos quais constem: nome e matrícula do aluno, nome do projeto ao qual o aluno está participando, dias e horários em que as atividades do projeto são desenvolvidas. O Colegiado fará o registro dos horários das atividades e, após o lançamento dos dados no sistema, o próprio aluno poderá retirar o atestado final por meio do Cobalto.</span></p>
<p style="text-align: justify"><span style="color: #000000">Serão fornecidos dois tipos de documentos comprobatórios: no período de férias, será emitido um atestado de vínculo, onde constarão os dias e horários das atividades desenvolvidas junto à UFPel; já durante o semestre letivo, tais informações serão inseridas no atestado de matrícula.</span></p>
<p><strong><span style="color: #000000">Atestado</span></strong></p>
<p style="text-align: justify"><span style="color: #000000">Para facilitar o trabalho dos orientadores, criamos (como sugestão) um modelo para os alunos do Curso de Licenciatura em Matemática:</span></p>
<p><span style="color: #000000"><a style="color: #000000" href="https://wp.ufpel.edu.br/matematicadiurno/files/2019/03/Atestado-ATIVIDADES-EXTRAS.doc">Atestado ATIVIDADES EXTRAS</a></span></p>

<p>Definição As Atividades Extras são atividades de ensino, pesquisa e extensão realizadas por estudantes fora de seus horários de aula. Podem, inclusive, serem inseridas as jornadas dos alunos bolsistas de Iniciação ao Trabalho ou de Desenvolvimento Institucional e estágios curriculares. Os atestados poderão ser usados para comprovação de vínculo para os mais diversos fins, especialmente [&hellip;]</p>
