{"id":1605,"date":"2018-12-27T10:19:55","date_gmt":"2018-12-27T12:19:55","guid":{"rendered":"https:\/\/wp.ufpel.edu.br\/matematicadiurno\/?page_id=1605"},"modified":"2018-12-27T10:19:55","modified_gmt":"2018-12-27T12:19:55","slug":"matricula","status":"publish","type":"page","link":"https:\/\/wp.ufpel.edu.br\/matematicadiurno\/matricula\/","title":{"rendered":"Matr\u00edcula"},"content":{"rendered":"<p><a href=\"https:\/\/wp.ufpel.edu.br\/cra\/matricula-de-ingressantes\/\"><span style=\"color: #333399\">Matr\u00edcula de ingressantes<\/span><\/a><\/p>\n<p><span style=\"color: #333399\"><a style=\"color: #333399\" href=\"https:\/\/wp.ufpel.edu.br\/cra\/rematricula\/\">Rematr\u00edcula<\/a><\/span><\/p>\n<p><span style=\"color: #333399\"><a style=\"color: #333399\" href=\"https:\/\/wp.ufpel.edu.br\/cra\/correcao-de-matricula\/\">Corre\u00e7\u00e3o de matr\u00edcula<\/a><\/span><\/p>\n<p><span style=\"color: #333399\"><a style=\"color: #333399\" href=\"https:\/\/wp.ufpel.edu.br\/cra\/matricula-especial\/\">Matr\u00edcula Especial<\/a><\/span><\/p>\n","protected":false},"excerpt":{"rendered":"<p>Matr\u00edcula de ingressantes Rematr\u00edcula Corre\u00e7\u00e3o de matr\u00edcula Matr\u00edcula Especial<\/p>\n","protected":false},"author":752,"featured_media":0,"parent":0,"menu_order":0,"comment_status":"closed","ping_status":"closed","template":"","meta":{"jetpack_post_was_ever_published":false,"footnotes":""},"class_list":["post-1605","page","type-page","status-publish","hentry"],"jetpack_sharing_enabled":true,"jetpack_shortlink":"https:\/\/wp.me\/P7jT0y-pT","_links":{"self":[{"href":"https:\/\/wp.ufpel.edu.br\/matematicadiurno\/wp-json\/wp\/v2\/pages\/1605","targetHints":{"allow":["GET"]}}],"collection":[{"href":"https:\/\/wp.ufpel.edu.br\/matematicadiurno\/wp-json\/wp\/v2\/pages"}],"about":[{"href":"https:\/\/wp.ufpel.edu.br\/matematicadiurno\/wp-json\/wp\/v2\/types\/page"}],"author":[{"embeddable":true,"href":"https:\/\/wp.ufpel.edu.br\/matematicadiurno\/wp-json\/wp\/v2\/users\/752"}],"replies":[{"embeddable":true,"href":"https:\/\/wp.ufpel.edu.br\/matematicadiurno\/wp-json\/wp\/v2\/comments?post=1605"}],"version-history":[{"count":1,"href":"https:\/\/wp.ufpel.edu.br\/matematicadiurno\/wp-json\/wp\/v2\/pages\/1605\/revisions"}],"predecessor-version":[{"id":1607,"href":"https:\/\/wp.ufpel.edu.br\/matematicadiurno\/wp-json\/wp\/v2\/pages\/1605\/revisions\/1607"}],"wp:attachment":[{"href":"https:\/\/wp.ufpel.edu.br\/matematicadiurno\/wp-json\/wp\/v2\/media?parent=1605"}],"curies":[{"name":"wp","href":"https:\/\/api.w.org\/{rel}","templated":true}]}}