{"id":832,"date":"2020-07-17T09:34:06","date_gmt":"2020-07-17T12:34:06","guid":{"rendered":"https:\/\/wp.ufpel.edu.br\/margens\/?page_id=832"},"modified":"2020-08-18T17:03:15","modified_gmt":"2020-08-18T20:03:15","slug":"alem-da-imaginacao","status":"publish","type":"page","link":"https:\/\/wp.ufpel.edu.br\/margens\/alem-da-imaginacao\/","title":{"rendered":"Al\u00e9m da Imagina\u00e7\u00e3o"},"content":{"rendered":"<p style=\"text-align: right\"><span style=\"font-weight: 400;font-size: 18pt\"><strong><em>Bem-vindas crian\u00e7as<\/em><\/strong><\/span><\/p>\n<p style=\"text-align: justify\"><span style=\"font-weight: 400\"> (e adultos tamb\u00e9m) ao m\u00f3dulo de <strong>conta\u00e7\u00e3o de hist\u00f3rias do Margens!<\/strong> Aqui voc\u00eas encontrar\u00e3o tr\u00eas hist\u00f3rias incr\u00edveis inspiradas em nossos projetos e poder\u00e3o passear junto com a gente pela cidade de Pelotas, pelo Passo dos Negros e por outros tantos mundos al\u00e9m da imagina\u00e7\u00e3o. <\/span><\/p>\n<p style=\"text-align: right\"><span style=\"font-size: 14pt\"><em><strong>Vamos conhecer um pouco mais<\/strong><\/em><\/span><\/p>\n<p style=\"text-align: justify\"><span style=\"font-weight: 400\"> sobre as aventuras de Carmen Tereza, Mel, Pa\u00e7oca e Kali? Colorimos, recortamos, colamos e pintamos de tudo! At\u00e9 as sombras entraram na brincadeira! Tudo para criarmos os mais divertidos cen\u00e1rios e personagens para voc\u00eas.<\/span><strong>\u00a0Ent\u00e3o, vamos l\u00e1?\u00a0<\/strong><\/p>\n<p>Assista a hist\u00f3ria de <em><b>Carmen Tereza em Hist\u00f3rias do Passo Dos Negros<\/b><\/em><\/p>\n<p><iframe loading=\"lazy\" title=\"Carmen Tereza em Hist\u00f3rias do Passo dos Negros\" width=\"525\" height=\"295\" src=\"https:\/\/www.youtube.com\/embed\/EwIfJ1OWgjI?feature=oembed\" frameborder=\"0\" allow=\"accelerometer; autoplay; clipboard-write; encrypted-media; gyroscope; picture-in-picture; web-share\" referrerpolicy=\"strict-origin-when-cross-origin\" allowfullscreen><\/iframe><\/p>\n<p><img loading=\"lazy\" decoding=\"async\" data-attachment-id=\"1611\" data-permalink=\"https:\/\/wp.ufpel.edu.br\/margens\/alem-da-imaginacao\/006marg20-transicoescorrente-kid\/\" data-orig-file=\"https:\/\/wp.ufpel.edu.br\/margens\/files\/2020\/08\/006MARG20-Transi\u00e7\u00f5escorrente-kid.png\" data-orig-size=\"2000,85\" data-comments-opened=\"0\" data-image-meta=\"{&quot;aperture&quot;:&quot;0&quot;,&quot;credit&quot;:&quot;&quot;,&quot;camera&quot;:&quot;&quot;,&quot;caption&quot;:&quot;&quot;,&quot;created_timestamp&quot;:&quot;0&quot;,&quot;copyright&quot;:&quot;&quot;,&quot;focal_length&quot;:&quot;0&quot;,&quot;iso&quot;:&quot;0&quot;,&quot;shutter_speed&quot;:&quot;0&quot;,&quot;title&quot;:&quot;&quot;,&quot;orientation&quot;:&quot;0&quot;}\" data-image-title=\"006MARG20-Transi\u00e7\u00f5escorrente-kid\" data-image-description=\"\" data-image-caption=\"\" data-medium-file=\"https:\/\/wp.ufpel.edu.br\/margens\/files\/2020\/08\/006MARG20-Transi\u00e7\u00f5escorrente-kid-400x17.png\" data-large-file=\"https:\/\/wp.ufpel.edu.br\/margens\/files\/2020\/08\/006MARG20-Transi\u00e7\u00f5escorrente-kid-1024x44.png\" class=\"aligncenter size-full wp-image-1611\" src=\"https:\/\/wp.ufpel.edu.br\/margens\/files\/2020\/08\/006MARG20-Transi\u00e7\u00f5escorrente-kid.png\" alt=\"\" width=\"2000\" height=\"85\" srcset=\"https:\/\/wp.ufpel.edu.br\/margens\/files\/2020\/08\/006MARG20-Transi\u00e7\u00f5escorrente-kid.png 2000w, https:\/\/wp.ufpel.edu.br\/margens\/files\/2020\/08\/006MARG20-Transi\u00e7\u00f5escorrente-kid-400x17.png 400w, https:\/\/wp.ufpel.edu.br\/margens\/files\/2020\/08\/006MARG20-Transi\u00e7\u00f5escorrente-kid-1024x44.png 1024w, https:\/\/wp.ufpel.edu.br\/margens\/files\/2020\/08\/006MARG20-Transi\u00e7\u00f5escorrente-kid-768x33.png 768w, https:\/\/wp.ufpel.edu.br\/margens\/files\/2020\/08\/006MARG20-Transi\u00e7\u00f5escorrente-kid-1536x65.png 1536w\" sizes=\"auto, (max-width: 706px) 89vw, (max-width: 767px) 82vw, 740px\" \/><\/p>\n<p>Agora vamos acompanhar <em><b>Mel e Pa\u00e7oca em Uma Festa Muito Doce<\/b><\/em>?<\/p>\n<p><iframe loading=\"lazy\" title=\"Mel e Pa\u00e7oca em Uma Festa Muito Doce\" width=\"525\" height=\"295\" src=\"https:\/\/www.youtube.com\/embed\/I77ah-fic_g?feature=oembed\" frameborder=\"0\" allow=\"accelerometer; autoplay; clipboard-write; encrypted-media; gyroscope; picture-in-picture; web-share\" referrerpolicy=\"strict-origin-when-cross-origin\" allowfullscreen><\/iframe><\/p>\n<p><img loading=\"lazy\" decoding=\"async\" data-attachment-id=\"1611\" data-permalink=\"https:\/\/wp.ufpel.edu.br\/margens\/alem-da-imaginacao\/006marg20-transicoescorrente-kid\/\" data-orig-file=\"https:\/\/wp.ufpel.edu.br\/margens\/files\/2020\/08\/006MARG20-Transi\u00e7\u00f5escorrente-kid.png\" data-orig-size=\"2000,85\" data-comments-opened=\"0\" data-image-meta=\"{&quot;aperture&quot;:&quot;0&quot;,&quot;credit&quot;:&quot;&quot;,&quot;camera&quot;:&quot;&quot;,&quot;caption&quot;:&quot;&quot;,&quot;created_timestamp&quot;:&quot;0&quot;,&quot;copyright&quot;:&quot;&quot;,&quot;focal_length&quot;:&quot;0&quot;,&quot;iso&quot;:&quot;0&quot;,&quot;shutter_speed&quot;:&quot;0&quot;,&quot;title&quot;:&quot;&quot;,&quot;orientation&quot;:&quot;0&quot;}\" data-image-title=\"006MARG20-Transi\u00e7\u00f5escorrente-kid\" data-image-description=\"\" data-image-caption=\"\" data-medium-file=\"https:\/\/wp.ufpel.edu.br\/margens\/files\/2020\/08\/006MARG20-Transi\u00e7\u00f5escorrente-kid-400x17.png\" data-large-file=\"https:\/\/wp.ufpel.edu.br\/margens\/files\/2020\/08\/006MARG20-Transi\u00e7\u00f5escorrente-kid-1024x44.png\" class=\"aligncenter size-full wp-image-1611\" src=\"https:\/\/wp.ufpel.edu.br\/margens\/files\/2020\/08\/006MARG20-Transi\u00e7\u00f5escorrente-kid.png\" alt=\"\" width=\"2000\" height=\"85\" srcset=\"https:\/\/wp.ufpel.edu.br\/margens\/files\/2020\/08\/006MARG20-Transi\u00e7\u00f5escorrente-kid.png 2000w, https:\/\/wp.ufpel.edu.br\/margens\/files\/2020\/08\/006MARG20-Transi\u00e7\u00f5escorrente-kid-400x17.png 400w, https:\/\/wp.ufpel.edu.br\/margens\/files\/2020\/08\/006MARG20-Transi\u00e7\u00f5escorrente-kid-1024x44.png 1024w, https:\/\/wp.ufpel.edu.br\/margens\/files\/2020\/08\/006MARG20-Transi\u00e7\u00f5escorrente-kid-768x33.png 768w, https:\/\/wp.ufpel.edu.br\/margens\/files\/2020\/08\/006MARG20-Transi\u00e7\u00f5escorrente-kid-1536x65.png 1536w\" sizes=\"auto, (max-width: 706px) 89vw, (max-width: 767px) 82vw, 740px\" \/><\/p>\n<p>Vem com a gente tamb\u00e9m conhecer a hist\u00f3ria da <em><b>Kali e As Nereidas do Vale do Arco-\u00cdris<\/b><\/em><\/p>\n<p>&nbsp;<\/p>\n<p><iframe loading=\"lazy\" title=\"Kali e as Nereidas do Vale do Arco-\u00cdris\" width=\"525\" height=\"295\" src=\"https:\/\/www.youtube.com\/embed\/L7zaNtvA_Gs?feature=oembed\" frameborder=\"0\" allow=\"accelerometer; autoplay; clipboard-write; encrypted-media; gyroscope; picture-in-picture; web-share\" referrerpolicy=\"strict-origin-when-cross-origin\" allowfullscreen><\/iframe><\/p>\n<p><span style=\"font-size: 10pt\"><em><span style=\"font-weight: 400\">Hist\u00f3rias criadas por Felipe A. Euz\u00e9bio, r<\/span><span style=\"font-weight: 400\">evis\u00f5es e produ\u00e7\u00e3o pela Equipe Margens.<\/span><\/em><\/span><\/p>\n<p><span style=\"font-size: 10pt\"><em>(Caso precise pode acessar a legenda, clicando no canto do v\u00eddeo!)<\/em><\/span><\/p>\n<p><a href=\"https:\/\/wp.ufpel.edu.br\/margens\/files\/2020\/08\/Caderno-de-Hist\u00f3rias-e-Atividades-Margens.pdf\" target=\"_blank\" rel=\"noopener noreferrer\"><img loading=\"lazy\" decoding=\"async\" data-attachment-id=\"1621\" data-permalink=\"https:\/\/wp.ufpel.edu.br\/margens\/alem-da-imaginacao\/000marg20-header-alem-da-imaginacaolivro\/\" data-orig-file=\"https:\/\/wp.ufpel.edu.br\/margens\/files\/2020\/08\/000MARG20-Header-al\u00e9m-da-imagina\u00e7\u00e3olivro.jpg\" data-orig-size=\"1000,362\" data-comments-opened=\"0\" data-image-meta=\"{&quot;aperture&quot;:&quot;0&quot;,&quot;credit&quot;:&quot;&quot;,&quot;camera&quot;:&quot;&quot;,&quot;caption&quot;:&quot;&quot;,&quot;created_timestamp&quot;:&quot;0&quot;,&quot;copyright&quot;:&quot;&quot;,&quot;focal_length&quot;:&quot;0&quot;,&quot;iso&quot;:&quot;0&quot;,&quot;shutter_speed&quot;:&quot;0&quot;,&quot;title&quot;:&quot;&quot;,&quot;orientation&quot;:&quot;1&quot;}\" data-image-title=\"000MARG20&amp;#8212;Header-al\u00e9m-da-imagina\u00e7\u00e3olivro\" data-image-description=\"\" data-image-caption=\"\" data-medium-file=\"https:\/\/wp.ufpel.edu.br\/margens\/files\/2020\/08\/000MARG20-Header-al\u00e9m-da-imagina\u00e7\u00e3olivro-400x145.jpg\" data-large-file=\"https:\/\/wp.ufpel.edu.br\/margens\/files\/2020\/08\/000MARG20-Header-al\u00e9m-da-imagina\u00e7\u00e3olivro.jpg\" class=\"aligncenter size-full wp-image-1621\" src=\"https:\/\/wp.ufpel.edu.br\/margens\/files\/2020\/08\/000MARG20-Header-al\u00e9m-da-imagina\u00e7\u00e3olivro.jpg\" alt=\"\" width=\"1000\" height=\"362\" srcset=\"https:\/\/wp.ufpel.edu.br\/margens\/files\/2020\/08\/000MARG20-Header-al\u00e9m-da-imagina\u00e7\u00e3olivro.jpg 1000w, https:\/\/wp.ufpel.edu.br\/margens\/files\/2020\/08\/000MARG20-Header-al\u00e9m-da-imagina\u00e7\u00e3olivro-400x145.jpg 400w, https:\/\/wp.ufpel.edu.br\/margens\/files\/2020\/08\/000MARG20-Header-al\u00e9m-da-imagina\u00e7\u00e3olivro-768x278.jpg 768w\" sizes=\"auto, (max-width: 706px) 89vw, (max-width: 767px) 82vw, 740px\" \/><\/a><\/p>\n<p style=\"text-align: justify\"><em><span style=\"font-weight: 400\">Voc\u00ea tamb\u00e9m pode acessar o Caderno de Hist\u00f3rias e Atividades Margens e acompanhar Carmen Tereza, Mel, Pa\u00e7oca, Kali e as Nereidas e uma s\u00e9rie de brincadeiras,<\/span>\u00a0 <strong><a href=\"https:\/\/wp.ufpel.edu.br\/margens\/files\/2020\/08\/Caderno-de-Hist\u00f3rias-e-Atividades-Margens.pdf\" target=\"_blank\" rel=\"noopener noreferrer\">clicando aqui ou na imagem!<\/a><\/strong><\/em><\/p>\n<p><img loading=\"lazy\" decoding=\"async\" data-attachment-id=\"1611\" data-permalink=\"https:\/\/wp.ufpel.edu.br\/margens\/alem-da-imaginacao\/006marg20-transicoescorrente-kid\/\" data-orig-file=\"https:\/\/wp.ufpel.edu.br\/margens\/files\/2020\/08\/006MARG20-Transi\u00e7\u00f5escorrente-kid.png\" data-orig-size=\"2000,85\" data-comments-opened=\"0\" data-image-meta=\"{&quot;aperture&quot;:&quot;0&quot;,&quot;credit&quot;:&quot;&quot;,&quot;camera&quot;:&quot;&quot;,&quot;caption&quot;:&quot;&quot;,&quot;created_timestamp&quot;:&quot;0&quot;,&quot;copyright&quot;:&quot;&quot;,&quot;focal_length&quot;:&quot;0&quot;,&quot;iso&quot;:&quot;0&quot;,&quot;shutter_speed&quot;:&quot;0&quot;,&quot;title&quot;:&quot;&quot;,&quot;orientation&quot;:&quot;0&quot;}\" data-image-title=\"006MARG20-Transi\u00e7\u00f5escorrente-kid\" data-image-description=\"\" data-image-caption=\"\" data-medium-file=\"https:\/\/wp.ufpel.edu.br\/margens\/files\/2020\/08\/006MARG20-Transi\u00e7\u00f5escorrente-kid-400x17.png\" data-large-file=\"https:\/\/wp.ufpel.edu.br\/margens\/files\/2020\/08\/006MARG20-Transi\u00e7\u00f5escorrente-kid-1024x44.png\" class=\"aligncenter size-full wp-image-1611\" src=\"https:\/\/wp.ufpel.edu.br\/margens\/files\/2020\/08\/006MARG20-Transi\u00e7\u00f5escorrente-kid.png\" alt=\"\" width=\"2000\" height=\"85\" srcset=\"https:\/\/wp.ufpel.edu.br\/margens\/files\/2020\/08\/006MARG20-Transi\u00e7\u00f5escorrente-kid.png 2000w, https:\/\/wp.ufpel.edu.br\/margens\/files\/2020\/08\/006MARG20-Transi\u00e7\u00f5escorrente-kid-400x17.png 400w, https:\/\/wp.ufpel.edu.br\/margens\/files\/2020\/08\/006MARG20-Transi\u00e7\u00f5escorrente-kid-1024x44.png 1024w, https:\/\/wp.ufpel.edu.br\/margens\/files\/2020\/08\/006MARG20-Transi\u00e7\u00f5escorrente-kid-768x33.png 768w, https:\/\/wp.ufpel.edu.br\/margens\/files\/2020\/08\/006MARG20-Transi\u00e7\u00f5escorrente-kid-1536x65.png 1536w\" sizes=\"auto, (max-width: 706px) 89vw, (max-width: 767px) 82vw, 740px\" \/><\/p>\n<p style=\"text-align: center\"><a href=\"https:\/\/wp.ufpel.edu.br\/margens\/entre-as-artes\/\" rel=\"noopener noreferrer\"><em>&lt; Voc\u00ea pode voltar clicando aqui<\/em><\/a><\/p>\n<p style=\"text-align: center\"><a href=\"https:\/\/wp.ufpel.edu.br\/margens\/alem-das-margens\/\" rel=\"noopener noreferrer\"><em>Vamos para a pr\u00f3xima p\u00e1gina? &gt;<\/em><\/a><\/p>\n","protected":false},"excerpt":{"rendered":"<p>Bem-vindas crian\u00e7as (e adultos tamb\u00e9m) ao m\u00f3dulo de conta\u00e7\u00e3o de hist\u00f3rias do Margens! Aqui voc\u00eas encontrar\u00e3o tr\u00eas hist\u00f3rias incr\u00edveis inspiradas em nossos projetos e poder\u00e3o passear junto com a gente pela cidade de Pelotas, pelo Passo dos Negros e por outros tantos mundos al\u00e9m da imagina\u00e7\u00e3o. Vamos conhecer um pouco mais sobre as aventuras de &hellip; <\/p>\n<p class=\"link-more\"><a href=\"https:\/\/wp.ufpel.edu.br\/margens\/alem-da-imaginacao\/\" class=\"more-link\">Continue lendo<span class=\"screen-reader-text\"> &#8220;Al\u00e9m da Imagina\u00e7\u00e3o&#8221;<\/span><\/a><\/p>\n","protected":false},"author":1008,"featured_media":1505,"parent":0,"menu_order":0,"comment_status":"closed","ping_status":"closed","template":"","meta":{"footnotes":""},"class_list":["post-832","page","type-page","status-publish","has-post-thumbnail","hentry"],"yoast_head":"<!-- This site is optimized with the Yoast SEO plugin v26.7 - https:\/\/yoast.com\/wordpress\/plugins\/seo\/ -->\n<title>Al\u00e9m da Imagina\u00e7\u00e3o - Margens: Diferentes Formas de Habitar Pelotas<\/title>\n<meta name=\"description\" content=\"Temos tr\u00eas hist\u00f3rias incr\u00edveis inspiradas em nossos projetos e poder\u00e3o passear junto com a gente por Pelotas, pelo Passo dos Negros e por outros mundos\" \/>\n<meta name=\"robots\" content=\"index, follow, max-snippet:-1, max-image-preview:large, max-video-preview:-1\" \/>\n<link rel=\"canonical\" href=\"https:\/\/wp.ufpel.edu.br\/margens\/alem-da-imaginacao\/\" \/>\n<meta property=\"og:locale\" content=\"pt_BR\" \/>\n<meta property=\"og:type\" content=\"article\" \/>\n<meta property=\"og:title\" content=\"Al\u00e9m da Imagina\u00e7\u00e3o - Margens: Diferentes Formas de Habitar Pelotas\" \/>\n<meta property=\"og:description\" content=\"Temos tr\u00eas hist\u00f3rias incr\u00edveis inspiradas em nossos projetos e poder\u00e3o passear junto com a gente por Pelotas, pelo Passo dos Negros e por outros mundos\" \/>\n<meta property=\"og:url\" content=\"https:\/\/wp.ufpel.edu.br\/margens\/alem-da-imaginacao\/\" \/>\n<meta property=\"og:site_name\" content=\"Margens: Diferentes Formas de Habitar Pelotas\" \/>\n<meta property=\"article:modified_time\" content=\"2020-08-18T20:03:15+00:00\" \/>\n<meta property=\"og:image\" content=\"https:\/\/wp.ufpel.edu.br\/margens\/files\/2020\/08\/000MARG20-Header-al\u00e9m-da-imagina\u00e7\u00e3oheader.png\" \/>\n\t<meta property=\"og:image:width\" content=\"2000\" \/>\n\t<meta property=\"og:image:height\" content=\"362\" \/>\n\t<meta property=\"og:image:type\" content=\"image\/png\" \/>\n<meta name=\"twitter:card\" content=\"summary_large_image\" \/>\n<meta name=\"twitter:label1\" content=\"Est. tempo de leitura\" \/>\n\t<meta name=\"twitter:data1\" content=\"1 minuto\" \/>\n<script type=\"application\/ld+json\" class=\"yoast-schema-graph\">{\"@context\":\"https:\/\/schema.org\",\"@graph\":[{\"@type\":\"WebPage\",\"@id\":\"https:\/\/wp.ufpel.edu.br\/margens\/alem-da-imaginacao\/\",\"url\":\"https:\/\/wp.ufpel.edu.br\/margens\/alem-da-imaginacao\/\",\"name\":\"Al\u00e9m da Imagina\u00e7\u00e3o - Margens: Diferentes Formas de Habitar Pelotas\",\"isPartOf\":{\"@id\":\"https:\/\/wp.ufpel.edu.br\/margens\/#website\"},\"primaryImageOfPage\":{\"@id\":\"https:\/\/wp.ufpel.edu.br\/margens\/alem-da-imaginacao\/#primaryimage\"},\"image\":{\"@id\":\"https:\/\/wp.ufpel.edu.br\/margens\/alem-da-imaginacao\/#primaryimage\"},\"thumbnailUrl\":\"https:\/\/wp.ufpel.edu.br\/margens\/files\/2020\/08\/000MARG20-Header-al\u00e9m-da-imagina\u00e7\u00e3oheader.png\",\"datePublished\":\"2020-07-17T12:34:06+00:00\",\"dateModified\":\"2020-08-18T20:03:15+00:00\",\"description\":\"Temos tr\u00eas hist\u00f3rias incr\u00edveis inspiradas em nossos projetos e poder\u00e3o passear junto com a gente por Pelotas, pelo Passo dos Negros e por outros mundos\",\"breadcrumb\":{\"@id\":\"https:\/\/wp.ufpel.edu.br\/margens\/alem-da-imaginacao\/#breadcrumb\"},\"inLanguage\":\"pt-BR\",\"potentialAction\":[{\"@type\":\"ReadAction\",\"target\":[\"https:\/\/wp.ufpel.edu.br\/margens\/alem-da-imaginacao\/\"]}]},{\"@type\":\"ImageObject\",\"inLanguage\":\"pt-BR\",\"@id\":\"https:\/\/wp.ufpel.edu.br\/margens\/alem-da-imaginacao\/#primaryimage\",\"url\":\"https:\/\/wp.ufpel.edu.br\/margens\/files\/2020\/08\/000MARG20-Header-al\u00e9m-da-imagina\u00e7\u00e3oheader.png\",\"contentUrl\":\"https:\/\/wp.ufpel.edu.br\/margens\/files\/2020\/08\/000MARG20-Header-al\u00e9m-da-imagina\u00e7\u00e3oheader.png\",\"width\":2000,\"height\":362},{\"@type\":\"BreadcrumbList\",\"@id\":\"https:\/\/wp.ufpel.edu.br\/margens\/alem-da-imaginacao\/#breadcrumb\",\"itemListElement\":[{\"@type\":\"ListItem\",\"position\":1,\"name\":\"In\u00edcio\",\"item\":\"https:\/\/wp.ufpel.edu.br\/margens\/\"},{\"@type\":\"ListItem\",\"position\":2,\"name\":\"Al\u00e9m da Imagina\u00e7\u00e3o\"}]},{\"@type\":\"WebSite\",\"@id\":\"https:\/\/wp.ufpel.edu.br\/margens\/#website\",\"url\":\"https:\/\/wp.ufpel.edu.br\/margens\/\",\"name\":\"Margens: Diferentes Formas de Habitar Pelotas\",\"description\":\"Universidade Federal de Pelotas\",\"potentialAction\":[{\"@type\":\"SearchAction\",\"target\":{\"@type\":\"EntryPoint\",\"urlTemplate\":\"https:\/\/wp.ufpel.edu.br\/margens\/?s={search_term_string}\"},\"query-input\":{\"@type\":\"PropertyValueSpecification\",\"valueRequired\":true,\"valueName\":\"search_term_string\"}}],\"inLanguage\":\"pt-BR\"}]}<\/script>\n<!-- \/ Yoast SEO plugin. -->","yoast_head_json":{"title":"Al\u00e9m da Imagina\u00e7\u00e3o - Margens: Diferentes Formas de Habitar Pelotas","description":"Temos tr\u00eas hist\u00f3rias incr\u00edveis inspiradas em nossos projetos e poder\u00e3o passear junto com a gente por Pelotas, pelo Passo dos Negros e por outros mundos","robots":{"index":"index","follow":"follow","max-snippet":"max-snippet:-1","max-image-preview":"max-image-preview:large","max-video-preview":"max-video-preview:-1"},"canonical":"https:\/\/wp.ufpel.edu.br\/margens\/alem-da-imaginacao\/","og_locale":"pt_BR","og_type":"article","og_title":"Al\u00e9m da Imagina\u00e7\u00e3o - Margens: Diferentes Formas de Habitar Pelotas","og_description":"Temos tr\u00eas hist\u00f3rias incr\u00edveis inspiradas em nossos projetos e poder\u00e3o passear junto com a gente por Pelotas, pelo Passo dos Negros e por outros mundos","og_url":"https:\/\/wp.ufpel.edu.br\/margens\/alem-da-imaginacao\/","og_site_name":"Margens: Diferentes Formas de Habitar Pelotas","article_modified_time":"2020-08-18T20:03:15+00:00","og_image":[{"width":2000,"height":362,"url":"https:\/\/wp.ufpel.edu.br\/margens\/files\/2020\/08\/000MARG20-Header-al\u00e9m-da-imagina\u00e7\u00e3oheader.png","type":"image\/png"}],"twitter_card":"summary_large_image","twitter_misc":{"Est. tempo de leitura":"1 minuto"},"schema":{"@context":"https:\/\/schema.org","@graph":[{"@type":"WebPage","@id":"https:\/\/wp.ufpel.edu.br\/margens\/alem-da-imaginacao\/","url":"https:\/\/wp.ufpel.edu.br\/margens\/alem-da-imaginacao\/","name":"Al\u00e9m da Imagina\u00e7\u00e3o - Margens: Diferentes Formas de Habitar Pelotas","isPartOf":{"@id":"https:\/\/wp.ufpel.edu.br\/margens\/#website"},"primaryImageOfPage":{"@id":"https:\/\/wp.ufpel.edu.br\/margens\/alem-da-imaginacao\/#primaryimage"},"image":{"@id":"https:\/\/wp.ufpel.edu.br\/margens\/alem-da-imaginacao\/#primaryimage"},"thumbnailUrl":"https:\/\/wp.ufpel.edu.br\/margens\/files\/2020\/08\/000MARG20-Header-al\u00e9m-da-imagina\u00e7\u00e3oheader.png","datePublished":"2020-07-17T12:34:06+00:00","dateModified":"2020-08-18T20:03:15+00:00","description":"Temos tr\u00eas hist\u00f3rias incr\u00edveis inspiradas em nossos projetos e poder\u00e3o passear junto com a gente por Pelotas, pelo Passo dos Negros e por outros mundos","breadcrumb":{"@id":"https:\/\/wp.ufpel.edu.br\/margens\/alem-da-imaginacao\/#breadcrumb"},"inLanguage":"pt-BR","potentialAction":[{"@type":"ReadAction","target":["https:\/\/wp.ufpel.edu.br\/margens\/alem-da-imaginacao\/"]}]},{"@type":"ImageObject","inLanguage":"pt-BR","@id":"https:\/\/wp.ufpel.edu.br\/margens\/alem-da-imaginacao\/#primaryimage","url":"https:\/\/wp.ufpel.edu.br\/margens\/files\/2020\/08\/000MARG20-Header-al\u00e9m-da-imagina\u00e7\u00e3oheader.png","contentUrl":"https:\/\/wp.ufpel.edu.br\/margens\/files\/2020\/08\/000MARG20-Header-al\u00e9m-da-imagina\u00e7\u00e3oheader.png","width":2000,"height":362},{"@type":"BreadcrumbList","@id":"https:\/\/wp.ufpel.edu.br\/margens\/alem-da-imaginacao\/#breadcrumb","itemListElement":[{"@type":"ListItem","position":1,"name":"In\u00edcio","item":"https:\/\/wp.ufpel.edu.br\/margens\/"},{"@type":"ListItem","position":2,"name":"Al\u00e9m da Imagina\u00e7\u00e3o"}]},{"@type":"WebSite","@id":"https:\/\/wp.ufpel.edu.br\/margens\/#website","url":"https:\/\/wp.ufpel.edu.br\/margens\/","name":"Margens: Diferentes Formas de Habitar Pelotas","description":"Universidade Federal de Pelotas","potentialAction":[{"@type":"SearchAction","target":{"@type":"EntryPoint","urlTemplate":"https:\/\/wp.ufpel.edu.br\/margens\/?s={search_term_string}"},"query-input":{"@type":"PropertyValueSpecification","valueRequired":true,"valueName":"search_term_string"}}],"inLanguage":"pt-BR"}]}},"jetpack_sharing_enabled":true,"_links":{"self":[{"href":"https:\/\/wp.ufpel.edu.br\/margens\/wp-json\/wp\/v2\/pages\/832","targetHints":{"allow":["GET"]}}],"collection":[{"href":"https:\/\/wp.ufpel.edu.br\/margens\/wp-json\/wp\/v2\/pages"}],"about":[{"href":"https:\/\/wp.ufpel.edu.br\/margens\/wp-json\/wp\/v2\/types\/page"}],"author":[{"embeddable":true,"href":"https:\/\/wp.ufpel.edu.br\/margens\/wp-json\/wp\/v2\/users\/1008"}],"replies":[{"embeddable":true,"href":"https:\/\/wp.ufpel.edu.br\/margens\/wp-json\/wp\/v2\/comments?post=832"}],"version-history":[{"count":15,"href":"https:\/\/wp.ufpel.edu.br\/margens\/wp-json\/wp\/v2\/pages\/832\/revisions"}],"predecessor-version":[{"id":1652,"href":"https:\/\/wp.ufpel.edu.br\/margens\/wp-json\/wp\/v2\/pages\/832\/revisions\/1652"}],"wp:featuredmedia":[{"embeddable":true,"href":"https:\/\/wp.ufpel.edu.br\/margens\/wp-json\/wp\/v2\/media\/1505"}],"wp:attachment":[{"href":"https:\/\/wp.ufpel.edu.br\/margens\/wp-json\/wp\/v2\/media?parent=832"}],"curies":[{"name":"wp","href":"https:\/\/api.w.org\/{rel}","templated":true}]}}