{"id":617,"date":"2020-07-02T20:45:22","date_gmt":"2020-07-02T23:45:22","guid":{"rendered":"https:\/\/wp.ufpel.edu.br\/margens\/?page_id=617"},"modified":"2020-09-04T10:24:30","modified_gmt":"2020-09-04T13:24:30","slug":"sobrenos","status":"publish","type":"page","link":"https:\/\/wp.ufpel.edu.br\/margens\/sobrenos\/","title":{"rendered":"Sobre N\u00f3s"},"content":{"rendered":"<p style=\"text-align: right\"><span style=\"font-size: 18pt\"><em><b>Pol\u00edticas de enfrentamento \u00e0 COVID-19<\/b><\/em><\/span><\/p>\n<p style=\"text-align: justify\"><span style=\"font-weight: 400\">O governo federal n\u00e3o tem se preocupado com a popula\u00e7\u00e3o LGBTQIA+, principalmente agora no que se refere ao combate ao coronav\u00edrus. A <strong>popula\u00e7\u00e3o LGBTQIA+ j\u00e1 \u00e9 mais vulner\u00e1vel ao desemprego e \u00e0 depress\u00e3o<\/strong>, sendo uma das que mais sofre com a viol\u00eancia dentro de casa, tudo isso piora durante a pandemia e o confinamento. <\/span><\/p>\n<p style=\"text-align: justify\"><span style=\"font-weight: 400\">O Brasil continua sendo o pa\u00eds que <strong>mais mata travestis e transexuais no mundo<\/strong> e, no primeiro semestre deste ano, aumentou em <\/span><a href=\"https:\/\/antrabrasil.files.wordpress.com\/2020\/06\/boletim-3-2020-assassinatos-antra.pdf\" target=\"_blank\" rel=\"noopener noreferrer\"><span style=\"font-weight: 400\">39% o n\u00famero de casos de assassinatos<\/span><\/a><span style=\"font-weight: 400\">.\u00a0<\/span><\/p>\n<p><img loading=\"lazy\" decoding=\"async\" data-attachment-id=\"863\" data-permalink=\"https:\/\/wp.ufpel.edu.br\/margens\/sobre-as-diferencas\/gay1\/\" data-orig-file=\"https:\/\/wp.ufpel.edu.br\/margens\/files\/2020\/07\/gay1.png\" data-orig-size=\"1000,362\" data-comments-opened=\"0\" data-image-meta=\"{&quot;aperture&quot;:&quot;0&quot;,&quot;credit&quot;:&quot;&quot;,&quot;camera&quot;:&quot;&quot;,&quot;caption&quot;:&quot;&quot;,&quot;created_timestamp&quot;:&quot;0&quot;,&quot;copyright&quot;:&quot;&quot;,&quot;focal_length&quot;:&quot;0&quot;,&quot;iso&quot;:&quot;0&quot;,&quot;shutter_speed&quot;:&quot;0&quot;,&quot;title&quot;:&quot;&quot;,&quot;orientation&quot;:&quot;0&quot;}\" data-image-title=\"\" data-image-description=\"\" data-image-caption=\"\" data-medium-file=\"https:\/\/wp.ufpel.edu.br\/margens\/files\/2020\/07\/gay1-400x145.png\" data-large-file=\"https:\/\/wp.ufpel.edu.br\/margens\/files\/2020\/07\/gay1.png\" class=\"aligncenter wp-image-863 size-full\" src=\"https:\/\/wp.ufpel.edu.br\/margens\/files\/2020\/07\/gay1.png\" alt=\"\" width=\"1000\" height=\"362\" srcset=\"https:\/\/wp.ufpel.edu.br\/margens\/files\/2020\/07\/gay1.png 1000w, https:\/\/wp.ufpel.edu.br\/margens\/files\/2020\/07\/gay1-400x145.png 400w, https:\/\/wp.ufpel.edu.br\/margens\/files\/2020\/07\/gay1-768x278.png 768w\" sizes=\"auto, (max-width: 706px) 89vw, (max-width: 767px) 82vw, 740px\" \/><\/p>\n<p style=\"text-align: right\"><em><strong><span style=\"font-size: 14pt\">A sa\u00fade da popula\u00e7\u00e3o LGBTQIA+<\/span> <\/strong><\/em><\/p>\n<p style=\"text-align: justify\"><span style=\"font-weight: 400\">tamb\u00e9m precisa de maior aten\u00e7\u00e3o. Pessoas LGBTQIA+ t\u00eam menos acesso \u00e0 sa\u00fade de qualidade (e planos de sa\u00fade) e est\u00e3o mais vulner\u00e1veis \u00e0 ansiedade, depress\u00e3o e suic\u00eddio. Agora, com todos os esfor\u00e7os voltados ao combate do coronav\u00edrus, a aten\u00e7\u00e3o do sistema de sa\u00fade a outras infec\u00e7\u00f5es fica comprometida. <\/span><\/p>\n<p style=\"text-align: justify\"><span style=\"font-weight: 400\"><strong>O estigma e a falta de acesso ao tratamento<\/strong> fazem com que pessoas que vivem com HIV desenvolvam a AIDS, e muitas delas s\u00e3o LGBTQIA+.<\/span><\/p>\n<p><img loading=\"lazy\" decoding=\"async\" data-attachment-id=\"871\" data-permalink=\"https:\/\/wp.ufpel.edu.br\/margens\/sobre-as-diferencas\/000marg20-sangue\/\" data-orig-file=\"https:\/\/wp.ufpel.edu.br\/margens\/files\/2020\/07\/000MARG20-sangue.png\" data-orig-size=\"1000,362\" data-comments-opened=\"0\" data-image-meta=\"{&quot;aperture&quot;:&quot;0&quot;,&quot;credit&quot;:&quot;&quot;,&quot;camera&quot;:&quot;&quot;,&quot;caption&quot;:&quot;&quot;,&quot;created_timestamp&quot;:&quot;0&quot;,&quot;copyright&quot;:&quot;&quot;,&quot;focal_length&quot;:&quot;0&quot;,&quot;iso&quot;:&quot;0&quot;,&quot;shutter_speed&quot;:&quot;0&quot;,&quot;title&quot;:&quot;&quot;,&quot;orientation&quot;:&quot;0&quot;}\" data-image-title=\"000MARG20-sangue\" data-image-description=\"\" data-image-caption=\"\" data-medium-file=\"https:\/\/wp.ufpel.edu.br\/margens\/files\/2020\/07\/000MARG20-sangue-400x145.png\" data-large-file=\"https:\/\/wp.ufpel.edu.br\/margens\/files\/2020\/07\/000MARG20-sangue.png\" class=\"aligncenter wp-image-871 size-full\" src=\"https:\/\/wp.ufpel.edu.br\/margens\/files\/2020\/07\/000MARG20-sangue.png\" alt=\"\" width=\"1000\" height=\"362\" srcset=\"https:\/\/wp.ufpel.edu.br\/margens\/files\/2020\/07\/000MARG20-sangue.png 1000w, https:\/\/wp.ufpel.edu.br\/margens\/files\/2020\/07\/000MARG20-sangue-400x145.png 400w, https:\/\/wp.ufpel.edu.br\/margens\/files\/2020\/07\/000MARG20-sangue-768x278.png 768w\" sizes=\"auto, (max-width: 706px) 89vw, (max-width: 767px) 82vw, 740px\" \/><\/p>\n<p style=\"text-align: justify\"><span style=\"font-weight: 400\">Al\u00e9m do mais, <strong>a popula\u00e7\u00e3o LGBTQIA+ tem maior probabilidade de trabalhar em setores altamente afetados pela crise do COVID-19<\/strong>, muitas est\u00e3o desempregadas, desenvolvem trabalho informal, aut\u00f4nomo ou sexual (como \u00e9 o caso de grande parte das travestis). Essa situa\u00e7\u00e3o ainda se agrava quando consideramos pessoas LGBTQIA+ nos pres\u00eddios. <\/span><\/p>\n<p style=\"text-align: justify\"><span style=\"font-weight: 400\">A comunidade art\u00edstica LGBTQIA+ e demais trabalhadoras da Cultura tamb\u00e9m foram muito afetadas pela crise do coronav\u00edrus.\u00a0 Sem contar a dificuldade no acesso e na aprova\u00e7\u00e3o do aux\u00edlio emergencial, o que coloca as pessoas LGBTQIA+ em grande risco.<\/span><\/p>\n<p><img loading=\"lazy\" decoding=\"async\" data-attachment-id=\"378\" data-permalink=\"https:\/\/wp.ufpel.edu.br\/margens\/alem-da-noite\/000marg20-corrente-6\/\" data-orig-file=\"https:\/\/wp.ufpel.edu.br\/margens\/files\/2020\/06\/000MARG20-CORRENTE-6.png\" data-orig-size=\"2000,167\" data-comments-opened=\"0\" data-image-meta=\"{&quot;aperture&quot;:&quot;0&quot;,&quot;credit&quot;:&quot;&quot;,&quot;camera&quot;:&quot;&quot;,&quot;caption&quot;:&quot;&quot;,&quot;created_timestamp&quot;:&quot;0&quot;,&quot;copyright&quot;:&quot;&quot;,&quot;focal_length&quot;:&quot;0&quot;,&quot;iso&quot;:&quot;0&quot;,&quot;shutter_speed&quot;:&quot;0&quot;,&quot;title&quot;:&quot;&quot;,&quot;orientation&quot;:&quot;0&quot;}\" data-image-title=\"000MARG20-CORRENTE-6\" data-image-description=\"\" data-image-caption=\"\" data-medium-file=\"https:\/\/wp.ufpel.edu.br\/margens\/files\/2020\/06\/000MARG20-CORRENTE-6-400x33.png\" data-large-file=\"https:\/\/wp.ufpel.edu.br\/margens\/files\/2020\/06\/000MARG20-CORRENTE-6-1024x86.png\" class=\"aligncenter wp-image-378 size-full\" src=\"https:\/\/wp.ufpel.edu.br\/margens\/files\/2020\/06\/000MARG20-CORRENTE-6.png\" alt=\"\" width=\"2000\" height=\"174\" \/><\/p>\n<p style=\"text-align: right\"><span style=\"font-size: 18pt\"><em><b>Algumas iniciativas e redes de apoio<\/b><\/em><\/span><\/p>\n<p style=\"text-align: justify\"><span style=\"font-weight: 400\">Durante a pandemia, muitas a\u00e7\u00f5es coletivas t\u00eam sido realizadas para ajudar diferentes grupos. Voc\u00ea ficou sabendo de alguma a\u00e7\u00e3o que beneficie pessoas LGBTQIA+?\u00a0<\/span><\/p>\n<p><span style=\"font-weight: 400\">Separamos uma lista, assim, voc\u00ea pode ficar por dentro!<\/span><\/p>\n<p><img loading=\"lazy\" decoding=\"async\" data-attachment-id=\"875\" data-permalink=\"https:\/\/wp.ufpel.edu.br\/margens\/sobrenos\/trans\/\" data-orig-file=\"https:\/\/wp.ufpel.edu.br\/margens\/files\/2020\/07\/trans.png\" data-orig-size=\"1000,362\" data-comments-opened=\"0\" data-image-meta=\"{&quot;aperture&quot;:&quot;0&quot;,&quot;credit&quot;:&quot;&quot;,&quot;camera&quot;:&quot;&quot;,&quot;caption&quot;:&quot;&quot;,&quot;created_timestamp&quot;:&quot;0&quot;,&quot;copyright&quot;:&quot;&quot;,&quot;focal_length&quot;:&quot;0&quot;,&quot;iso&quot;:&quot;0&quot;,&quot;shutter_speed&quot;:&quot;0&quot;,&quot;title&quot;:&quot;&quot;,&quot;orientation&quot;:&quot;0&quot;}\" data-image-title=\"\" data-image-description=\"\" data-image-caption=\"\" data-medium-file=\"https:\/\/wp.ufpel.edu.br\/margens\/files\/2020\/07\/trans-400x145.png\" data-large-file=\"https:\/\/wp.ufpel.edu.br\/margens\/files\/2020\/07\/trans.png\" class=\"aligncenter wp-image-875 size-full\" src=\"https:\/\/wp.ufpel.edu.br\/margens\/files\/2020\/07\/trans.png\" alt=\"\" width=\"1000\" height=\"362\" srcset=\"https:\/\/wp.ufpel.edu.br\/margens\/files\/2020\/07\/trans.png 1000w, https:\/\/wp.ufpel.edu.br\/margens\/files\/2020\/07\/trans-400x145.png 400w, https:\/\/wp.ufpel.edu.br\/margens\/files\/2020\/07\/trans-768x278.png 768w\" sizes=\"auto, (max-width: 706px) 89vw, (max-width: 767px) 82vw, 740px\" \/><\/p>\n<p style=\"text-align: justify\"><span style=\"font-weight: 400\">A campanha <\/span><em><a href=\"https:\/\/www.facebook.com\/LGBTscontracovid19\" target=\"_blank\" rel=\"noopener noreferrer\"><span style=\"font-weight: 400\"><strong>LGBTs\u00a0contra a covid 19<\/strong><\/span><\/a><\/em><span style=\"font-weight: 400\"><strong>,<\/strong> aqui em Pelotas\/RS, que tem arrecadado material de higiene, roupas e alimentos e distribu\u00eddo \u00e0 popula\u00e7\u00e3o LGBTQIA+ da cidade. No dia 28 de junho, dia do orgulho LGBTQIA+, a campanha realizou um Drive Thru de arrecada\u00e7\u00e3o.\u00a0<\/span><\/p>\n<p style=\"text-align: justify;padding-left: 40px\"><span style=\"font-weight: 400\">A <\/span><strong><em><a href=\"https:\/\/www.facebook.com\/AIgualdade\/\" target=\"_blank\" rel=\"noopener noreferrer\">Solidariedade em\u00a0A\u00e7\u00e3o<\/a><\/em><\/strong><span style=\"font-weight: 400\"><strong><em>,<\/em><\/strong> da Associa\u00e7\u00e3o Igualdade RS, tem arrecadado doa\u00e7\u00f5es e ajudado pessoas trans e travestis da cidade de Porto Alegre que est\u00e3o passando por dificuldades durante a pandemia.<\/span><\/p>\n<p style=\"text-align: justify\"><em><a href=\"https:\/\/unaids.org.br\/projetobalaio\/\" target=\"_blank\" rel=\"noopener noreferrer\"><span style=\"font-weight: 400\"><strong>Projeto Balaio<\/strong><\/span><\/a><\/em><span style=\"font-weight: 400\">, que ajuda pessoas que vivem com HIV e pessoas LGBTQIA+ em situa\u00e7\u00e3o de vulnerabilidade em S\u00e3o Paulo.<\/span><\/p>\n<p><img loading=\"lazy\" decoding=\"async\" data-attachment-id=\"877\" data-permalink=\"https:\/\/wp.ufpel.edu.br\/margens\/sobrenos\/mulher\/\" data-orig-file=\"https:\/\/wp.ufpel.edu.br\/margens\/files\/2020\/07\/mulher.png\" data-orig-size=\"1000,362\" data-comments-opened=\"0\" data-image-meta=\"{&quot;aperture&quot;:&quot;0&quot;,&quot;credit&quot;:&quot;&quot;,&quot;camera&quot;:&quot;&quot;,&quot;caption&quot;:&quot;&quot;,&quot;created_timestamp&quot;:&quot;0&quot;,&quot;copyright&quot;:&quot;&quot;,&quot;focal_length&quot;:&quot;0&quot;,&quot;iso&quot;:&quot;0&quot;,&quot;shutter_speed&quot;:&quot;0&quot;,&quot;title&quot;:&quot;&quot;,&quot;orientation&quot;:&quot;0&quot;}\" data-image-title=\"\" data-image-description=\"\" data-image-caption=\"\" data-medium-file=\"https:\/\/wp.ufpel.edu.br\/margens\/files\/2020\/07\/mulher-400x145.png\" data-large-file=\"https:\/\/wp.ufpel.edu.br\/margens\/files\/2020\/07\/mulher.png\" class=\"aligncenter size-full wp-image-877\" src=\"https:\/\/wp.ufpel.edu.br\/margens\/files\/2020\/07\/mulher.png\" alt=\"\" width=\"1000\" height=\"362\" srcset=\"https:\/\/wp.ufpel.edu.br\/margens\/files\/2020\/07\/mulher.png 1000w, https:\/\/wp.ufpel.edu.br\/margens\/files\/2020\/07\/mulher-400x145.png 400w, https:\/\/wp.ufpel.edu.br\/margens\/files\/2020\/07\/mulher-768x278.png 768w\" sizes=\"auto, (max-width: 706px) 89vw, (max-width: 767px) 82vw, 740px\" \/><\/p>\n<p><span style=\"font-weight: 400\">A campanha <\/span><em><strong><a href=\"https:\/\/catracalivre.com.br\/cidadania\/acao-apoia-coletivos-que-ajudam-pessoas-trans-durante-quarentena\/\" target=\"_blank\" rel=\"noopener noreferrer\">#Fortale\u00e7aUmaPessoaTrans<\/a><\/strong><\/em><span style=\"font-weight: 400\">, que re\u00fane coletivos para arrecadar dinheiro e ajudar homens e mulheres trans neste per\u00edodo de quarentena.<\/span><\/p>\n<p style=\"text-align: justify;padding-left: 40px\"><span style=\"font-weight: 400\">O programa <\/span><strong><a href=\"https:\/\/jornal.usp.br\/universidade\/comunidade-universitaria-ajuda-lgbts-a-enfrentarem-desafios-durante-a-pandemia\/\" target=\"_blank\" rel=\"noopener noreferrer\">U<em>S<\/em>P <em>Diversidade<\/em><\/a><\/strong><span style=\"font-weight: 400\"><em>,<\/em> em S\u00e3o Paulo, vinculado ao N\u00facleo de Direitos Humanos da Pr\u00f3-Reitoria de Cultura e Extens\u00e3o Universit\u00e1ria (PRCEU), que trabalha na cria\u00e7\u00e3o e fortalecimento de a\u00e7\u00f5es e de pol\u00edticas de diversidade que combatem o preconceito e a discrimina\u00e7\u00e3o.<\/span><\/p>\n<p><img loading=\"lazy\" decoding=\"async\" data-attachment-id=\"876\" data-permalink=\"https:\/\/wp.ufpel.edu.br\/margens\/sobrenos\/laranja\/\" data-orig-file=\"https:\/\/wp.ufpel.edu.br\/margens\/files\/2020\/07\/laranja.png\" data-orig-size=\"1000,362\" data-comments-opened=\"0\" data-image-meta=\"{&quot;aperture&quot;:&quot;0&quot;,&quot;credit&quot;:&quot;&quot;,&quot;camera&quot;:&quot;&quot;,&quot;caption&quot;:&quot;&quot;,&quot;created_timestamp&quot;:&quot;0&quot;,&quot;copyright&quot;:&quot;&quot;,&quot;focal_length&quot;:&quot;0&quot;,&quot;iso&quot;:&quot;0&quot;,&quot;shutter_speed&quot;:&quot;0&quot;,&quot;title&quot;:&quot;&quot;,&quot;orientation&quot;:&quot;0&quot;}\" data-image-title=\"\" data-image-description=\"\" data-image-caption=\"\" data-medium-file=\"https:\/\/wp.ufpel.edu.br\/margens\/files\/2020\/07\/laranja-400x145.png\" data-large-file=\"https:\/\/wp.ufpel.edu.br\/margens\/files\/2020\/07\/laranja.png\" class=\"aligncenter size-full wp-image-876\" src=\"https:\/\/wp.ufpel.edu.br\/margens\/files\/2020\/07\/laranja.png\" alt=\"\" width=\"1000\" height=\"362\" srcset=\"https:\/\/wp.ufpel.edu.br\/margens\/files\/2020\/07\/laranja.png 1000w, https:\/\/wp.ufpel.edu.br\/margens\/files\/2020\/07\/laranja-400x145.png 400w, https:\/\/wp.ufpel.edu.br\/margens\/files\/2020\/07\/laranja-768x278.png 768w\" sizes=\"auto, (max-width: 706px) 89vw, (max-width: 767px) 82vw, 740px\" \/><\/p>\n<p><span style=\"font-weight: 400\">Outra iniciativa \u00e9 da<em> <a href=\"https:\/\/cbn.globoradio.globo.com\/media\/audio\/301544\/pandemia-afeta-ainda-mais-populacoes-vulneraveis-d.htm\" target=\"_blank\" rel=\"noopener noreferrer\"><strong>CASA Nem<\/strong><\/a><\/em><strong>,<\/strong> tamb\u00e9m em S\u00e3o Paulo, que \u00e9 um abrigo e que est\u00e1 acolhendo pessoas que est\u00e3o em situa\u00e7\u00e3o de rua neste momento de pandemia.\u00a0\u00a0\u00a0\u00a0<\/span><\/p>\n<p style=\"text-align: justify;padding-left: 40px\"><span style=\"font-weight: 400\">O Distrito Drag que tem convocando toda popula\u00e7\u00e3o para soltar um acu\u00e9zinho (dinheiro) e contribuir para o<\/span> <strong><em><a href=\"https:\/\/www.vakinha.com.br\/vaquinha\/ajude-o-fundo-de-apoio-emergencial-as-artistas-lgbti-do-df?fbclid=IwAR3Jg9nxt8EngFVYFLvSys8inaLTQ8-VWdp-kzaCnMi84yu49M5K8ZRNEZ0\" target=\"_blank\" rel=\"noopener noreferrer\">Fundo de Apoio Emergencial a artistas LGBTI+ do Distrito Federal<\/a><\/em><\/strong><\/p>\n<p style=\"text-align: justify\"><img loading=\"lazy\" decoding=\"async\" data-attachment-id=\"378\" data-permalink=\"https:\/\/wp.ufpel.edu.br\/margens\/alem-da-noite\/000marg20-corrente-6\/\" data-orig-file=\"https:\/\/wp.ufpel.edu.br\/margens\/files\/2020\/06\/000MARG20-CORRENTE-6.png\" data-orig-size=\"2000,167\" data-comments-opened=\"0\" data-image-meta=\"{&quot;aperture&quot;:&quot;0&quot;,&quot;credit&quot;:&quot;&quot;,&quot;camera&quot;:&quot;&quot;,&quot;caption&quot;:&quot;&quot;,&quot;created_timestamp&quot;:&quot;0&quot;,&quot;copyright&quot;:&quot;&quot;,&quot;focal_length&quot;:&quot;0&quot;,&quot;iso&quot;:&quot;0&quot;,&quot;shutter_speed&quot;:&quot;0&quot;,&quot;title&quot;:&quot;&quot;,&quot;orientation&quot;:&quot;0&quot;}\" data-image-title=\"000MARG20-CORRENTE-6\" data-image-description=\"\" data-image-caption=\"\" data-medium-file=\"https:\/\/wp.ufpel.edu.br\/margens\/files\/2020\/06\/000MARG20-CORRENTE-6-400x33.png\" data-large-file=\"https:\/\/wp.ufpel.edu.br\/margens\/files\/2020\/06\/000MARG20-CORRENTE-6-1024x86.png\" class=\"aligncenter wp-image-378 size-full\" src=\"https:\/\/wp.ufpel.edu.br\/margens\/files\/2020\/06\/000MARG20-CORRENTE-6.png\" alt=\"\" width=\"2000\" height=\"174\" \/><\/p>\n<p style=\"text-align: center\"><a href=\"https:\/\/wp.ufpel.edu.br\/margens\/sobre-as-diferencas\/\"><em>&lt; Voc\u00ea pode voltar clicando aqui<\/em><\/a><\/p>\n<p style=\"text-align: center\"><a href=\"https:\/\/wp.ufpel.edu.br\/margens\/category\/por-nos\/\"><em>Vamos para a pr\u00f3xima p\u00e1gina? &gt;<\/em><\/a><\/p>\n","protected":false},"excerpt":{"rendered":"<p>Pol\u00edticas de enfrentamento \u00e0 COVID-19 O governo federal n\u00e3o tem se preocupado com a popula\u00e7\u00e3o LGBTQIA+, principalmente agora no que se refere ao combate ao coronav\u00edrus. A popula\u00e7\u00e3o LGBTQIA+ j\u00e1 \u00e9 mais vulner\u00e1vel ao desemprego e \u00e0 depress\u00e3o, sendo uma das que mais sofre com a viol\u00eancia dentro de casa, tudo isso piora durante a &hellip; <\/p>\n<p class=\"link-more\"><a href=\"https:\/\/wp.ufpel.edu.br\/margens\/sobrenos\/\" class=\"more-link\">Continue lendo<span class=\"screen-reader-text\"> &#8220;Sobre N\u00f3s&#8221;<\/span><\/a><\/p>\n","protected":false},"author":1008,"featured_media":828,"parent":0,"menu_order":0,"comment_status":"closed","ping_status":"closed","template":"","meta":{"footnotes":""},"class_list":["post-617","page","type-page","status-publish","has-post-thumbnail","hentry"],"yoast_head":"<!-- This site is optimized with the Yoast SEO plugin v26.7 - https:\/\/yoast.com\/wordpress\/plugins\/seo\/ -->\n<title>Redes de Apoio LGBTI+ - Margens: Diferentes Formas de Habitar Pelotas<\/title>\n<meta name=\"description\" content=\"Durante a pandemia, a\u00e7\u00f5es coletivas ajudam diferentes grupos em vulnerabilidade. Separamos uma lista de a\u00e7\u00f5es que beneficiam pessoas LGBTQIA+\" \/>\n<meta name=\"robots\" content=\"index, follow, max-snippet:-1, max-image-preview:large, max-video-preview:-1\" \/>\n<link rel=\"canonical\" href=\"https:\/\/wp.ufpel.edu.br\/margens\/sobrenos\/\" \/>\n<meta property=\"og:locale\" content=\"pt_BR\" \/>\n<meta property=\"og:type\" content=\"article\" \/>\n<meta property=\"og:title\" content=\"Redes de Apoio LGBTI+ - Margens: Diferentes Formas de Habitar Pelotas\" \/>\n<meta property=\"og:description\" content=\"Durante a pandemia, a\u00e7\u00f5es coletivas ajudam diferentes grupos em vulnerabilidade. Separamos uma lista de a\u00e7\u00f5es que beneficiam pessoas LGBTQIA+\" \/>\n<meta property=\"og:url\" content=\"https:\/\/wp.ufpel.edu.br\/margens\/sobrenos\/\" \/>\n<meta property=\"og:site_name\" content=\"Margens: Diferentes Formas de Habitar Pelotas\" \/>\n<meta property=\"article:modified_time\" content=\"2020-09-04T13:24:30+00:00\" \/>\n<meta property=\"og:image\" content=\"https:\/\/wp.ufpel.edu.br\/margens\/files\/2020\/07\/n\u00f3s-2.png\" \/>\n\t<meta property=\"og:image:width\" content=\"2000\" \/>\n\t<meta property=\"og:image:height\" content=\"362\" \/>\n\t<meta property=\"og:image:type\" content=\"image\/png\" \/>\n<meta name=\"twitter:card\" content=\"summary_large_image\" \/>\n<meta name=\"twitter:label1\" content=\"Est. tempo de leitura\" \/>\n\t<meta name=\"twitter:data1\" content=\"3 minutos\" \/>\n<script type=\"application\/ld+json\" class=\"yoast-schema-graph\">{\"@context\":\"https:\/\/schema.org\",\"@graph\":[{\"@type\":\"WebPage\",\"@id\":\"https:\/\/wp.ufpel.edu.br\/margens\/sobrenos\/\",\"url\":\"https:\/\/wp.ufpel.edu.br\/margens\/sobrenos\/\",\"name\":\"Redes de Apoio LGBTI+ - Margens: Diferentes Formas de Habitar Pelotas\",\"isPartOf\":{\"@id\":\"https:\/\/wp.ufpel.edu.br\/margens\/#website\"},\"primaryImageOfPage\":{\"@id\":\"https:\/\/wp.ufpel.edu.br\/margens\/sobrenos\/#primaryimage\"},\"image\":{\"@id\":\"https:\/\/wp.ufpel.edu.br\/margens\/sobrenos\/#primaryimage\"},\"thumbnailUrl\":\"https:\/\/wp.ufpel.edu.br\/margens\/files\/2020\/07\/n\u00f3s-2.png\",\"datePublished\":\"2020-07-02T23:45:22+00:00\",\"dateModified\":\"2020-09-04T13:24:30+00:00\",\"description\":\"Durante a pandemia, a\u00e7\u00f5es coletivas ajudam diferentes grupos em vulnerabilidade. Separamos uma lista de a\u00e7\u00f5es que beneficiam pessoas LGBTQIA+\",\"breadcrumb\":{\"@id\":\"https:\/\/wp.ufpel.edu.br\/margens\/sobrenos\/#breadcrumb\"},\"inLanguage\":\"pt-BR\",\"potentialAction\":[{\"@type\":\"ReadAction\",\"target\":[\"https:\/\/wp.ufpel.edu.br\/margens\/sobrenos\/\"]}]},{\"@type\":\"ImageObject\",\"inLanguage\":\"pt-BR\",\"@id\":\"https:\/\/wp.ufpel.edu.br\/margens\/sobrenos\/#primaryimage\",\"url\":\"https:\/\/wp.ufpel.edu.br\/margens\/files\/2020\/07\/n\u00f3s-2.png\",\"contentUrl\":\"https:\/\/wp.ufpel.edu.br\/margens\/files\/2020\/07\/n\u00f3s-2.png\",\"width\":2000,\"height\":362},{\"@type\":\"BreadcrumbList\",\"@id\":\"https:\/\/wp.ufpel.edu.br\/margens\/sobrenos\/#breadcrumb\",\"itemListElement\":[{\"@type\":\"ListItem\",\"position\":1,\"name\":\"In\u00edcio\",\"item\":\"https:\/\/wp.ufpel.edu.br\/margens\/\"},{\"@type\":\"ListItem\",\"position\":2,\"name\":\"Sobre N\u00f3s\"}]},{\"@type\":\"WebSite\",\"@id\":\"https:\/\/wp.ufpel.edu.br\/margens\/#website\",\"url\":\"https:\/\/wp.ufpel.edu.br\/margens\/\",\"name\":\"Margens: Diferentes Formas de Habitar Pelotas\",\"description\":\"Universidade Federal de Pelotas\",\"potentialAction\":[{\"@type\":\"SearchAction\",\"target\":{\"@type\":\"EntryPoint\",\"urlTemplate\":\"https:\/\/wp.ufpel.edu.br\/margens\/?s={search_term_string}\"},\"query-input\":{\"@type\":\"PropertyValueSpecification\",\"valueRequired\":true,\"valueName\":\"search_term_string\"}}],\"inLanguage\":\"pt-BR\"}]}<\/script>\n<!-- \/ Yoast SEO plugin. -->","yoast_head_json":{"title":"Redes de Apoio LGBTI+ - Margens: Diferentes Formas de Habitar Pelotas","description":"Durante a pandemia, a\u00e7\u00f5es coletivas ajudam diferentes grupos em vulnerabilidade. Separamos uma lista de a\u00e7\u00f5es que beneficiam pessoas LGBTQIA+","robots":{"index":"index","follow":"follow","max-snippet":"max-snippet:-1","max-image-preview":"max-image-preview:large","max-video-preview":"max-video-preview:-1"},"canonical":"https:\/\/wp.ufpel.edu.br\/margens\/sobrenos\/","og_locale":"pt_BR","og_type":"article","og_title":"Redes de Apoio LGBTI+ - Margens: Diferentes Formas de Habitar Pelotas","og_description":"Durante a pandemia, a\u00e7\u00f5es coletivas ajudam diferentes grupos em vulnerabilidade. Separamos uma lista de a\u00e7\u00f5es que beneficiam pessoas LGBTQIA+","og_url":"https:\/\/wp.ufpel.edu.br\/margens\/sobrenos\/","og_site_name":"Margens: Diferentes Formas de Habitar Pelotas","article_modified_time":"2020-09-04T13:24:30+00:00","og_image":[{"width":2000,"height":362,"url":"https:\/\/wp.ufpel.edu.br\/margens\/files\/2020\/07\/n\u00f3s-2.png","type":"image\/png"}],"twitter_card":"summary_large_image","twitter_misc":{"Est. tempo de leitura":"3 minutos"},"schema":{"@context":"https:\/\/schema.org","@graph":[{"@type":"WebPage","@id":"https:\/\/wp.ufpel.edu.br\/margens\/sobrenos\/","url":"https:\/\/wp.ufpel.edu.br\/margens\/sobrenos\/","name":"Redes de Apoio LGBTI+ - Margens: Diferentes Formas de Habitar Pelotas","isPartOf":{"@id":"https:\/\/wp.ufpel.edu.br\/margens\/#website"},"primaryImageOfPage":{"@id":"https:\/\/wp.ufpel.edu.br\/margens\/sobrenos\/#primaryimage"},"image":{"@id":"https:\/\/wp.ufpel.edu.br\/margens\/sobrenos\/#primaryimage"},"thumbnailUrl":"https:\/\/wp.ufpel.edu.br\/margens\/files\/2020\/07\/n\u00f3s-2.png","datePublished":"2020-07-02T23:45:22+00:00","dateModified":"2020-09-04T13:24:30+00:00","description":"Durante a pandemia, a\u00e7\u00f5es coletivas ajudam diferentes grupos em vulnerabilidade. Separamos uma lista de a\u00e7\u00f5es que beneficiam pessoas LGBTQIA+","breadcrumb":{"@id":"https:\/\/wp.ufpel.edu.br\/margens\/sobrenos\/#breadcrumb"},"inLanguage":"pt-BR","potentialAction":[{"@type":"ReadAction","target":["https:\/\/wp.ufpel.edu.br\/margens\/sobrenos\/"]}]},{"@type":"ImageObject","inLanguage":"pt-BR","@id":"https:\/\/wp.ufpel.edu.br\/margens\/sobrenos\/#primaryimage","url":"https:\/\/wp.ufpel.edu.br\/margens\/files\/2020\/07\/n\u00f3s-2.png","contentUrl":"https:\/\/wp.ufpel.edu.br\/margens\/files\/2020\/07\/n\u00f3s-2.png","width":2000,"height":362},{"@type":"BreadcrumbList","@id":"https:\/\/wp.ufpel.edu.br\/margens\/sobrenos\/#breadcrumb","itemListElement":[{"@type":"ListItem","position":1,"name":"In\u00edcio","item":"https:\/\/wp.ufpel.edu.br\/margens\/"},{"@type":"ListItem","position":2,"name":"Sobre N\u00f3s"}]},{"@type":"WebSite","@id":"https:\/\/wp.ufpel.edu.br\/margens\/#website","url":"https:\/\/wp.ufpel.edu.br\/margens\/","name":"Margens: Diferentes Formas de Habitar Pelotas","description":"Universidade Federal de Pelotas","potentialAction":[{"@type":"SearchAction","target":{"@type":"EntryPoint","urlTemplate":"https:\/\/wp.ufpel.edu.br\/margens\/?s={search_term_string}"},"query-input":{"@type":"PropertyValueSpecification","valueRequired":true,"valueName":"search_term_string"}}],"inLanguage":"pt-BR"}]}},"jetpack_sharing_enabled":true,"_links":{"self":[{"href":"https:\/\/wp.ufpel.edu.br\/margens\/wp-json\/wp\/v2\/pages\/617","targetHints":{"allow":["GET"]}}],"collection":[{"href":"https:\/\/wp.ufpel.edu.br\/margens\/wp-json\/wp\/v2\/pages"}],"about":[{"href":"https:\/\/wp.ufpel.edu.br\/margens\/wp-json\/wp\/v2\/types\/page"}],"author":[{"embeddable":true,"href":"https:\/\/wp.ufpel.edu.br\/margens\/wp-json\/wp\/v2\/users\/1008"}],"replies":[{"embeddable":true,"href":"https:\/\/wp.ufpel.edu.br\/margens\/wp-json\/wp\/v2\/comments?post=617"}],"version-history":[{"count":25,"href":"https:\/\/wp.ufpel.edu.br\/margens\/wp-json\/wp\/v2\/pages\/617\/revisions"}],"predecessor-version":[{"id":1709,"href":"https:\/\/wp.ufpel.edu.br\/margens\/wp-json\/wp\/v2\/pages\/617\/revisions\/1709"}],"wp:featuredmedia":[{"embeddable":true,"href":"https:\/\/wp.ufpel.edu.br\/margens\/wp-json\/wp\/v2\/media\/828"}],"wp:attachment":[{"href":"https:\/\/wp.ufpel.edu.br\/margens\/wp-json\/wp\/v2\/media?parent=617"}],"curies":[{"name":"wp","href":"https:\/\/api.w.org\/{rel}","templated":true}]}}