{"id":409,"date":"2020-06-19T08:59:25","date_gmt":"2020-06-19T11:59:25","guid":{"rendered":"https:\/\/wp.ufpel.edu.br\/margens\/?page_id=409"},"modified":"2020-08-18T17:02:58","modified_gmt":"2020-08-18T20:02:58","slug":"alem-da-baronesa","status":"publish","type":"page","link":"https:\/\/wp.ufpel.edu.br\/margens\/alem-da-baronesa\/","title":{"rendered":"Al\u00e9m da Baronesa"},"content":{"rendered":"<p style=\"text-align: right\"><span style=\"font-weight: 400;font-family: helvetica, arial, sans-serif;color: #000000\"><strong><em><strong style=\"font-size: 1.25rem\">A luta das trabalhadoras pelo direito de habitar Pelotas<\/strong><\/em><\/strong><\/span><\/p>\n<p style=\"text-align: justify\"><span style=\"font-weight: 400\">Pelotas n\u00e3o foi constru\u00edda apenas por homens brancos ricos, como nos conta a hist\u00f3ria oficial. Nos casar\u00f5es, nas ruas, nos prost\u00edbulos, nas f\u00e1bricas, nos engenhos e em suas casas, mulheres sempre realizaram trabalhados que n\u00e3o s\u00e3o valorizados, como as trabalhadoras dom\u00e9sticas, trabalhadoras sexuais, lavadeiras, artes\u00e3s, oper\u00e1rias, cozinheiras, costureiras, doceiras e banqueteiras.<\/span><\/p>\n<p><img loading=\"lazy\" decoding=\"async\" data-attachment-id=\"425\" data-permalink=\"https:\/\/wp.ufpel.edu.br\/margens\/alem-da-baronesa\/000marg20-corrente-2\/\" data-orig-file=\"https:\/\/wp.ufpel.edu.br\/margens\/files\/2020\/06\/000MARG20-CORRENTE-2.png\" data-orig-size=\"2000,167\" data-comments-opened=\"0\" data-image-meta=\"{&quot;aperture&quot;:&quot;0&quot;,&quot;credit&quot;:&quot;&quot;,&quot;camera&quot;:&quot;&quot;,&quot;caption&quot;:&quot;&quot;,&quot;created_timestamp&quot;:&quot;0&quot;,&quot;copyright&quot;:&quot;&quot;,&quot;focal_length&quot;:&quot;0&quot;,&quot;iso&quot;:&quot;0&quot;,&quot;shutter_speed&quot;:&quot;0&quot;,&quot;title&quot;:&quot;&quot;,&quot;orientation&quot;:&quot;0&quot;}\" data-image-title=\"000MARG20-CORRENTE-2\" data-image-description=\"\" data-image-caption=\"\" data-medium-file=\"https:\/\/wp.ufpel.edu.br\/margens\/files\/2020\/06\/000MARG20-CORRENTE-2-400x33.png\" data-large-file=\"https:\/\/wp.ufpel.edu.br\/margens\/files\/2020\/06\/000MARG20-CORRENTE-2-1024x86.png\" class=\"aligncenter wp-image-425 size-full\" src=\"https:\/\/wp.ufpel.edu.br\/margens\/files\/2020\/06\/000MARG20-CORRENTE-2.png\" alt=\"\" width=\"2000\" height=\"174\" \/><\/p>\n<p style=\"text-align: center\"><span style=\"font-weight: 400\"><span style=\"font-weight: 400;font-family: helvetica, arial, sans-serif;color: #000000\"><strong><em><strong style=\"font-size: 1.25rem\">MUITOS DESTES TRABALHOS N\u00c3O S\u00c3O REMUNERADOS<\/strong><\/em><\/strong><\/span><\/span><\/p>\n<p style=\"text-align: justify\"><span style=\"font-weight: 400\">O trabalho sexual (prostitui\u00e7\u00e3o), por exemplo, n\u00e3o \u00e9 considerado trabalho. As trabalhadoras sexuais lutam pela garantia de direitos trabalhistas, afirmando que &#8220;trabalho sexual \u00e9 trabalho!&#8221;.\u00a0<\/span><\/p>\n<p style=\"text-align: justify\"><span style=\"font-weight: 400\">Para n\u00f3s, <strong>a cidade \u00e9 uma obra em constante movimento, constru\u00edda por mulheres<\/strong>, de diversas maneiras. As paisagens da cidade, no passado e no presente, tecem os modos de habitar destas mulheres que a transformam dia ap\u00f3s dia. Elas tra\u00e7am seus pr\u00f3prios caminhos criando estrat\u00e9gias e resistindo ao preconceito e ao machismo. Os caminhos por onde elas percorrem nos mostram que <strong>suas hist\u00f3rias de vida s\u00e3o importantes<\/strong>, precisam ser contadas e, seus patrim\u00f4nios, valorizados.<\/span><\/p>\n<p><img loading=\"lazy\" decoding=\"async\" data-attachment-id=\"425\" data-permalink=\"https:\/\/wp.ufpel.edu.br\/margens\/alem-da-baronesa\/000marg20-corrente-2\/\" data-orig-file=\"https:\/\/wp.ufpel.edu.br\/margens\/files\/2020\/06\/000MARG20-CORRENTE-2.png\" data-orig-size=\"2000,167\" data-comments-opened=\"0\" data-image-meta=\"{&quot;aperture&quot;:&quot;0&quot;,&quot;credit&quot;:&quot;&quot;,&quot;camera&quot;:&quot;&quot;,&quot;caption&quot;:&quot;&quot;,&quot;created_timestamp&quot;:&quot;0&quot;,&quot;copyright&quot;:&quot;&quot;,&quot;focal_length&quot;:&quot;0&quot;,&quot;iso&quot;:&quot;0&quot;,&quot;shutter_speed&quot;:&quot;0&quot;,&quot;title&quot;:&quot;&quot;,&quot;orientation&quot;:&quot;0&quot;}\" data-image-title=\"000MARG20-CORRENTE-2\" data-image-description=\"\" data-image-caption=\"\" data-medium-file=\"https:\/\/wp.ufpel.edu.br\/margens\/files\/2020\/06\/000MARG20-CORRENTE-2-400x33.png\" data-large-file=\"https:\/\/wp.ufpel.edu.br\/margens\/files\/2020\/06\/000MARG20-CORRENTE-2-1024x86.png\" class=\"aligncenter size-full wp-image-425\" src=\"https:\/\/wp.ufpel.edu.br\/margens\/files\/2020\/06\/000MARG20-CORRENTE-2.png\" alt=\"\" width=\"2000\" height=\"174\" \/><\/p>\n<p style=\"text-align: center\"><a href=\"https:\/\/wp.ufpel.edu.br\/margens\/category\/por-nos\/\"><em>&lt; Voc\u00ea pode voltar clicando aqui<\/em><\/a><\/p>\n<p style=\"text-align: center\"><a href=\"https:\/\/wp.ufpel.edu.br\/margens\/sobre-elas\/\"><em>Vamos para a pr\u00f3xima p\u00e1gina? &gt;<\/em><\/a><\/p>\n","protected":false},"excerpt":{"rendered":"<p>A luta das trabalhadoras pelo direito de habitar Pelotas Pelotas n\u00e3o foi constru\u00edda apenas por homens brancos ricos, como nos conta a hist\u00f3ria oficial. Nos casar\u00f5es, nas ruas, nos prost\u00edbulos, nas f\u00e1bricas, nos engenhos e em suas casas, mulheres sempre realizaram trabalhados que n\u00e3o s\u00e3o valorizados, como as trabalhadoras dom\u00e9sticas, trabalhadoras sexuais, lavadeiras, artes\u00e3s, oper\u00e1rias, &hellip; <\/p>\n<p class=\"link-more\"><a href=\"https:\/\/wp.ufpel.edu.br\/margens\/alem-da-baronesa\/\" class=\"more-link\">Continue lendo<span class=\"screen-reader-text\"> &#8220;Al\u00e9m da Baronesa&#8221;<\/span><\/a><\/p>\n","protected":false},"author":1008,"featured_media":744,"parent":0,"menu_order":0,"comment_status":"closed","ping_status":"closed","template":"","meta":{"footnotes":""},"class_list":["post-409","page","type-page","status-publish","has-post-thumbnail","hentry"],"yoast_head":"<!-- This site is optimized with the Yoast SEO plugin v26.7 - https:\/\/yoast.com\/wordpress\/plugins\/seo\/ -->\n<title>Al\u00e9m da Baronesa - Margens: Diferentes Formas de Habitar Pelotas<\/title>\n<meta name=\"robots\" content=\"index, follow, max-snippet:-1, max-image-preview:large, max-video-preview:-1\" \/>\n<link rel=\"canonical\" href=\"https:\/\/wp.ufpel.edu.br\/margens\/alem-da-baronesa\/\" \/>\n<meta property=\"og:locale\" content=\"pt_BR\" \/>\n<meta property=\"og:type\" content=\"article\" \/>\n<meta property=\"og:title\" content=\"Al\u00e9m da Baronesa - Margens: Diferentes Formas de Habitar Pelotas\" \/>\n<meta property=\"og:description\" content=\"A luta das trabalhadoras pelo direito de habitar Pelotas Pelotas n\u00e3o foi constru\u00edda apenas por homens brancos ricos, como nos conta a hist\u00f3ria oficial. Nos casar\u00f5es, nas ruas, nos prost\u00edbulos, nas f\u00e1bricas, nos engenhos e em suas casas, mulheres sempre realizaram trabalhados que n\u00e3o s\u00e3o valorizados, como as trabalhadoras dom\u00e9sticas, trabalhadoras sexuais, lavadeiras, artes\u00e3s, oper\u00e1rias, &hellip; Continue lendo &quot;Al\u00e9m da Baronesa&quot;\" \/>\n<meta property=\"og:url\" content=\"https:\/\/wp.ufpel.edu.br\/margens\/alem-da-baronesa\/\" \/>\n<meta property=\"og:site_name\" content=\"Margens: Diferentes Formas de Habitar Pelotas\" \/>\n<meta property=\"article:modified_time\" content=\"2020-08-18T20:02:58+00:00\" \/>\n<meta property=\"og:image\" content=\"https:\/\/wp.ufpel.edu.br\/margens\/files\/2020\/07\/005MARG20-Header-baronesa.png\" \/>\n\t<meta property=\"og:image:width\" content=\"2000\" \/>\n\t<meta property=\"og:image:height\" content=\"362\" \/>\n\t<meta property=\"og:image:type\" content=\"image\/png\" \/>\n<meta name=\"twitter:card\" content=\"summary_large_image\" \/>\n<meta name=\"twitter:label1\" content=\"Est. tempo de leitura\" \/>\n\t<meta name=\"twitter:data1\" content=\"1 minuto\" \/>\n<script type=\"application\/ld+json\" class=\"yoast-schema-graph\">{\"@context\":\"https:\/\/schema.org\",\"@graph\":[{\"@type\":\"WebPage\",\"@id\":\"https:\/\/wp.ufpel.edu.br\/margens\/alem-da-baronesa\/\",\"url\":\"https:\/\/wp.ufpel.edu.br\/margens\/alem-da-baronesa\/\",\"name\":\"Al\u00e9m da Baronesa - Margens: Diferentes Formas de Habitar Pelotas\",\"isPartOf\":{\"@id\":\"https:\/\/wp.ufpel.edu.br\/margens\/#website\"},\"primaryImageOfPage\":{\"@id\":\"https:\/\/wp.ufpel.edu.br\/margens\/alem-da-baronesa\/#primaryimage\"},\"image\":{\"@id\":\"https:\/\/wp.ufpel.edu.br\/margens\/alem-da-baronesa\/#primaryimage\"},\"thumbnailUrl\":\"https:\/\/wp.ufpel.edu.br\/margens\/files\/2020\/07\/005MARG20-Header-baronesa.png\",\"datePublished\":\"2020-06-19T11:59:25+00:00\",\"dateModified\":\"2020-08-18T20:02:58+00:00\",\"breadcrumb\":{\"@id\":\"https:\/\/wp.ufpel.edu.br\/margens\/alem-da-baronesa\/#breadcrumb\"},\"inLanguage\":\"pt-BR\",\"potentialAction\":[{\"@type\":\"ReadAction\",\"target\":[\"https:\/\/wp.ufpel.edu.br\/margens\/alem-da-baronesa\/\"]}]},{\"@type\":\"ImageObject\",\"inLanguage\":\"pt-BR\",\"@id\":\"https:\/\/wp.ufpel.edu.br\/margens\/alem-da-baronesa\/#primaryimage\",\"url\":\"https:\/\/wp.ufpel.edu.br\/margens\/files\/2020\/07\/005MARG20-Header-baronesa.png\",\"contentUrl\":\"https:\/\/wp.ufpel.edu.br\/margens\/files\/2020\/07\/005MARG20-Header-baronesa.png\",\"width\":2000,\"height\":362},{\"@type\":\"BreadcrumbList\",\"@id\":\"https:\/\/wp.ufpel.edu.br\/margens\/alem-da-baronesa\/#breadcrumb\",\"itemListElement\":[{\"@type\":\"ListItem\",\"position\":1,\"name\":\"In\u00edcio\",\"item\":\"https:\/\/wp.ufpel.edu.br\/margens\/\"},{\"@type\":\"ListItem\",\"position\":2,\"name\":\"Al\u00e9m da Baronesa\"}]},{\"@type\":\"WebSite\",\"@id\":\"https:\/\/wp.ufpel.edu.br\/margens\/#website\",\"url\":\"https:\/\/wp.ufpel.edu.br\/margens\/\",\"name\":\"Margens: Diferentes Formas de Habitar Pelotas\",\"description\":\"Universidade Federal de Pelotas\",\"potentialAction\":[{\"@type\":\"SearchAction\",\"target\":{\"@type\":\"EntryPoint\",\"urlTemplate\":\"https:\/\/wp.ufpel.edu.br\/margens\/?s={search_term_string}\"},\"query-input\":{\"@type\":\"PropertyValueSpecification\",\"valueRequired\":true,\"valueName\":\"search_term_string\"}}],\"inLanguage\":\"pt-BR\"}]}<\/script>\n<!-- \/ Yoast SEO plugin. -->","yoast_head_json":{"title":"Al\u00e9m da Baronesa - Margens: Diferentes Formas de Habitar Pelotas","robots":{"index":"index","follow":"follow","max-snippet":"max-snippet:-1","max-image-preview":"max-image-preview:large","max-video-preview":"max-video-preview:-1"},"canonical":"https:\/\/wp.ufpel.edu.br\/margens\/alem-da-baronesa\/","og_locale":"pt_BR","og_type":"article","og_title":"Al\u00e9m da Baronesa - Margens: Diferentes Formas de Habitar Pelotas","og_description":"A luta das trabalhadoras pelo direito de habitar Pelotas Pelotas n\u00e3o foi constru\u00edda apenas por homens brancos ricos, como nos conta a hist\u00f3ria oficial. Nos casar\u00f5es, nas ruas, nos prost\u00edbulos, nas f\u00e1bricas, nos engenhos e em suas casas, mulheres sempre realizaram trabalhados que n\u00e3o s\u00e3o valorizados, como as trabalhadoras dom\u00e9sticas, trabalhadoras sexuais, lavadeiras, artes\u00e3s, oper\u00e1rias, &hellip; Continue lendo \"Al\u00e9m da Baronesa\"","og_url":"https:\/\/wp.ufpel.edu.br\/margens\/alem-da-baronesa\/","og_site_name":"Margens: Diferentes Formas de Habitar Pelotas","article_modified_time":"2020-08-18T20:02:58+00:00","og_image":[{"width":2000,"height":362,"url":"https:\/\/wp.ufpel.edu.br\/margens\/files\/2020\/07\/005MARG20-Header-baronesa.png","type":"image\/png"}],"twitter_card":"summary_large_image","twitter_misc":{"Est. tempo de leitura":"1 minuto"},"schema":{"@context":"https:\/\/schema.org","@graph":[{"@type":"WebPage","@id":"https:\/\/wp.ufpel.edu.br\/margens\/alem-da-baronesa\/","url":"https:\/\/wp.ufpel.edu.br\/margens\/alem-da-baronesa\/","name":"Al\u00e9m da Baronesa - Margens: Diferentes Formas de Habitar Pelotas","isPartOf":{"@id":"https:\/\/wp.ufpel.edu.br\/margens\/#website"},"primaryImageOfPage":{"@id":"https:\/\/wp.ufpel.edu.br\/margens\/alem-da-baronesa\/#primaryimage"},"image":{"@id":"https:\/\/wp.ufpel.edu.br\/margens\/alem-da-baronesa\/#primaryimage"},"thumbnailUrl":"https:\/\/wp.ufpel.edu.br\/margens\/files\/2020\/07\/005MARG20-Header-baronesa.png","datePublished":"2020-06-19T11:59:25+00:00","dateModified":"2020-08-18T20:02:58+00:00","breadcrumb":{"@id":"https:\/\/wp.ufpel.edu.br\/margens\/alem-da-baronesa\/#breadcrumb"},"inLanguage":"pt-BR","potentialAction":[{"@type":"ReadAction","target":["https:\/\/wp.ufpel.edu.br\/margens\/alem-da-baronesa\/"]}]},{"@type":"ImageObject","inLanguage":"pt-BR","@id":"https:\/\/wp.ufpel.edu.br\/margens\/alem-da-baronesa\/#primaryimage","url":"https:\/\/wp.ufpel.edu.br\/margens\/files\/2020\/07\/005MARG20-Header-baronesa.png","contentUrl":"https:\/\/wp.ufpel.edu.br\/margens\/files\/2020\/07\/005MARG20-Header-baronesa.png","width":2000,"height":362},{"@type":"BreadcrumbList","@id":"https:\/\/wp.ufpel.edu.br\/margens\/alem-da-baronesa\/#breadcrumb","itemListElement":[{"@type":"ListItem","position":1,"name":"In\u00edcio","item":"https:\/\/wp.ufpel.edu.br\/margens\/"},{"@type":"ListItem","position":2,"name":"Al\u00e9m da Baronesa"}]},{"@type":"WebSite","@id":"https:\/\/wp.ufpel.edu.br\/margens\/#website","url":"https:\/\/wp.ufpel.edu.br\/margens\/","name":"Margens: Diferentes Formas de Habitar Pelotas","description":"Universidade Federal de Pelotas","potentialAction":[{"@type":"SearchAction","target":{"@type":"EntryPoint","urlTemplate":"https:\/\/wp.ufpel.edu.br\/margens\/?s={search_term_string}"},"query-input":{"@type":"PropertyValueSpecification","valueRequired":true,"valueName":"search_term_string"}}],"inLanguage":"pt-BR"}]}},"jetpack_sharing_enabled":true,"_links":{"self":[{"href":"https:\/\/wp.ufpel.edu.br\/margens\/wp-json\/wp\/v2\/pages\/409","targetHints":{"allow":["GET"]}}],"collection":[{"href":"https:\/\/wp.ufpel.edu.br\/margens\/wp-json\/wp\/v2\/pages"}],"about":[{"href":"https:\/\/wp.ufpel.edu.br\/margens\/wp-json\/wp\/v2\/types\/page"}],"author":[{"embeddable":true,"href":"https:\/\/wp.ufpel.edu.br\/margens\/wp-json\/wp\/v2\/users\/1008"}],"replies":[{"embeddable":true,"href":"https:\/\/wp.ufpel.edu.br\/margens\/wp-json\/wp\/v2\/comments?post=409"}],"version-history":[{"count":8,"href":"https:\/\/wp.ufpel.edu.br\/margens\/wp-json\/wp\/v2\/pages\/409\/revisions"}],"predecessor-version":[{"id":1341,"href":"https:\/\/wp.ufpel.edu.br\/margens\/wp-json\/wp\/v2\/pages\/409\/revisions\/1341"}],"wp:featuredmedia":[{"embeddable":true,"href":"https:\/\/wp.ufpel.edu.br\/margens\/wp-json\/wp\/v2\/media\/744"}],"wp:attachment":[{"href":"https:\/\/wp.ufpel.edu.br\/margens\/wp-json\/wp\/v2\/media?parent=409"}],"curies":[{"name":"wp","href":"https:\/\/api.w.org\/{rel}","templated":true}]}}