{"id":331,"date":"2020-06-11T15:51:13","date_gmt":"2020-06-11T18:51:13","guid":{"rendered":"https:\/\/wp.ufpel.edu.br\/margens\/?page_id=331"},"modified":"2020-08-18T17:31:47","modified_gmt":"2020-08-18T20:31:47","slug":"alem-da-noite","status":"publish","type":"page","link":"https:\/\/wp.ufpel.edu.br\/margens\/alem-da-noite\/","title":{"rendered":"Al\u00e9m da Noite"},"content":{"rendered":"<p style=\"text-align: right\"><span style=\"font-weight: 400;font-family: helvetica, arial, sans-serif;color: #000000\"><strong><em><strong style=\"font-size: 1.25rem\">Queremos te contar uma hist\u00f3ria diferente<\/strong><\/em><\/strong><\/span><\/p>\n<p style=\"text-align: justify\"><span style=\"font-weight: 400\">de gente que vive por aqui, mas que nem sempre aparece nos jornais. Que trabalha, estuda e se diverte, desde sempre, pelas ruas e becos da cidade. S\u00e3o L\u00e9sbicas, Gays, Bissexuais, Transexuais, Travestis, Intersexuais e tantos outros <em><a href=\"https:\/\/www.purebreak.com.br\/noticias\/o-que-e-lgbtqia-descubra-o-significado-da-sigla-completa-com-o-purebreak\/94600\" target=\"_blank\" rel=\"noopener noreferrer\">LGBTQIA+<\/a><\/em>. Est\u00e3o em v\u00e1rios espa\u00e7os, <strong>fazem parte da cidade e de toda essa hist\u00f3ria que contam por a\u00ed. <\/strong><\/span><\/p>\n<p style=\"text-align: justify\"><a href=\"https:\/\/wp.ufpel.edu.br\/margens\/alem-da-noite\/006marg20-rodape-lgbt\/\"><img loading=\"lazy\" decoding=\"async\" data-attachment-id=\"378\" data-permalink=\"https:\/\/wp.ufpel.edu.br\/margens\/alem-da-noite\/000marg20-corrente-6\/\" data-orig-file=\"https:\/\/wp.ufpel.edu.br\/margens\/files\/2020\/06\/000MARG20-CORRENTE-6.png\" data-orig-size=\"2000,167\" data-comments-opened=\"0\" data-image-meta=\"{&quot;aperture&quot;:&quot;0&quot;,&quot;credit&quot;:&quot;&quot;,&quot;camera&quot;:&quot;&quot;,&quot;caption&quot;:&quot;&quot;,&quot;created_timestamp&quot;:&quot;0&quot;,&quot;copyright&quot;:&quot;&quot;,&quot;focal_length&quot;:&quot;0&quot;,&quot;iso&quot;:&quot;0&quot;,&quot;shutter_speed&quot;:&quot;0&quot;,&quot;title&quot;:&quot;&quot;,&quot;orientation&quot;:&quot;0&quot;}\" data-image-title=\"000MARG20-CORRENTE-6\" data-image-description=\"\" data-image-caption=\"\" data-medium-file=\"https:\/\/wp.ufpel.edu.br\/margens\/files\/2020\/06\/000MARG20-CORRENTE-6-400x33.png\" data-large-file=\"https:\/\/wp.ufpel.edu.br\/margens\/files\/2020\/06\/000MARG20-CORRENTE-6-1024x86.png\" class=\"aligncenter wp-image-378 size-full\" src=\"https:\/\/wp.ufpel.edu.br\/margens\/files\/2020\/06\/000MARG20-CORRENTE-6.png\" alt=\"\" width=\"2000\" height=\"174\" \/><\/a><\/p>\n<p style=\"text-align: right\"><span style=\"font-weight: 400\"><span style=\"font-weight: 400;font-family: helvetica, arial, sans-serif;color: #000000\"><strong><em><strong style=\"font-size: 1.25rem\"><img loading=\"lazy\" decoding=\"async\" data-attachment-id=\"768\" data-permalink=\"https:\/\/wp.ufpel.edu.br\/margens\/alem-da-noite\/000marg20-viado\/\" data-orig-file=\"https:\/\/wp.ufpel.edu.br\/margens\/files\/2020\/07\/000MARG20-viado.png\" data-orig-size=\"164,577\" data-comments-opened=\"0\" data-image-meta=\"{&quot;aperture&quot;:&quot;0&quot;,&quot;credit&quot;:&quot;&quot;,&quot;camera&quot;:&quot;&quot;,&quot;caption&quot;:&quot;&quot;,&quot;created_timestamp&quot;:&quot;0&quot;,&quot;copyright&quot;:&quot;&quot;,&quot;focal_length&quot;:&quot;0&quot;,&quot;iso&quot;:&quot;0&quot;,&quot;shutter_speed&quot;:&quot;0&quot;,&quot;title&quot;:&quot;&quot;,&quot;orientation&quot;:&quot;0&quot;}\" data-image-title=\"000MARG20-viado\" data-image-description=\"\" data-image-caption=\"\" data-medium-file=\"https:\/\/wp.ufpel.edu.br\/margens\/files\/2020\/07\/000MARG20-viado-114x400.png\" data-large-file=\"https:\/\/wp.ufpel.edu.br\/margens\/files\/2020\/07\/000MARG20-viado.png\" class=\"alignright wp-image-768 size-medium\" src=\"https:\/\/wp.ufpel.edu.br\/margens\/files\/2020\/07\/000MARG20-viado-114x400.png\" alt=\"\" width=\"114\" height=\"400\" srcset=\"https:\/\/wp.ufpel.edu.br\/margens\/files\/2020\/07\/000MARG20-viado-114x400.png 114w, https:\/\/wp.ufpel.edu.br\/margens\/files\/2020\/07\/000MARG20-viado.png 164w\" sizes=\"auto, (max-width: 114px) 100vw, 114px\" \/><\/strong><\/em><\/strong><\/span><\/span><\/p>\n<p style=\"text-align: right\"><span style=\"font-weight: 400\"><span style=\"font-weight: 400;font-family: helvetica, arial, sans-serif;color: #000000\"><strong><em><strong style=\"font-size: 1.25rem\">Desde a \u00e9poca dos grandes casar\u00f5es<\/strong><\/em><\/strong><\/span><\/span><\/p>\n<p style=\"text-align: justify\"><span style=\"font-weight: 400\">dizem que Pelotas \u00e9 terra de viado, dos mais afrescalhados. Essa hist\u00f3ria surge quando os filhos de pessoas importantes da cidade, ao retornar dos estudos na Europa, chegam com novos costumes e roupas cheias de \u201cbabado\u201d. E para todo o povo, daquela \u00e9poca e at\u00e9 hoje, isso n\u00e3o \u00e9 \u201ccoisa de homem\u201d.<\/span><\/p>\n<p style=\"text-align: justify\"><span style=\"font-weight: 400\">Nossas narrativas s\u00e3o frutos de conversas, relatos de viol\u00eancias, resist\u00eancias e felicidades do ser LGBTQIA+. Por serem assim, <strong>vivenciam outras formas de amar e de entender o mundo<\/strong>. N\u00e3o s\u00f3 viados, mas tamb\u00e9m sapat\u00f5es, bis, trans e travestis, e olhe s\u00f3, at\u00e9 drag queens, ocupam a cidade<\/span><\/p>\n<p><img loading=\"lazy\" decoding=\"async\" data-attachment-id=\"378\" data-permalink=\"https:\/\/wp.ufpel.edu.br\/margens\/alem-da-noite\/000marg20-corrente-6\/\" data-orig-file=\"https:\/\/wp.ufpel.edu.br\/margens\/files\/2020\/06\/000MARG20-CORRENTE-6.png\" data-orig-size=\"2000,167\" data-comments-opened=\"0\" data-image-meta=\"{&quot;aperture&quot;:&quot;0&quot;,&quot;credit&quot;:&quot;&quot;,&quot;camera&quot;:&quot;&quot;,&quot;caption&quot;:&quot;&quot;,&quot;created_timestamp&quot;:&quot;0&quot;,&quot;copyright&quot;:&quot;&quot;,&quot;focal_length&quot;:&quot;0&quot;,&quot;iso&quot;:&quot;0&quot;,&quot;shutter_speed&quot;:&quot;0&quot;,&quot;title&quot;:&quot;&quot;,&quot;orientation&quot;:&quot;0&quot;}\" data-image-title=\"000MARG20-CORRENTE-6\" data-image-description=\"\" data-image-caption=\"\" data-medium-file=\"https:\/\/wp.ufpel.edu.br\/margens\/files\/2020\/06\/000MARG20-CORRENTE-6-400x33.png\" data-large-file=\"https:\/\/wp.ufpel.edu.br\/margens\/files\/2020\/06\/000MARG20-CORRENTE-6-1024x86.png\" class=\"aligncenter size-full wp-image-378\" src=\"https:\/\/wp.ufpel.edu.br\/margens\/files\/2020\/06\/000MARG20-CORRENTE-6.png\" alt=\"\" width=\"2000\" height=\"174\" \/><\/p>\n<p style=\"text-align: right\"><span style=\"font-weight: 400;font-family: helvetica, arial, sans-serif;color: #000000\"><strong><em><strong style=\"font-size: 1.25rem\">Os ventos frescos do Sul<\/strong><\/em><\/strong><\/span><\/p>\n<p style=\"text-align: justify\"><span style=\"font-weight: 400\">chegam por aqui desde as margens do Canal S\u00e3o Gon\u00e7alo, pelo Cal\u00e7ad\u00e3o e Chafariz das Nereidas, em plena Pra\u00e7a Coronel Pedro Os\u00f3rio, colorindo a cidade do \u201cdoce e do charque\u201d.\u00a0 <strong>Pelotas tamb\u00e9m \u00e9 das pessoas LGBTQIA+,<\/strong> mesmo que nem todos os momentos delas aqui sejam os mais felizes. Alguns espa\u00e7os da cidade continuam a exclu\u00ed-las e a noite se faz aliada, passam a ser o palco da vida, da arte e da hist\u00f3ria LGBTQIA+.<\/span><\/p>\n<figure id=\"attachment_1424\" aria-describedby=\"caption-attachment-1424\" style=\"width: 886px\" class=\"wp-caption aligncenter\"><a href=\"https:\/\/wp.ufpel.edu.br\/margens\/alem-da-noite\/memorias-ressignificadas-violet\/\" rel=\"attachment wp-att-1424\"><img loading=\"lazy\" decoding=\"async\" data-attachment-id=\"1424\" data-permalink=\"https:\/\/wp.ufpel.edu.br\/margens\/alem-da-noite\/memorias-ressignificadas-violet\/\" data-orig-file=\"https:\/\/wp.ufpel.edu.br\/margens\/files\/2020\/07\/Mem\u00f3rias-Ressignificadas-violet.jpg\" data-orig-size=\"886,1280\" data-comments-opened=\"0\" data-image-meta=\"{&quot;aperture&quot;:&quot;0&quot;,&quot;credit&quot;:&quot;&quot;,&quot;camera&quot;:&quot;&quot;,&quot;caption&quot;:&quot;&quot;,&quot;created_timestamp&quot;:&quot;0&quot;,&quot;copyright&quot;:&quot;&quot;,&quot;focal_length&quot;:&quot;0&quot;,&quot;iso&quot;:&quot;0&quot;,&quot;shutter_speed&quot;:&quot;0&quot;,&quot;title&quot;:&quot;&quot;,&quot;orientation&quot;:&quot;1&quot;}\" data-image-title=\"Mem\u00f3rias Ressignificadas\" data-image-description=\"\" data-image-caption=\"&lt;p&gt;Mem\u00f3rias Ressignificadas &amp;#8211; Pela artista e arque\u00f3loga transfeminista Violet Baudelaire&lt;\/p&gt;\n\" data-medium-file=\"https:\/\/wp.ufpel.edu.br\/margens\/files\/2020\/07\/Mem\u00f3rias-Ressignificadas-violet-277x400.jpg\" data-large-file=\"https:\/\/wp.ufpel.edu.br\/margens\/files\/2020\/07\/Mem\u00f3rias-Ressignificadas-violet-709x1024.jpg\" class=\"size-full wp-image-1424\" src=\"https:\/\/wp.ufpel.edu.br\/margens\/files\/2020\/07\/Mem\u00f3rias-Ressignificadas-violet.jpg\" alt=\"\" width=\"886\" height=\"1280\" srcset=\"https:\/\/wp.ufpel.edu.br\/margens\/files\/2020\/07\/Mem\u00f3rias-Ressignificadas-violet.jpg 886w, https:\/\/wp.ufpel.edu.br\/margens\/files\/2020\/07\/Mem\u00f3rias-Ressignificadas-violet-277x400.jpg 277w, https:\/\/wp.ufpel.edu.br\/margens\/files\/2020\/07\/Mem\u00f3rias-Ressignificadas-violet-709x1024.jpg 709w, https:\/\/wp.ufpel.edu.br\/margens\/files\/2020\/07\/Mem\u00f3rias-Ressignificadas-violet-768x1110.jpg 768w\" sizes=\"auto, (max-width: 706px) 89vw, (max-width: 767px) 82vw, 740px\" \/><\/a><figcaption id=\"caption-attachment-1424\" class=\"wp-caption-text\">Mem\u00f3rias Ressignificadas &#8211; Pela artista e arque\u00f3loga transfeminista Violet Baudelaire<\/figcaption><\/figure>\n<audio class=\"wp-audio-shortcode\" id=\"audio-331-1\" preload=\"none\" style=\"width: 100%;\" controls=\"controls\"><source type=\"audio\/mpeg\" src=\"https:\/\/wp.ufpel.edu.br\/margens\/files\/2020\/07\/udio-violet-online-audio-converter.com_.mp3?_=1\" \/><a href=\"https:\/\/wp.ufpel.edu.br\/margens\/files\/2020\/07\/udio-violet-online-audio-converter.com_.mp3\">https:\/\/wp.ufpel.edu.br\/margens\/files\/2020\/07\/udio-violet-online-audio-converter.com_.mp3<\/a><\/audio>\n<p><img loading=\"lazy\" decoding=\"async\" data-attachment-id=\"378\" data-permalink=\"https:\/\/wp.ufpel.edu.br\/margens\/alem-da-noite\/000marg20-corrente-6\/\" data-orig-file=\"https:\/\/wp.ufpel.edu.br\/margens\/files\/2020\/06\/000MARG20-CORRENTE-6.png\" data-orig-size=\"2000,167\" data-comments-opened=\"0\" data-image-meta=\"{&quot;aperture&quot;:&quot;0&quot;,&quot;credit&quot;:&quot;&quot;,&quot;camera&quot;:&quot;&quot;,&quot;caption&quot;:&quot;&quot;,&quot;created_timestamp&quot;:&quot;0&quot;,&quot;copyright&quot;:&quot;&quot;,&quot;focal_length&quot;:&quot;0&quot;,&quot;iso&quot;:&quot;0&quot;,&quot;shutter_speed&quot;:&quot;0&quot;,&quot;title&quot;:&quot;&quot;,&quot;orientation&quot;:&quot;0&quot;}\" data-image-title=\"000MARG20-CORRENTE-6\" data-image-description=\"\" data-image-caption=\"\" data-medium-file=\"https:\/\/wp.ufpel.edu.br\/margens\/files\/2020\/06\/000MARG20-CORRENTE-6-400x33.png\" data-large-file=\"https:\/\/wp.ufpel.edu.br\/margens\/files\/2020\/06\/000MARG20-CORRENTE-6-1024x86.png\" class=\"aligncenter size-full wp-image-378\" src=\"https:\/\/wp.ufpel.edu.br\/margens\/files\/2020\/06\/000MARG20-CORRENTE-6.png\" alt=\"\" width=\"2000\" height=\"174\" \/><\/p>\n<p style=\"text-align: center\"><a href=\"https:\/\/wp.ufpel.edu.br\/margens\/patrimonios-invisibilizados\/\"><em>&lt; Voc\u00ea pode voltar clicando aqui<\/em><\/a><\/p>\n<p style=\"text-align: center\"><a href=\"https:\/\/wp.ufpel.edu.br\/margens\/sobre-as-diferencas\/\"><em>Vamos para a pr\u00f3xima p\u00e1gina? &gt;<\/em><\/a><\/p>\n","protected":false},"excerpt":{"rendered":"<p>Queremos te contar uma hist\u00f3ria diferente de gente que vive por aqui, mas que nem sempre aparece nos jornais. Que trabalha, estuda e se diverte, desde sempre, pelas ruas e becos da cidade. S\u00e3o L\u00e9sbicas, Gays, Bissexuais, Transexuais, Travestis, Intersexuais e tantos outros LGBTQIA+. Est\u00e3o em v\u00e1rios espa\u00e7os, fazem parte da cidade e de toda &hellip; <\/p>\n<p class=\"link-more\"><a href=\"https:\/\/wp.ufpel.edu.br\/margens\/alem-da-noite\/\" class=\"more-link\">Continue lendo<span class=\"screen-reader-text\"> &#8220;Al\u00e9m da Noite&#8221;<\/span><\/a><\/p>\n","protected":false},"author":1008,"featured_media":377,"parent":0,"menu_order":0,"comment_status":"closed","ping_status":"closed","template":"","meta":{"footnotes":""},"class_list":["post-331","page","type-page","status-publish","has-post-thumbnail","hentry"],"yoast_head":"<!-- This site is optimized with the Yoast SEO plugin v26.7 - https:\/\/yoast.com\/wordpress\/plugins\/seo\/ -->\n<title>Pelotas \u00e9 terra de viado - Margens: Diferentes Formas de Habitar Pelotas<\/title>\n<meta name=\"description\" content=\"Desde a \u00e9poca dos grandes casar\u00f5es dizem que Pelotas \u00e9 terra de viado, dos mais afrescalhados. Mas, de onde v\u00eam esse discurso?\" \/>\n<meta name=\"robots\" content=\"index, follow, max-snippet:-1, max-image-preview:large, max-video-preview:-1\" \/>\n<link rel=\"canonical\" href=\"https:\/\/wp.ufpel.edu.br\/margens\/alem-da-noite\/\" \/>\n<meta property=\"og:locale\" content=\"pt_BR\" \/>\n<meta property=\"og:type\" content=\"article\" \/>\n<meta property=\"og:title\" content=\"Pelotas \u00e9 terra de viado - Margens: Diferentes Formas de Habitar Pelotas\" \/>\n<meta property=\"og:description\" content=\"Desde a \u00e9poca dos grandes casar\u00f5es dizem que Pelotas \u00e9 terra de viado, dos mais afrescalhados. Mas, de onde v\u00eam esse discurso?\" \/>\n<meta property=\"og:url\" content=\"https:\/\/wp.ufpel.edu.br\/margens\/alem-da-noite\/\" \/>\n<meta property=\"og:site_name\" content=\"Margens: Diferentes Formas de Habitar Pelotas\" \/>\n<meta property=\"article:modified_time\" content=\"2020-08-18T20:31:47+00:00\" \/>\n<meta property=\"og:image\" content=\"https:\/\/wp.ufpel.edu.br\/margens\/files\/2020\/06\/006MARG20-Header-Mapeando.png\" \/>\n\t<meta property=\"og:image:width\" content=\"2000\" \/>\n\t<meta property=\"og:image:height\" content=\"362\" \/>\n\t<meta property=\"og:image:type\" content=\"image\/png\" \/>\n<meta name=\"twitter:card\" content=\"summary_large_image\" \/>\n<meta name=\"twitter:label1\" content=\"Est. tempo de leitura\" \/>\n\t<meta name=\"twitter:data1\" content=\"2 minutos\" \/>\n<script type=\"application\/ld+json\" class=\"yoast-schema-graph\">{\"@context\":\"https:\/\/schema.org\",\"@graph\":[{\"@type\":\"WebPage\",\"@id\":\"https:\/\/wp.ufpel.edu.br\/margens\/alem-da-noite\/\",\"url\":\"https:\/\/wp.ufpel.edu.br\/margens\/alem-da-noite\/\",\"name\":\"Pelotas \u00e9 terra de viado - Margens: Diferentes Formas de Habitar Pelotas\",\"isPartOf\":{\"@id\":\"https:\/\/wp.ufpel.edu.br\/margens\/#website\"},\"primaryImageOfPage\":{\"@id\":\"https:\/\/wp.ufpel.edu.br\/margens\/alem-da-noite\/#primaryimage\"},\"image\":{\"@id\":\"https:\/\/wp.ufpel.edu.br\/margens\/alem-da-noite\/#primaryimage\"},\"thumbnailUrl\":\"https:\/\/wp.ufpel.edu.br\/margens\/files\/2020\/06\/006MARG20-Header-Mapeando.png\",\"datePublished\":\"2020-06-11T18:51:13+00:00\",\"dateModified\":\"2020-08-18T20:31:47+00:00\",\"description\":\"Desde a \u00e9poca dos grandes casar\u00f5es dizem que Pelotas \u00e9 terra de viado, dos mais afrescalhados. Mas, de onde v\u00eam esse discurso?\",\"breadcrumb\":{\"@id\":\"https:\/\/wp.ufpel.edu.br\/margens\/alem-da-noite\/#breadcrumb\"},\"inLanguage\":\"pt-BR\",\"potentialAction\":[{\"@type\":\"ReadAction\",\"target\":[\"https:\/\/wp.ufpel.edu.br\/margens\/alem-da-noite\/\"]}]},{\"@type\":\"ImageObject\",\"inLanguage\":\"pt-BR\",\"@id\":\"https:\/\/wp.ufpel.edu.br\/margens\/alem-da-noite\/#primaryimage\",\"url\":\"https:\/\/wp.ufpel.edu.br\/margens\/files\/2020\/06\/006MARG20-Header-Mapeando.png\",\"contentUrl\":\"https:\/\/wp.ufpel.edu.br\/margens\/files\/2020\/06\/006MARG20-Header-Mapeando.png\",\"width\":2000,\"height\":362},{\"@type\":\"BreadcrumbList\",\"@id\":\"https:\/\/wp.ufpel.edu.br\/margens\/alem-da-noite\/#breadcrumb\",\"itemListElement\":[{\"@type\":\"ListItem\",\"position\":1,\"name\":\"In\u00edcio\",\"item\":\"https:\/\/wp.ufpel.edu.br\/margens\/\"},{\"@type\":\"ListItem\",\"position\":2,\"name\":\"Al\u00e9m da Noite\"}]},{\"@type\":\"WebSite\",\"@id\":\"https:\/\/wp.ufpel.edu.br\/margens\/#website\",\"url\":\"https:\/\/wp.ufpel.edu.br\/margens\/\",\"name\":\"Margens: Diferentes Formas de Habitar Pelotas\",\"description\":\"Universidade Federal de Pelotas\",\"potentialAction\":[{\"@type\":\"SearchAction\",\"target\":{\"@type\":\"EntryPoint\",\"urlTemplate\":\"https:\/\/wp.ufpel.edu.br\/margens\/?s={search_term_string}\"},\"query-input\":{\"@type\":\"PropertyValueSpecification\",\"valueRequired\":true,\"valueName\":\"search_term_string\"}}],\"inLanguage\":\"pt-BR\"}]}<\/script>\n<!-- \/ Yoast SEO plugin. -->","yoast_head_json":{"title":"Pelotas \u00e9 terra de viado - Margens: Diferentes Formas de Habitar Pelotas","description":"Desde a \u00e9poca dos grandes casar\u00f5es dizem que Pelotas \u00e9 terra de viado, dos mais afrescalhados. Mas, de onde v\u00eam esse discurso?","robots":{"index":"index","follow":"follow","max-snippet":"max-snippet:-1","max-image-preview":"max-image-preview:large","max-video-preview":"max-video-preview:-1"},"canonical":"https:\/\/wp.ufpel.edu.br\/margens\/alem-da-noite\/","og_locale":"pt_BR","og_type":"article","og_title":"Pelotas \u00e9 terra de viado - Margens: Diferentes Formas de Habitar Pelotas","og_description":"Desde a \u00e9poca dos grandes casar\u00f5es dizem que Pelotas \u00e9 terra de viado, dos mais afrescalhados. Mas, de onde v\u00eam esse discurso?","og_url":"https:\/\/wp.ufpel.edu.br\/margens\/alem-da-noite\/","og_site_name":"Margens: Diferentes Formas de Habitar Pelotas","article_modified_time":"2020-08-18T20:31:47+00:00","og_image":[{"width":2000,"height":362,"url":"https:\/\/wp.ufpel.edu.br\/margens\/files\/2020\/06\/006MARG20-Header-Mapeando.png","type":"image\/png"}],"twitter_card":"summary_large_image","twitter_misc":{"Est. tempo de leitura":"2 minutos"},"schema":{"@context":"https:\/\/schema.org","@graph":[{"@type":"WebPage","@id":"https:\/\/wp.ufpel.edu.br\/margens\/alem-da-noite\/","url":"https:\/\/wp.ufpel.edu.br\/margens\/alem-da-noite\/","name":"Pelotas \u00e9 terra de viado - Margens: Diferentes Formas de Habitar Pelotas","isPartOf":{"@id":"https:\/\/wp.ufpel.edu.br\/margens\/#website"},"primaryImageOfPage":{"@id":"https:\/\/wp.ufpel.edu.br\/margens\/alem-da-noite\/#primaryimage"},"image":{"@id":"https:\/\/wp.ufpel.edu.br\/margens\/alem-da-noite\/#primaryimage"},"thumbnailUrl":"https:\/\/wp.ufpel.edu.br\/margens\/files\/2020\/06\/006MARG20-Header-Mapeando.png","datePublished":"2020-06-11T18:51:13+00:00","dateModified":"2020-08-18T20:31:47+00:00","description":"Desde a \u00e9poca dos grandes casar\u00f5es dizem que Pelotas \u00e9 terra de viado, dos mais afrescalhados. Mas, de onde v\u00eam esse discurso?","breadcrumb":{"@id":"https:\/\/wp.ufpel.edu.br\/margens\/alem-da-noite\/#breadcrumb"},"inLanguage":"pt-BR","potentialAction":[{"@type":"ReadAction","target":["https:\/\/wp.ufpel.edu.br\/margens\/alem-da-noite\/"]}]},{"@type":"ImageObject","inLanguage":"pt-BR","@id":"https:\/\/wp.ufpel.edu.br\/margens\/alem-da-noite\/#primaryimage","url":"https:\/\/wp.ufpel.edu.br\/margens\/files\/2020\/06\/006MARG20-Header-Mapeando.png","contentUrl":"https:\/\/wp.ufpel.edu.br\/margens\/files\/2020\/06\/006MARG20-Header-Mapeando.png","width":2000,"height":362},{"@type":"BreadcrumbList","@id":"https:\/\/wp.ufpel.edu.br\/margens\/alem-da-noite\/#breadcrumb","itemListElement":[{"@type":"ListItem","position":1,"name":"In\u00edcio","item":"https:\/\/wp.ufpel.edu.br\/margens\/"},{"@type":"ListItem","position":2,"name":"Al\u00e9m da Noite"}]},{"@type":"WebSite","@id":"https:\/\/wp.ufpel.edu.br\/margens\/#website","url":"https:\/\/wp.ufpel.edu.br\/margens\/","name":"Margens: Diferentes Formas de Habitar Pelotas","description":"Universidade Federal de Pelotas","potentialAction":[{"@type":"SearchAction","target":{"@type":"EntryPoint","urlTemplate":"https:\/\/wp.ufpel.edu.br\/margens\/?s={search_term_string}"},"query-input":{"@type":"PropertyValueSpecification","valueRequired":true,"valueName":"search_term_string"}}],"inLanguage":"pt-BR"}]}},"jetpack_sharing_enabled":true,"_links":{"self":[{"href":"https:\/\/wp.ufpel.edu.br\/margens\/wp-json\/wp\/v2\/pages\/331","targetHints":{"allow":["GET"]}}],"collection":[{"href":"https:\/\/wp.ufpel.edu.br\/margens\/wp-json\/wp\/v2\/pages"}],"about":[{"href":"https:\/\/wp.ufpel.edu.br\/margens\/wp-json\/wp\/v2\/types\/page"}],"author":[{"embeddable":true,"href":"https:\/\/wp.ufpel.edu.br\/margens\/wp-json\/wp\/v2\/users\/1008"}],"replies":[{"embeddable":true,"href":"https:\/\/wp.ufpel.edu.br\/margens\/wp-json\/wp\/v2\/comments?post=331"}],"version-history":[{"count":21,"href":"https:\/\/wp.ufpel.edu.br\/margens\/wp-json\/wp\/v2\/pages\/331\/revisions"}],"predecessor-version":[{"id":1673,"href":"https:\/\/wp.ufpel.edu.br\/margens\/wp-json\/wp\/v2\/pages\/331\/revisions\/1673"}],"wp:featuredmedia":[{"embeddable":true,"href":"https:\/\/wp.ufpel.edu.br\/margens\/wp-json\/wp\/v2\/media\/377"}],"wp:attachment":[{"href":"https:\/\/wp.ufpel.edu.br\/margens\/wp-json\/wp\/v2\/media?parent=331"}],"curies":[{"name":"wp","href":"https:\/\/api.w.org\/{rel}","templated":true}]}}