{"id":415,"date":"2024-08-27T16:17:45","date_gmt":"2024-08-27T19:17:45","guid":{"rendered":"https:\/\/wp.ufpel.edu.br\/maquinascorposegrafias\/?page_id=415"},"modified":"2024-09-09T14:43:10","modified_gmt":"2024-09-09T17:43:10","slug":"of-5","status":"publish","type":"page","link":"https:\/\/wp.ufpel.edu.br\/maquinascorposegrafias\/of-5\/","title":{"rendered":"OF 5 &#8211; Tambores de Candombe"},"content":{"rendered":"<p>Guillermo Ceballos (Concierto Lubolo e Sinfonia de Ansina)<br \/>\nProf. Dr. Lisandro Moura (IFSul)<\/p>\n<p>20 vagas<\/p>\n<p style=\"text-align: justify;\">S\u00famula: A oficina prop\u00f5e uma inicia\u00e7\u00e3o aos aspectos hist\u00f3ricos, culturais e musicais do candombe afro-uruguaio, enfatizando a import\u00e2ncia da escuta atencional e da experi\u00eancia sensorial na aprendizagem com tambores. Ministrada por Guillermo Ceballos, percussionista e tamborileiro uruguaio com vasta experi\u00eancia e envolvimento em diversas comparsas e projetos musicais, e com a assist\u00eancia do antrop\u00f3logo e professor Lisandro Moura, a oficina abordar\u00e1 os modos de afina\u00e7\u00e3o e as frases caracter\u00edsticas dos tr\u00eas tambores tradicionais do candombe uruguaio: chico, piano e repique. Os participantes aprender\u00e3o a executar os padr\u00f5es r\u00edtmicos dos instrumentos e a conversa\u00e7\u00e3o entre eles, explorando na pr\u00e1tica a polirritmia dos tambores e a comunica\u00e7\u00e3o fluida entre os m\u00fasicos tamborileros. A oficina busca integrar t\u00e9cnica e sentimento, ao destacar a import\u00e2ncia da percep\u00e7\u00e3o sensorial e das habilidades t\u00e9cnicas valorizadas no interior dos grupos candomberos.<\/p>\n<p>Local: Espa\u00e7o de Arte Popular (Rua Benjamin Constant, 1071- Antigo Pr\u00e9dio da Brahma).<\/p>\n","protected":false},"excerpt":{"rendered":"<p>Guillermo Ceballos (Concierto Lubolo e Sinfonia de Ansina) Prof. Dr. Lisandro Moura (IFSul) 20 vagas S\u00famula: A oficina prop\u00f5e uma inicia\u00e7\u00e3o aos aspectos hist\u00f3ricos, culturais e musicais do candombe afro-uruguaio, enfatizando a import\u00e2ncia da escuta atencional e da experi\u00eancia sensorial na aprendizagem com tambores. Ministrada por Guillermo Ceballos, percussionista e tamborileiro uruguaio com vasta experi\u00eancia &hellip; <\/p>\n<p class=\"link-more\"><a href=\"https:\/\/wp.ufpel.edu.br\/maquinascorposegrafias\/of-5\/\" class=\"more-link\">Continue lendo<span class=\"screen-reader-text\"> &#8220;OF 5 &#8211; Tambores de Candombe&#8221;<\/span><\/a><\/p>\n","protected":false},"author":641,"featured_media":0,"parent":0,"menu_order":0,"comment_status":"closed","ping_status":"closed","template":"","meta":{"footnotes":""},"class_list":["post-415","page","type-page","status-publish","hentry"],"_links":{"self":[{"href":"https:\/\/wp.ufpel.edu.br\/maquinascorposegrafias\/wp-json\/wp\/v2\/pages\/415","targetHints":{"allow":["GET"]}}],"collection":[{"href":"https:\/\/wp.ufpel.edu.br\/maquinascorposegrafias\/wp-json\/wp\/v2\/pages"}],"about":[{"href":"https:\/\/wp.ufpel.edu.br\/maquinascorposegrafias\/wp-json\/wp\/v2\/types\/page"}],"author":[{"embeddable":true,"href":"https:\/\/wp.ufpel.edu.br\/maquinascorposegrafias\/wp-json\/wp\/v2\/users\/641"}],"replies":[{"embeddable":true,"href":"https:\/\/wp.ufpel.edu.br\/maquinascorposegrafias\/wp-json\/wp\/v2\/comments?post=415"}],"version-history":[{"count":2,"href":"https:\/\/wp.ufpel.edu.br\/maquinascorposegrafias\/wp-json\/wp\/v2\/pages\/415\/revisions"}],"predecessor-version":[{"id":489,"href":"https:\/\/wp.ufpel.edu.br\/maquinascorposegrafias\/wp-json\/wp\/v2\/pages\/415\/revisions\/489"}],"wp:attachment":[{"href":"https:\/\/wp.ufpel.edu.br\/maquinascorposegrafias\/wp-json\/wp\/v2\/media?parent=415"}],"curies":[{"name":"wp","href":"https:\/\/api.w.org\/{rel}","templated":true}]}}