{"id":365,"date":"2024-08-21T14:28:51","date_gmt":"2024-08-21T17:28:51","guid":{"rendered":"https:\/\/wp.ufpel.edu.br\/maquinascorposegrafias\/?page_id=365"},"modified":"2024-09-24T13:56:07","modified_gmt":"2024-09-24T16:56:07","slug":"programacao","status":"publish","type":"page","link":"https:\/\/wp.ufpel.edu.br\/maquinascorposegrafias\/programacao\/","title":{"rendered":"Grade de programa\u00e7\u00e3o"},"content":{"rendered":"<p><span style=\"color: #ffff99; background-color: #ff0000;\"><span style=\"font-size: 18pt; background-color: #ff6600;\"><strong>\u00a0COMUNICADO\u00a0<\/strong> <\/span><br \/>\n<\/span><\/p>\n<p><strong>PROGRAMA\u00c7\u00c3O ALTERADA:<\/strong><br \/>\n<strong>ATIVIDADES DA UFPEL SUSPENSAS DEVIDO \u00c0S CONDI\u00c7\u00d5ES CLIM\u00c1TICAS<\/strong><\/p>\n<p><strong>QUARTA-FEIRA 25\/09:<\/strong><br \/>\n<strong><span style=\"color: #ff6600;\">ABERTURA<\/span> E <span style=\"color: #ff6600;\">MESA REDONDA 1<\/span> SER\u00c3O ONLINE<\/strong><\/p>\n<p><strong><span style=\"color: #ff6600;\">OFICINAS 1 e 2<\/span> ser\u00e3o relocadas, conforme informado \u00e0s pessoas inscritas<\/strong><\/p>\n<hr \/>\n<p><a href=\"https:\/\/wp.ufpel.edu.br\/maquinascorposegrafias\/programacaocompleta\/\"><img loading=\"lazy\" decoding=\"async\" class=\"alignnone size-full wp-image-567\" src=\"https:\/\/wp.ufpel.edu.br\/maquinascorposegrafias\/files\/2024\/09\/Grade-Programacao_v9.gif\" alt=\"\" width=\"808\" height=\"605\" \/><\/a><\/p>\n<p><a href=\"https:\/\/wp.ufpel.edu.br\/maquinascorposegrafias\/programacaocompleta\/\"><strong>PROGRAMA\u00c7\u00c3O DETALHADA<\/strong><\/a><\/p>\n","protected":false},"excerpt":{"rendered":"<p>\u00a0COMUNICADO\u00a0 PROGRAMA\u00c7\u00c3O ALTERADA: ATIVIDADES DA UFPEL SUSPENSAS DEVIDO \u00c0S CONDI\u00c7\u00d5ES CLIM\u00c1TICAS QUARTA-FEIRA 25\/09: ABERTURA E MESA REDONDA 1 SER\u00c3O ONLINE OFICINAS 1 e 2 ser\u00e3o relocadas, conforme informado \u00e0s pessoas inscritas PROGRAMA\u00c7\u00c3O DETALHADA<\/p>\n","protected":false},"author":641,"featured_media":0,"parent":0,"menu_order":0,"comment_status":"closed","ping_status":"closed","template":"","meta":{"footnotes":""},"class_list":["post-365","page","type-page","status-publish","hentry"],"_links":{"self":[{"href":"https:\/\/wp.ufpel.edu.br\/maquinascorposegrafias\/wp-json\/wp\/v2\/pages\/365","targetHints":{"allow":["GET"]}}],"collection":[{"href":"https:\/\/wp.ufpel.edu.br\/maquinascorposegrafias\/wp-json\/wp\/v2\/pages"}],"about":[{"href":"https:\/\/wp.ufpel.edu.br\/maquinascorposegrafias\/wp-json\/wp\/v2\/types\/page"}],"author":[{"embeddable":true,"href":"https:\/\/wp.ufpel.edu.br\/maquinascorposegrafias\/wp-json\/wp\/v2\/users\/641"}],"replies":[{"embeddable":true,"href":"https:\/\/wp.ufpel.edu.br\/maquinascorposegrafias\/wp-json\/wp\/v2\/comments?post=365"}],"version-history":[{"count":22,"href":"https:\/\/wp.ufpel.edu.br\/maquinascorposegrafias\/wp-json\/wp\/v2\/pages\/365\/revisions"}],"predecessor-version":[{"id":571,"href":"https:\/\/wp.ufpel.edu.br\/maquinascorposegrafias\/wp-json\/wp\/v2\/pages\/365\/revisions\/571"}],"wp:attachment":[{"href":"https:\/\/wp.ufpel.edu.br\/maquinascorposegrafias\/wp-json\/wp\/v2\/media?parent=365"}],"curies":[{"name":"wp","href":"https:\/\/api.w.org\/{rel}","templated":true}]}}