{"id":339,"date":"2024-08-20T09:50:37","date_gmt":"2024-08-20T12:50:37","guid":{"rendered":"https:\/\/wp.ufpel.edu.br\/maquinascorposegrafias\/?page_id=339"},"modified":"2024-08-20T15:08:42","modified_gmt":"2024-08-20T18:08:42","slug":"miyer-johana-paniagua-sanchez","status":"publish","type":"page","link":"https:\/\/wp.ufpel.edu.br\/maquinascorposegrafias\/miyer-johana-paniagua-sanchez\/","title":{"rendered":"Miyer Johana Paniagua S\u00e1nchez"},"content":{"rendered":"<p style=\"text-align: justify;\"><img loading=\"lazy\" decoding=\"async\" class=\"alignright size-thumbnail wp-image-358\" src=\"https:\/\/wp.ufpel.edu.br\/maquinascorposegrafias\/files\/2024\/08\/Miyer-200x200.jpg\" alt=\"\" width=\"200\" height=\"200\" srcset=\"https:\/\/wp.ufpel.edu.br\/maquinascorposegrafias\/files\/2024\/08\/Miyer-200x200.jpg 200w, https:\/\/wp.ufpel.edu.br\/maquinascorposegrafias\/files\/2024\/08\/Miyer-100x100.jpg 100w\" sizes=\"auto, (max-width: 200px) 100vw, 200px\" \/>Fot\u00f3grafa freelance para agencias y medios internacionales y estudiante de pregrado en Comunicaci\u00f3n Audiovisual y Multimedial de la Facultad de Comunicaciones y Filolog\u00eda de la Universidad de Antioquia, Medell\u00edn-Colombia. El trabajo fotogr\u00e1fico de Miyer ha sido publicado y distribuido por diferentes agencias y medios internacionales como Vice, BBC, RTDE, DW espa\u00f1ol, La Croix y The Economist. Esta creadora de la serie fotogr\u00e1fica que analizamos se ha especializado en acompa\u00f1ar a diferentes comunidades ind\u00edgenas, campesinas, organizaciones sociales y Firmantes de la Paz, aportando desde la comunicaci\u00f3n a la visibilizaci\u00f3n de los procesos que vive cada grupo social.<\/p>\n","protected":false},"excerpt":{"rendered":"<p>Fot\u00f3grafa freelance para agencias y medios internacionales y estudiante de pregrado en Comunicaci\u00f3n Audiovisual y Multimedial de la Facultad de Comunicaciones y Filolog\u00eda de la Universidad de Antioquia, Medell\u00edn-Colombia. El trabajo fotogr\u00e1fico de Miyer ha sido publicado y distribuido por diferentes agencias y medios internacionales como Vice, BBC, RTDE, DW espa\u00f1ol, La Croix y The &hellip; <\/p>\n<p class=\"link-more\"><a href=\"https:\/\/wp.ufpel.edu.br\/maquinascorposegrafias\/miyer-johana-paniagua-sanchez\/\" class=\"more-link\">Continue lendo<span class=\"screen-reader-text\"> &#8220;Miyer Johana Paniagua S\u00e1nchez&#8221;<\/span><\/a><\/p>\n","protected":false},"author":641,"featured_media":0,"parent":0,"menu_order":0,"comment_status":"closed","ping_status":"closed","template":"","meta":{"footnotes":""},"class_list":["post-339","page","type-page","status-publish","hentry"],"_links":{"self":[{"href":"https:\/\/wp.ufpel.edu.br\/maquinascorposegrafias\/wp-json\/wp\/v2\/pages\/339","targetHints":{"allow":["GET"]}}],"collection":[{"href":"https:\/\/wp.ufpel.edu.br\/maquinascorposegrafias\/wp-json\/wp\/v2\/pages"}],"about":[{"href":"https:\/\/wp.ufpel.edu.br\/maquinascorposegrafias\/wp-json\/wp\/v2\/types\/page"}],"author":[{"embeddable":true,"href":"https:\/\/wp.ufpel.edu.br\/maquinascorposegrafias\/wp-json\/wp\/v2\/users\/641"}],"replies":[{"embeddable":true,"href":"https:\/\/wp.ufpel.edu.br\/maquinascorposegrafias\/wp-json\/wp\/v2\/comments?post=339"}],"version-history":[{"count":2,"href":"https:\/\/wp.ufpel.edu.br\/maquinascorposegrafias\/wp-json\/wp\/v2\/pages\/339\/revisions"}],"predecessor-version":[{"id":359,"href":"https:\/\/wp.ufpel.edu.br\/maquinascorposegrafias\/wp-json\/wp\/v2\/pages\/339\/revisions\/359"}],"wp:attachment":[{"href":"https:\/\/wp.ufpel.edu.br\/maquinascorposegrafias\/wp-json\/wp\/v2\/media?parent=339"}],"curies":[{"name":"wp","href":"https:\/\/api.w.org\/{rel}","templated":true}]}}