{"id":275,"date":"2024-08-15T16:07:59","date_gmt":"2024-08-15T19:07:59","guid":{"rendered":"https:\/\/wp.ufpel.edu.br\/maquinascorposegrafias\/?page_id=275"},"modified":"2024-09-02T14:36:34","modified_gmt":"2024-09-02T17:36:34","slug":"patricia-pinheiro","status":"publish","type":"page","link":"https:\/\/wp.ufpel.edu.br\/maquinascorposegrafias\/patricia-pinheiro\/","title":{"rendered":"PATRICIA PINHEIRO"},"content":{"rendered":"<p style=\"text-align: justify;\"><b><img loading=\"lazy\" decoding=\"async\" class=\"alignright size-thumbnail wp-image-227\" src=\"https:\/\/wp.ufpel.edu.br\/maquinascorposegrafias\/files\/2024\/08\/Patricia-Pinheiro-200x200.jpeg\" alt=\"\" width=\"200\" height=\"200\" srcset=\"https:\/\/wp.ufpel.edu.br\/maquinascorposegrafias\/files\/2024\/08\/Patricia-Pinheiro-200x200.jpeg 200w, https:\/\/wp.ufpel.edu.br\/maquinascorposegrafias\/files\/2024\/08\/Patricia-Pinheiro-100x100.jpeg 100w\" sizes=\"auto, (max-width: 200px) 100vw, 200px\" \/><\/b>Docente no Instituto Latino-Americano de Economia, Sociedade e Pol\u00edtica \/ Universidade Federal da Integra\u00e7\u00e3o Latino-Americana. Possui doutorado em Ci\u00eancias Sociais pela Universidade Federal Rural do Rio de Janeiro (CPDA\/UFRRJ). Pesquisa a trajet\u00f3ria hist\u00f3rica do racismo e formas do seu enfrentamento, conflitos socioambientais e pol\u00edticas de reconhecimento da popula\u00e7\u00e3o quilombola.<\/p>\n","protected":false},"excerpt":{"rendered":"<p>Docente no Instituto Latino-Americano de Economia, Sociedade e Pol\u00edtica \/ Universidade Federal da Integra\u00e7\u00e3o Latino-Americana. Possui doutorado em Ci\u00eancias Sociais pela Universidade Federal Rural do Rio de Janeiro (CPDA\/UFRRJ). Pesquisa a trajet\u00f3ria hist\u00f3rica do racismo e formas do seu enfrentamento, conflitos socioambientais e pol\u00edticas de reconhecimento da popula\u00e7\u00e3o quilombola.<\/p>\n","protected":false},"author":641,"featured_media":0,"parent":0,"menu_order":0,"comment_status":"closed","ping_status":"closed","template":"","meta":{"footnotes":""},"class_list":["post-275","page","type-page","status-publish","hentry"],"_links":{"self":[{"href":"https:\/\/wp.ufpel.edu.br\/maquinascorposegrafias\/wp-json\/wp\/v2\/pages\/275","targetHints":{"allow":["GET"]}}],"collection":[{"href":"https:\/\/wp.ufpel.edu.br\/maquinascorposegrafias\/wp-json\/wp\/v2\/pages"}],"about":[{"href":"https:\/\/wp.ufpel.edu.br\/maquinascorposegrafias\/wp-json\/wp\/v2\/types\/page"}],"author":[{"embeddable":true,"href":"https:\/\/wp.ufpel.edu.br\/maquinascorposegrafias\/wp-json\/wp\/v2\/users\/641"}],"replies":[{"embeddable":true,"href":"https:\/\/wp.ufpel.edu.br\/maquinascorposegrafias\/wp-json\/wp\/v2\/comments?post=275"}],"version-history":[{"count":3,"href":"https:\/\/wp.ufpel.edu.br\/maquinascorposegrafias\/wp-json\/wp\/v2\/pages\/275\/revisions"}],"predecessor-version":[{"id":474,"href":"https:\/\/wp.ufpel.edu.br\/maquinascorposegrafias\/wp-json\/wp\/v2\/pages\/275\/revisions\/474"}],"wp:attachment":[{"href":"https:\/\/wp.ufpel.edu.br\/maquinascorposegrafias\/wp-json\/wp\/v2\/media?parent=275"}],"curies":[{"name":"wp","href":"https:\/\/api.w.org\/{rel}","templated":true}]}}