{"id":272,"date":"2024-08-15T16:07:07","date_gmt":"2024-08-15T19:07:07","guid":{"rendered":"https:\/\/wp.ufpel.edu.br\/maquinascorposegrafias\/?page_id=272"},"modified":"2024-08-15T16:07:07","modified_gmt":"2024-08-15T19:07:07","slug":"luis-carlos-toro-tamayo","status":"publish","type":"page","link":"https:\/\/wp.ufpel.edu.br\/maquinascorposegrafias\/luis-carlos-toro-tamayo\/","title":{"rendered":"LUIS CARLOS TORO TAMAYO"},"content":{"rendered":"<p style=\"text-align: justify;\"><img loading=\"lazy\" decoding=\"async\" class=\"alignright size-thumbnail wp-image-226\" src=\"https:\/\/wp.ufpel.edu.br\/maquinascorposegrafias\/files\/2024\/08\/luis-carlos-toro-200x200.jpeg\" alt=\"\" width=\"200\" height=\"200\" srcset=\"https:\/\/wp.ufpel.edu.br\/maquinascorposegrafias\/files\/2024\/08\/luis-carlos-toro-200x200.jpeg 200w, https:\/\/wp.ufpel.edu.br\/maquinascorposegrafias\/files\/2024\/08\/luis-carlos-toro-100x100.jpeg 100w\" sizes=\"auto, (max-width: 200px) 100vw, 200px\" \/> Doctor en Estudios Latinoamericanos y Doctor en Langues et Litt\u00e9ratures Romanes de la Universidad de Chile y de l\u00b4Universit\u00e9 Paris Nanterre, Mag\u00edster en Ling\u00fc\u00edstica e Historiador de la Universidad de Antioquia \u2013 Colombia. Profesor \/ Investigador Titular de la Escuela Interamericana de Bibliotecolog\u00eda de la Universidad de Antioquia. Su \u00e9nfasis en Investigaci\u00f3n ha sido el an\u00e1lisis de los medios de comunicaci\u00f3n, los discursos visuales y los estudios sobre la memoria desde enfoques como la Historia Cultural, la Semi\u00f3tica, los Estudios Culturales Contempor\u00e1neos y la Archiv\u00edstica. Ha participado en proyectos de desarrollo de software de an\u00e1lisis para el procesamiento de informaci\u00f3n impresa, an\u00e1lisis de discursos fotogr\u00e1ficos y orales y de construcci\u00f3n de repositorios fotogr\u00e1ficos. Actualmente es Coordinador de la Maestr\u00eda en Ciencia de la Informaci\u00f3n con \u00c9nfasis en Archivos y Museos de la Universidad de Antioquia y es miembro activo de los Grupos de Investigaci\u00f3n en Informaci\u00f3n, Conocimiento y Sociedad, l\u00ednea de investigaci\u00f3n en Archivos, Memoria y Sociedad, y Estudios Ling\u00fc\u00edsticos Regionales, De la Universidad de Antioquia, Medell\u00edn &#8211; Colombia.<\/p>\n","protected":false},"excerpt":{"rendered":"<p>Doctor en Estudios Latinoamericanos y Doctor en Langues et Litt\u00e9ratures Romanes de la Universidad de Chile y de l\u00b4Universit\u00e9 Paris Nanterre, Mag\u00edster en Ling\u00fc\u00edstica e Historiador de la Universidad de Antioquia \u2013 Colombia. Profesor \/ Investigador Titular de la Escuela Interamericana de Bibliotecolog\u00eda de la Universidad de Antioquia. Su \u00e9nfasis en Investigaci\u00f3n ha sido el &hellip; <\/p>\n<p class=\"link-more\"><a href=\"https:\/\/wp.ufpel.edu.br\/maquinascorposegrafias\/luis-carlos-toro-tamayo\/\" class=\"more-link\">Continue lendo<span class=\"screen-reader-text\"> &#8220;LUIS CARLOS TORO TAMAYO&#8221;<\/span><\/a><\/p>\n","protected":false},"author":641,"featured_media":0,"parent":0,"menu_order":0,"comment_status":"closed","ping_status":"closed","template":"","meta":{"footnotes":""},"class_list":["post-272","page","type-page","status-publish","hentry"],"_links":{"self":[{"href":"https:\/\/wp.ufpel.edu.br\/maquinascorposegrafias\/wp-json\/wp\/v2\/pages\/272","targetHints":{"allow":["GET"]}}],"collection":[{"href":"https:\/\/wp.ufpel.edu.br\/maquinascorposegrafias\/wp-json\/wp\/v2\/pages"}],"about":[{"href":"https:\/\/wp.ufpel.edu.br\/maquinascorposegrafias\/wp-json\/wp\/v2\/types\/page"}],"author":[{"embeddable":true,"href":"https:\/\/wp.ufpel.edu.br\/maquinascorposegrafias\/wp-json\/wp\/v2\/users\/641"}],"replies":[{"embeddable":true,"href":"https:\/\/wp.ufpel.edu.br\/maquinascorposegrafias\/wp-json\/wp\/v2\/comments?post=272"}],"version-history":[{"count":1,"href":"https:\/\/wp.ufpel.edu.br\/maquinascorposegrafias\/wp-json\/wp\/v2\/pages\/272\/revisions"}],"predecessor-version":[{"id":273,"href":"https:\/\/wp.ufpel.edu.br\/maquinascorposegrafias\/wp-json\/wp\/v2\/pages\/272\/revisions\/273"}],"wp:attachment":[{"href":"https:\/\/wp.ufpel.edu.br\/maquinascorposegrafias\/wp-json\/wp\/v2\/media?parent=272"}],"curies":[{"name":"wp","href":"https:\/\/api.w.org\/{rel}","templated":true}]}}