{"id":249,"date":"2024-08-15T15:55:00","date_gmt":"2024-08-15T18:55:00","guid":{"rendered":"https:\/\/wp.ufpel.edu.br\/maquinascorposegrafias\/?page_id=249"},"modified":"2024-08-15T15:55:00","modified_gmt":"2024-08-15T18:55:00","slug":"daniele-borges-bezerra","status":"publish","type":"page","link":"https:\/\/wp.ufpel.edu.br\/maquinascorposegrafias\/daniele-borges-bezerra\/","title":{"rendered":"DANIELE BORGES BEZERRA"},"content":{"rendered":"<p style=\"text-align: justify;\"><img loading=\"lazy\" decoding=\"async\" class=\"alignright size-thumbnail wp-image-220\" src=\"https:\/\/wp.ufpel.edu.br\/maquinascorposegrafias\/files\/2024\/08\/Dani-Borges-200x200.jpeg\" alt=\"\" width=\"200\" height=\"200\" srcset=\"https:\/\/wp.ufpel.edu.br\/maquinascorposegrafias\/files\/2024\/08\/Dani-Borges-200x200.jpeg 200w, https:\/\/wp.ufpel.edu.br\/maquinascorposegrafias\/files\/2024\/08\/Dani-Borges-100x100.jpeg 100w\" sizes=\"auto, (max-width: 200px) 100vw, 200px\" \/> \u00c9 doutora em Antropologia pelo Programa de P\u00f3s-Gradua\u00e7\u00e3o em Antropologia da Universidade Federal de Pelotas (PPGAnt-UFPel). Doutora em Mem\u00f3ria Social e Patrim\u00f4nio Cultural pelo Programa de P\u00f3s-Gradua\u00e7\u00e3o em Mem\u00f3ria Social e Patrim\u00f4nio Cultural (PPGMP-UFPel). Coordenadora adjunta do Laborat\u00f3rio de Ensino, Pesquisa e Produ\u00e7\u00e3o em Antropologia da Imagem e do Som (LEPPAIS). Membra do Comit\u00ea de Antropologia Visual da Associa\u00e7\u00e3o Brasileira de Antropologia (CAV-ABA, 2023-2024). Membra do Comit\u00ea de organiza\u00e7\u00e3o do Pr\u00eamio Pierre Verger (2023-2024). Atua no projeto de pesquisa: \u201cAntropo\u00e9ticas: Coletivo de pesquisa em a\u00e7\u00e3o\u201d, vinculado ao CNPQ,\u00a0 e desenvolve a pesquisa de p\u00f3s-doutorado em antropologia, intitulada: \u201cEstudo antropol\u00f3gico sobre percep\u00e7\u00f5es, emo\u00e7\u00f5es e intelig\u00eancia artificial\u201d, financiada pela Funda\u00e7\u00e3o de Amparo \u00e0 Pesquisa do Estado do Rio Grande do Sul (FAPERGS), com bolsa de pesquisa (PDJ) pelo CNPq.<\/p>\n","protected":false},"excerpt":{"rendered":"<p>\u00c9 doutora em Antropologia pelo Programa de P\u00f3s-Gradua\u00e7\u00e3o em Antropologia da Universidade Federal de Pelotas (PPGAnt-UFPel). Doutora em Mem\u00f3ria Social e Patrim\u00f4nio Cultural pelo Programa de P\u00f3s-Gradua\u00e7\u00e3o em Mem\u00f3ria Social e Patrim\u00f4nio Cultural (PPGMP-UFPel). Coordenadora adjunta do Laborat\u00f3rio de Ensino, Pesquisa e Produ\u00e7\u00e3o em Antropologia da Imagem e do Som (LEPPAIS). Membra do Comit\u00ea de &hellip; <\/p>\n<p class=\"link-more\"><a href=\"https:\/\/wp.ufpel.edu.br\/maquinascorposegrafias\/daniele-borges-bezerra\/\" class=\"more-link\">Continue lendo<span class=\"screen-reader-text\"> &#8220;DANIELE BORGES BEZERRA&#8221;<\/span><\/a><\/p>\n","protected":false},"author":641,"featured_media":0,"parent":0,"menu_order":0,"comment_status":"closed","ping_status":"closed","template":"","meta":{"footnotes":""},"class_list":["post-249","page","type-page","status-publish","hentry"],"_links":{"self":[{"href":"https:\/\/wp.ufpel.edu.br\/maquinascorposegrafias\/wp-json\/wp\/v2\/pages\/249","targetHints":{"allow":["GET"]}}],"collection":[{"href":"https:\/\/wp.ufpel.edu.br\/maquinascorposegrafias\/wp-json\/wp\/v2\/pages"}],"about":[{"href":"https:\/\/wp.ufpel.edu.br\/maquinascorposegrafias\/wp-json\/wp\/v2\/types\/page"}],"author":[{"embeddable":true,"href":"https:\/\/wp.ufpel.edu.br\/maquinascorposegrafias\/wp-json\/wp\/v2\/users\/641"}],"replies":[{"embeddable":true,"href":"https:\/\/wp.ufpel.edu.br\/maquinascorposegrafias\/wp-json\/wp\/v2\/comments?post=249"}],"version-history":[{"count":1,"href":"https:\/\/wp.ufpel.edu.br\/maquinascorposegrafias\/wp-json\/wp\/v2\/pages\/249\/revisions"}],"predecessor-version":[{"id":250,"href":"https:\/\/wp.ufpel.edu.br\/maquinascorposegrafias\/wp-json\/wp\/v2\/pages\/249\/revisions\/250"}],"wp:attachment":[{"href":"https:\/\/wp.ufpel.edu.br\/maquinascorposegrafias\/wp-json\/wp\/v2\/media?parent=249"}],"curies":[{"name":"wp","href":"https:\/\/api.w.org\/{rel}","templated":true}]}}