{"id":246,"date":"2024-08-15T15:53:47","date_gmt":"2024-08-15T18:53:47","guid":{"rendered":"https:\/\/wp.ufpel.edu.br\/maquinascorposegrafias\/?page_id=246"},"modified":"2024-08-15T15:53:47","modified_gmt":"2024-08-15T18:53:47","slug":"claudia-turra-magni","status":"publish","type":"page","link":"https:\/\/wp.ufpel.edu.br\/maquinascorposegrafias\/claudia-turra-magni\/","title":{"rendered":"CLAUDIA TURRA MAGNI"},"content":{"rendered":"<p style=\"text-align: justify;\"><b><img loading=\"lazy\" decoding=\"async\" class=\"alignright wp-image-213 size-thumbnail\" src=\"https:\/\/wp.ufpel.edu.br\/maquinascorposegrafias\/files\/2024\/08\/foto-claudia-pegasus-200x200.jpg\" alt=\"\" width=\"200\" height=\"200\" srcset=\"https:\/\/wp.ufpel.edu.br\/maquinascorposegrafias\/files\/2024\/08\/foto-claudia-pegasus-200x200.jpg 200w, https:\/\/wp.ufpel.edu.br\/maquinascorposegrafias\/files\/2024\/08\/foto-claudia-pegasus-100x100.jpg 100w\" sizes=\"auto, (max-width: 200px) 100vw, 200px\" \/><\/b>\u00c9 coordenadora do Laborat\u00f3rio de Ensino, Pesquisa e Produ\u00e7\u00e3o em Antropologia da Imagem e do Som (LEPPAIS) desde sua funda\u00e7\u00e3o (2008) e l\u00edder do Coletivo Antropo\u00e9ticas (CNPq). Professora titular da Universidade Federal de Pelotas, vinculada ao Bacharelado em Antropologia e ao Programa de P\u00f3s-Gradua\u00e7\u00e3o em Antropologia, do qual \u00e9 coordenadora adjunta. Tem gradua\u00e7\u00e3o em Hist\u00f3ria (1988) e mestrado em Antropologia Social (1994) pela Universidade Federal do Rio Grande do Sul, e doutorado em Antropologia Social e Etnologia<i>\u00a0<\/i>(2003<i>)\u00a0<\/i>pela\u00a0<i>Ecole des Hautes Etudes en Sciences Sociales.\u00a0<\/i>\u00a0Realizou p\u00f3s-doutorado no\u00a0<i>Institut d\u2019Ethnologie Mediterran\u00e9enne et Contemporaine<\/i>\u00a0(2019-2020). Integrou o Comit\u00ea de Antropologia Visual (2008-2018) e presidiu o Pr\u00eamio Pierre Verger de Fotos e V\u00eddeos Etnogr\u00e1ficos (2015-2016) da Associa\u00e7\u00e3o Brasileira de Antropologia, da qual tamb\u00e9m foi membra diretora (2017-2018). Tem experi\u00eancia em Antropologia Visual, Po\u00e9tica Etnogr\u00e1fica, Antropologia Urbana, Antropologia da Sa\u00fade, atuando principalmente em temas relacionados a imagens, tecnopo\u00e9ticas, epistemologias, patrim\u00f4nio imaterial, desigualdade social.<\/p>\n","protected":false},"excerpt":{"rendered":"<p>\u00c9 coordenadora do Laborat\u00f3rio de Ensino, Pesquisa e Produ\u00e7\u00e3o em Antropologia da Imagem e do Som (LEPPAIS) desde sua funda\u00e7\u00e3o (2008) e l\u00edder do Coletivo Antropo\u00e9ticas (CNPq). Professora titular da Universidade Federal de Pelotas, vinculada ao Bacharelado em Antropologia e ao Programa de P\u00f3s-Gradua\u00e7\u00e3o em Antropologia, do qual \u00e9 coordenadora adjunta. Tem gradua\u00e7\u00e3o em Hist\u00f3ria &hellip; <\/p>\n<p class=\"link-more\"><a href=\"https:\/\/wp.ufpel.edu.br\/maquinascorposegrafias\/claudia-turra-magni\/\" class=\"more-link\">Continue lendo<span class=\"screen-reader-text\"> &#8220;CLAUDIA TURRA MAGNI&#8221;<\/span><\/a><\/p>\n","protected":false},"author":641,"featured_media":0,"parent":0,"menu_order":0,"comment_status":"closed","ping_status":"closed","template":"","meta":{"footnotes":""},"class_list":["post-246","page","type-page","status-publish","hentry"],"_links":{"self":[{"href":"https:\/\/wp.ufpel.edu.br\/maquinascorposegrafias\/wp-json\/wp\/v2\/pages\/246","targetHints":{"allow":["GET"]}}],"collection":[{"href":"https:\/\/wp.ufpel.edu.br\/maquinascorposegrafias\/wp-json\/wp\/v2\/pages"}],"about":[{"href":"https:\/\/wp.ufpel.edu.br\/maquinascorposegrafias\/wp-json\/wp\/v2\/types\/page"}],"author":[{"embeddable":true,"href":"https:\/\/wp.ufpel.edu.br\/maquinascorposegrafias\/wp-json\/wp\/v2\/users\/641"}],"replies":[{"embeddable":true,"href":"https:\/\/wp.ufpel.edu.br\/maquinascorposegrafias\/wp-json\/wp\/v2\/comments?post=246"}],"version-history":[{"count":1,"href":"https:\/\/wp.ufpel.edu.br\/maquinascorposegrafias\/wp-json\/wp\/v2\/pages\/246\/revisions"}],"predecessor-version":[{"id":247,"href":"https:\/\/wp.ufpel.edu.br\/maquinascorposegrafias\/wp-json\/wp\/v2\/pages\/246\/revisions\/247"}],"wp:attachment":[{"href":"https:\/\/wp.ufpel.edu.br\/maquinascorposegrafias\/wp-json\/wp\/v2\/media?parent=246"}],"curies":[{"name":"wp","href":"https:\/\/api.w.org\/{rel}","templated":true}]}}