{"id":233,"date":"2024-08-15T15:44:06","date_gmt":"2024-08-15T18:44:06","guid":{"rendered":"https:\/\/wp.ufpel.edu.br\/maquinascorposegrafias\/?page_id=233"},"modified":"2024-08-15T15:46:02","modified_gmt":"2024-08-15T18:46:02","slug":"zaven","status":"publish","type":"page","link":"https:\/\/wp.ufpel.edu.br\/maquinascorposegrafias\/zaven\/","title":{"rendered":"Zaven Par\u00e9"},"content":{"rendered":"<p style=\"text-align: justify;\"><img loading=\"lazy\" decoding=\"async\" class=\"alignright wp-image-203 size-thumbnail\" src=\"https:\/\/wp.ufpel.edu.br\/maquinascorposegrafias\/files\/2024\/08\/Zaven-200x200.jpg\" alt=\"\" width=\"200\" height=\"200\" srcset=\"https:\/\/wp.ufpel.edu.br\/maquinascorposegrafias\/files\/2024\/08\/Zaven-200x200.jpg 200w, https:\/\/wp.ufpel.edu.br\/maquinascorposegrafias\/files\/2024\/08\/Zaven-100x100.jpg 100w\" sizes=\"auto, (max-width: 200px) 100vw, 200px\" \/>Foi curador de exposi\u00e7\u00f5es sobre arte, tecnologia e rob\u00f3tica como a\u00a0<i>CyberArt\u00a0 <\/i>(2009-2011), que circulou por v\u00e1rias cidades do Brasil;\u00a0<i>100 anos de rob\u00f4s<\/i>\u00a0no\u00a0Centro Cultural Oi Futuro\u00a0do Rio de Janeiro\u00a0em 2022, bem como de eventos na Fran\u00e7a, Jap\u00e3o, B\u00e9lgica, R\u00fassia e Cingapura. Em 2009, tornou-se colaborador do\u00a0<i>Robot Actors Project<\/i>\u00a0do Professor Hiroshi Ishiguro, no Laborat\u00f3rio de\u00a0Rob\u00f3tica\u00a0Inteligente da Universidade de Osaka, e no\u00a0<i>Advanced Telecommunication Research International Institute\u00a0(ATR)<\/i>\u00a0de Quioto.\u00a0Foi duas vezes laureado do\u00a0<i>French American Fund\u00a0for Performing Arts\u00a0no\u00a0California Institute for the Arts<\/i>\u00a0(CalArts, 1999-2001), da\u00a0Villa\u00a0Kujoyama\u00a0em Quioto (2009), da\u00a0Japan Society for Promotion of Science\u00a0(JSPS, 2010) e do Pr\u00eamio\u00a0Sergio Motta em S\u00e3o\u00a0Paulo (2011).\u00a0\u00a0\u00c9 autor dos livros\u00a0<i>O rob\u00f4 e a Ma\u00e7\u00e3<\/i>\u00a0(Rio de Janeiro:\u00a07 Letras,\u00a02010);\u00a0<i>L\u2019\u00e2ge d\u2019or de la robotique japonaise<\/i>\u00a0(Paris:\u00a0Les Belles Lettres, 2016) e, mais\u00a0recentemente,\u00a0<i>Le spectacle anthropomorphique<\/i>\u00a0(Dijon:\u00a0Les Presses du R\u00e9el, 2021).<\/p>\n","protected":false},"excerpt":{"rendered":"<p>Foi curador de exposi\u00e7\u00f5es sobre arte, tecnologia e rob\u00f3tica como a\u00a0CyberArt\u00a0 (2009-2011), que circulou por v\u00e1rias cidades do Brasil;\u00a0100 anos de rob\u00f4s\u00a0no\u00a0Centro Cultural Oi Futuro\u00a0do Rio de Janeiro\u00a0em 2022, bem como de eventos na Fran\u00e7a, Jap\u00e3o, B\u00e9lgica, R\u00fassia e Cingapura. Em 2009, tornou-se colaborador do\u00a0Robot Actors Project\u00a0do Professor Hiroshi Ishiguro, no Laborat\u00f3rio de\u00a0Rob\u00f3tica\u00a0Inteligente da Universidade &hellip; <\/p>\n<p class=\"link-more\"><a href=\"https:\/\/wp.ufpel.edu.br\/maquinascorposegrafias\/zaven\/\" class=\"more-link\">Continue lendo<span class=\"screen-reader-text\"> &#8220;Zaven Par\u00e9&#8221;<\/span><\/a><\/p>\n","protected":false},"author":641,"featured_media":0,"parent":0,"menu_order":0,"comment_status":"closed","ping_status":"closed","template":"","meta":{"footnotes":""},"class_list":["post-233","page","type-page","status-publish","hentry"],"_links":{"self":[{"href":"https:\/\/wp.ufpel.edu.br\/maquinascorposegrafias\/wp-json\/wp\/v2\/pages\/233","targetHints":{"allow":["GET"]}}],"collection":[{"href":"https:\/\/wp.ufpel.edu.br\/maquinascorposegrafias\/wp-json\/wp\/v2\/pages"}],"about":[{"href":"https:\/\/wp.ufpel.edu.br\/maquinascorposegrafias\/wp-json\/wp\/v2\/types\/page"}],"author":[{"embeddable":true,"href":"https:\/\/wp.ufpel.edu.br\/maquinascorposegrafias\/wp-json\/wp\/v2\/users\/641"}],"replies":[{"embeddable":true,"href":"https:\/\/wp.ufpel.edu.br\/maquinascorposegrafias\/wp-json\/wp\/v2\/comments?post=233"}],"version-history":[{"count":3,"href":"https:\/\/wp.ufpel.edu.br\/maquinascorposegrafias\/wp-json\/wp\/v2\/pages\/233\/revisions"}],"predecessor-version":[{"id":238,"href":"https:\/\/wp.ufpel.edu.br\/maquinascorposegrafias\/wp-json\/wp\/v2\/pages\/233\/revisions\/238"}],"wp:attachment":[{"href":"https:\/\/wp.ufpel.edu.br\/maquinascorposegrafias\/wp-json\/wp\/v2\/media?parent=233"}],"curies":[{"name":"wp","href":"https:\/\/api.w.org\/{rel}","templated":true}]}}