{"id":10,"date":"2024-03-13T16:20:40","date_gmt":"2024-03-13T19:20:40","guid":{"rendered":"https:\/\/wp.ufpel.edu.br\/maquinascorposegrafias\/?page_id=10"},"modified":"2024-11-28T15:48:07","modified_gmt":"2024-11-28T18:48:07","slug":"inicio","status":"publish","type":"page","link":"https:\/\/wp.ufpel.edu.br\/maquinascorposegrafias\/","title":{"rendered":"Boas-vindas!"},"content":{"rendered":"<p style=\"text-align: justify;\">Para celebrar o 16\u00ba ano de atividades do LEPPAIS (Laborat\u00f3rio de Ensino, Pesquisa e Produ\u00e7\u00e3o em Antropologia da Imagem e do Som), vinculado ao Bacharelado e ao Programa de P\u00f3s-Gradua\u00e7\u00e3o em Antropologia da Universidade Federal de Pelotas, o Coletivo Antropo\u00e9ticas (CNPq) lan\u00e7a luz sobre sua linha de pesquisa \u201cM\u00e1quinas, Corpos e Grafias\u201d e convida para um encontro internacional acerca de &#8220;Media\u00e7\u00f5es Antropol\u00f3gicas sobre Intelig\u00eancia Artificial, Tecnopo\u00e9ticas e Sensorialidades\u201d<br \/>\nConsiderando as rela\u00e7\u00f5es entre humanos e n\u00e3o-humanos maqu\u00ednicos, na interface entre \u00e9tica, est\u00e9tica, po\u00e9tica, tecnologia, pol\u00edtica, cultura digital, imagina\u00e7\u00e3o e capitalismo, o evento promove um espa\u00e7o para a reflex\u00e3o cr\u00edtica e a troca de experi\u00eancias mediadas pela Antropologia com outras com \u00e1reas acad\u00eamicas, como a a Computa\u00e7\u00e3o, a Sa\u00fade, a Arquitetura, as Artes, Engenharias, dentre outras.<br \/>\nA partir de uma perspectiva multimodal, envolvendo o audiovisual, o digital, as emo\u00e7\u00f5es, percep\u00e7\u00f5es, tecnologias e criatividade, a programa\u00e7\u00e3o abarca uma Confer\u00eancia e duas Mesas Redondas com experts nos temas, quatro Oficinas pr\u00e1ticas e a oportunidade de participa\u00e7\u00e3o com apresenta\u00e7\u00e3o em Grupos de Trabalho e em Mostras visuais, audiovisuais e perform\u00e1ticas.<\/p>\n<p>Contato e d\u00favidas: <a href=\"mailto:maquinascorposegrafias@gmail.com\">maquinascorposegrafias@gmail.com<\/a><\/p>\n","protected":false},"excerpt":{"rendered":"<p>Para celebrar o 16\u00ba ano de atividades do LEPPAIS (Laborat\u00f3rio de Ensino, Pesquisa e Produ\u00e7\u00e3o em Antropologia da Imagem e do Som), vinculado ao Bacharelado e ao Programa de P\u00f3s-Gradua\u00e7\u00e3o em Antropologia da Universidade Federal de Pelotas, o Coletivo Antropo\u00e9ticas (CNPq) lan\u00e7a luz sobre sua linha de pesquisa \u201cM\u00e1quinas, Corpos e Grafias\u201d e convida para &hellip; <\/p>\n<p class=\"link-more\"><a href=\"https:\/\/wp.ufpel.edu.br\/maquinascorposegrafias\/\" class=\"more-link\">Continue lendo<span class=\"screen-reader-text\"> &#8220;Boas-vindas!&#8221;<\/span><\/a><\/p>\n","protected":false},"author":641,"featured_media":0,"parent":0,"menu_order":0,"comment_status":"closed","ping_status":"closed","template":"","meta":{"footnotes":""},"class_list":["post-10","page","type-page","status-publish","hentry"],"_links":{"self":[{"href":"https:\/\/wp.ufpel.edu.br\/maquinascorposegrafias\/wp-json\/wp\/v2\/pages\/10","targetHints":{"allow":["GET"]}}],"collection":[{"href":"https:\/\/wp.ufpel.edu.br\/maquinascorposegrafias\/wp-json\/wp\/v2\/pages"}],"about":[{"href":"https:\/\/wp.ufpel.edu.br\/maquinascorposegrafias\/wp-json\/wp\/v2\/types\/page"}],"author":[{"embeddable":true,"href":"https:\/\/wp.ufpel.edu.br\/maquinascorposegrafias\/wp-json\/wp\/v2\/users\/641"}],"replies":[{"embeddable":true,"href":"https:\/\/wp.ufpel.edu.br\/maquinascorposegrafias\/wp-json\/wp\/v2\/comments?post=10"}],"version-history":[{"count":17,"href":"https:\/\/wp.ufpel.edu.br\/maquinascorposegrafias\/wp-json\/wp\/v2\/pages\/10\/revisions"}],"predecessor-version":[{"id":662,"href":"https:\/\/wp.ufpel.edu.br\/maquinascorposegrafias\/wp-json\/wp\/v2\/pages\/10\/revisions\/662"}],"wp:attachment":[{"href":"https:\/\/wp.ufpel.edu.br\/maquinascorposegrafias\/wp-json\/wp\/v2\/media?parent=10"}],"curies":[{"name":"wp","href":"https:\/\/api.w.org\/{rel}","templated":true}]}}