{"id":21,"date":"2025-02-21T08:16:40","date_gmt":"2025-02-21T11:16:40","guid":{"rendered":"https:\/\/wp.ufpel.edu.br\/lysis\/?page_id=21"},"modified":"2025-05-26T22:45:55","modified_gmt":"2025-05-27T01:45:55","slug":"membros","status":"publish","type":"page","link":"https:\/\/wp.ufpel.edu.br\/lysis\/membros\/","title":{"rendered":"LINKS"},"content":{"rendered":"<p><a href=\"https:\/\/madinbrasil.org\/category\/artigos-cientificos\/\">Ci\u00eancia, Psiquiatria e Justi\u00e7a Social<\/a><\/p>\n<p><a href=\"https:\/\/cvv.org.br\/\" target=\"_blank\">CVV Apoio Emocional Gratuito e Confidencial<\/a><\/p>\n<p><a href=\"https:\/\/www.ufmg.br\/saudemental\/saude-mental\/suicidio\/\" target=\"_blank\">Sa\u00fade Mental (UFMG)<\/a><\/p>\n<p><a href=\"https:\/\/bvsms.saude.gov.br\/bvs\/publicacoes\/cartilha_prevencao_automutilacao_suicidio_orientacoes_educadores_profissionais_saude.pdf\">Cartilha para Preven\u00e7\u00e3o da Automutila\u00e7\u00e3o e do Suic\u00eddio \u2013 Minist\u00e9rio da Sa\u00fade<\/a><\/p>\n","protected":false},"excerpt":{"rendered":"<p>Ci\u00eancia, Psiquiatria e Justi\u00e7a Social CVV Apoio Emocional Gratuito e Confidencial Sa\u00fade Mental (UFMG) Cartilha para Preven\u00e7\u00e3o da Automutila\u00e7\u00e3o e do Suic\u00eddio \u2013 Minist\u00e9rio da Sa\u00fade<\/p>\n","protected":false},"author":1325,"featured_media":0,"parent":0,"menu_order":0,"comment_status":"closed","ping_status":"closed","template":"","meta":{"jetpack_post_was_ever_published":false,"footnotes":""},"class_list":["post-21","page","type-page","status-publish","hentry"],"yoast_head":"<!-- This site is optimized with the Yoast SEO plugin v26.7 - https:\/\/yoast.com\/wordpress\/plugins\/seo\/ -->\n<title>LINKS - LYSIS - N\u00facleo de Estudos sobre Suic\u00eddio e Modos de Vida<\/title>\n<meta name=\"robots\" content=\"index, follow, max-snippet:-1, max-image-preview:large, max-video-preview:-1\" \/>\n<link rel=\"canonical\" href=\"https:\/\/wp.ufpel.edu.br\/lysis\/membros\/\" \/>\n<meta property=\"og:locale\" content=\"pt_BR\" \/>\n<meta property=\"og:type\" content=\"article\" \/>\n<meta property=\"og:title\" content=\"LINKS - LYSIS - N\u00facleo de Estudos sobre Suic\u00eddio e Modos de Vida\" \/>\n<meta property=\"og:description\" content=\"Ci\u00eancia, Psiquiatria e Justi\u00e7a Social CVV Apoio Emocional Gratuito e Confidencial Sa\u00fade Mental (UFMG) Cartilha para Preven\u00e7\u00e3o da Automutila\u00e7\u00e3o e do Suic\u00eddio \u2013 Minist\u00e9rio da Sa\u00fade\" \/>\n<meta property=\"og:url\" content=\"https:\/\/wp.ufpel.edu.br\/lysis\/membros\/\" \/>\n<meta property=\"og:site_name\" content=\"LYSIS - N\u00facleo de Estudos sobre Suic\u00eddio e Modos de Vida\" \/>\n<meta property=\"article:modified_time\" content=\"2025-05-27T01:45:55+00:00\" \/>\n<meta name=\"twitter:card\" content=\"summary_large_image\" \/>\n<script type=\"application\/ld+json\" class=\"yoast-schema-graph\">{\"@context\":\"https:\/\/schema.org\",\"@graph\":[{\"@type\":\"WebPage\",\"@id\":\"https:\/\/wp.ufpel.edu.br\/lysis\/membros\/\",\"url\":\"https:\/\/wp.ufpel.edu.br\/lysis\/membros\/\",\"name\":\"LINKS - LYSIS - N\u00facleo de Estudos sobre Suic\u00eddio e Modos de Vida\",\"isPartOf\":{\"@id\":\"https:\/\/wp.ufpel.edu.br\/lysis\/#website\"},\"datePublished\":\"2025-02-21T11:16:40+00:00\",\"dateModified\":\"2025-05-27T01:45:55+00:00\",\"breadcrumb\":{\"@id\":\"https:\/\/wp.ufpel.edu.br\/lysis\/membros\/#breadcrumb\"},\"inLanguage\":\"pt-BR\",\"potentialAction\":[{\"@type\":\"ReadAction\",\"target\":[\"https:\/\/wp.ufpel.edu.br\/lysis\/membros\/\"]}]},{\"@type\":\"BreadcrumbList\",\"@id\":\"https:\/\/wp.ufpel.edu.br\/lysis\/membros\/#breadcrumb\",\"itemListElement\":[{\"@type\":\"ListItem\",\"position\":1,\"name\":\"In\u00edcio\",\"item\":\"https:\/\/wp.ufpel.edu.br\/lysis\/\"},{\"@type\":\"ListItem\",\"position\":2,\"name\":\"LINKS\"}]},{\"@type\":\"WebSite\",\"@id\":\"https:\/\/wp.ufpel.edu.br\/lysis\/#website\",\"url\":\"https:\/\/wp.ufpel.edu.br\/lysis\/\",\"name\":\"LYSIS - N\u00facleo de Estudos sobre Suic\u00eddio e Modos de Vida\",\"description\":\"Universidade Federal de Pelotas\",\"publisher\":{\"@id\":\"https:\/\/wp.ufpel.edu.br\/lysis\/#organization\"},\"potentialAction\":[{\"@type\":\"SearchAction\",\"target\":{\"@type\":\"EntryPoint\",\"urlTemplate\":\"https:\/\/wp.ufpel.edu.br\/lysis\/?s={search_term_string}\"},\"query-input\":{\"@type\":\"PropertyValueSpecification\",\"valueRequired\":true,\"valueName\":\"search_term_string\"}}],\"inLanguage\":\"pt-BR\"},{\"@type\":\"Organization\",\"@id\":\"https:\/\/wp.ufpel.edu.br\/lysis\/#organization\",\"name\":\"LYSIS - N\u00facleo de Estudos sobre Suic\u00eddio e Modos de Vida\",\"url\":\"https:\/\/wp.ufpel.edu.br\/lysis\/\",\"logo\":{\"@type\":\"ImageObject\",\"inLanguage\":\"pt-BR\",\"@id\":\"https:\/\/wp.ufpel.edu.br\/lysis\/#\/schema\/logo\/image\/\",\"url\":\"https:\/\/i0.wp.com\/wp.ufpel.edu.br\/lysis\/files\/2025\/05\/cropped-LOGOMARCA.png?fit=512%2C512&ssl=1\",\"contentUrl\":\"https:\/\/i0.wp.com\/wp.ufpel.edu.br\/lysis\/files\/2025\/05\/cropped-LOGOMARCA.png?fit=512%2C512&ssl=1\",\"width\":512,\"height\":512,\"caption\":\"LYSIS - N\u00facleo de Estudos sobre Suic\u00eddio e Modos de Vida\"},\"image\":{\"@id\":\"https:\/\/wp.ufpel.edu.br\/lysis\/#\/schema\/logo\/image\/\"},\"sameAs\":[\"https:\/\/www.instagram.com\/lysisufpel\/\"]}]}<\/script>\n<!-- \/ Yoast SEO plugin. -->","yoast_head_json":{"title":"LINKS - LYSIS - N\u00facleo de Estudos sobre Suic\u00eddio e Modos de Vida","robots":{"index":"index","follow":"follow","max-snippet":"max-snippet:-1","max-image-preview":"max-image-preview:large","max-video-preview":"max-video-preview:-1"},"canonical":"https:\/\/wp.ufpel.edu.br\/lysis\/membros\/","og_locale":"pt_BR","og_type":"article","og_title":"LINKS - LYSIS - N\u00facleo de Estudos sobre Suic\u00eddio e Modos de Vida","og_description":"Ci\u00eancia, Psiquiatria e Justi\u00e7a Social CVV Apoio Emocional Gratuito e Confidencial Sa\u00fade Mental (UFMG) Cartilha para Preven\u00e7\u00e3o da Automutila\u00e7\u00e3o e do Suic\u00eddio \u2013 Minist\u00e9rio da Sa\u00fade","og_url":"https:\/\/wp.ufpel.edu.br\/lysis\/membros\/","og_site_name":"LYSIS - N\u00facleo de Estudos sobre Suic\u00eddio e Modos de Vida","article_modified_time":"2025-05-27T01:45:55+00:00","twitter_card":"summary_large_image","schema":{"@context":"https:\/\/schema.org","@graph":[{"@type":"WebPage","@id":"https:\/\/wp.ufpel.edu.br\/lysis\/membros\/","url":"https:\/\/wp.ufpel.edu.br\/lysis\/membros\/","name":"LINKS - LYSIS - N\u00facleo de Estudos sobre Suic\u00eddio e Modos de Vida","isPartOf":{"@id":"https:\/\/wp.ufpel.edu.br\/lysis\/#website"},"datePublished":"2025-02-21T11:16:40+00:00","dateModified":"2025-05-27T01:45:55+00:00","breadcrumb":{"@id":"https:\/\/wp.ufpel.edu.br\/lysis\/membros\/#breadcrumb"},"inLanguage":"pt-BR","potentialAction":[{"@type":"ReadAction","target":["https:\/\/wp.ufpel.edu.br\/lysis\/membros\/"]}]},{"@type":"BreadcrumbList","@id":"https:\/\/wp.ufpel.edu.br\/lysis\/membros\/#breadcrumb","itemListElement":[{"@type":"ListItem","position":1,"name":"In\u00edcio","item":"https:\/\/wp.ufpel.edu.br\/lysis\/"},{"@type":"ListItem","position":2,"name":"LINKS"}]},{"@type":"WebSite","@id":"https:\/\/wp.ufpel.edu.br\/lysis\/#website","url":"https:\/\/wp.ufpel.edu.br\/lysis\/","name":"LYSIS - N\u00facleo de Estudos sobre Suic\u00eddio e Modos de Vida","description":"Universidade Federal de Pelotas","publisher":{"@id":"https:\/\/wp.ufpel.edu.br\/lysis\/#organization"},"potentialAction":[{"@type":"SearchAction","target":{"@type":"EntryPoint","urlTemplate":"https:\/\/wp.ufpel.edu.br\/lysis\/?s={search_term_string}"},"query-input":{"@type":"PropertyValueSpecification","valueRequired":true,"valueName":"search_term_string"}}],"inLanguage":"pt-BR"},{"@type":"Organization","@id":"https:\/\/wp.ufpel.edu.br\/lysis\/#organization","name":"LYSIS - N\u00facleo de Estudos sobre Suic\u00eddio e Modos de Vida","url":"https:\/\/wp.ufpel.edu.br\/lysis\/","logo":{"@type":"ImageObject","inLanguage":"pt-BR","@id":"https:\/\/wp.ufpel.edu.br\/lysis\/#\/schema\/logo\/image\/","url":"https:\/\/i0.wp.com\/wp.ufpel.edu.br\/lysis\/files\/2025\/05\/cropped-LOGOMARCA.png?fit=512%2C512&ssl=1","contentUrl":"https:\/\/i0.wp.com\/wp.ufpel.edu.br\/lysis\/files\/2025\/05\/cropped-LOGOMARCA.png?fit=512%2C512&ssl=1","width":512,"height":512,"caption":"LYSIS - N\u00facleo de Estudos sobre Suic\u00eddio e Modos de Vida"},"image":{"@id":"https:\/\/wp.ufpel.edu.br\/lysis\/#\/schema\/logo\/image\/"},"sameAs":["https:\/\/www.instagram.com\/lysisufpel\/"]}]}},"jetpack_sharing_enabled":true,"publishpress_future_action":{"enabled":false,"date":"2026-04-14 16:51:44","action":"change-status","newStatus":"draft","terms":[],"taxonomy":"language","extraData":[]},"publishpress_future_workflow_manual_trigger":{"enabledWorkflows":[]},"_links":{"self":[{"href":"https:\/\/wp.ufpel.edu.br\/lysis\/wp-json\/wp\/v2\/pages\/21","targetHints":{"allow":["GET"]}}],"collection":[{"href":"https:\/\/wp.ufpel.edu.br\/lysis\/wp-json\/wp\/v2\/pages"}],"about":[{"href":"https:\/\/wp.ufpel.edu.br\/lysis\/wp-json\/wp\/v2\/types\/page"}],"author":[{"embeddable":true,"href":"https:\/\/wp.ufpel.edu.br\/lysis\/wp-json\/wp\/v2\/users\/1325"}],"replies":[{"embeddable":true,"href":"https:\/\/wp.ufpel.edu.br\/lysis\/wp-json\/wp\/v2\/comments?post=21"}],"version-history":[{"count":7,"href":"https:\/\/wp.ufpel.edu.br\/lysis\/wp-json\/wp\/v2\/pages\/21\/revisions"}],"predecessor-version":[{"id":220,"href":"https:\/\/wp.ufpel.edu.br\/lysis\/wp-json\/wp\/v2\/pages\/21\/revisions\/220"}],"wp:attachment":[{"href":"https:\/\/wp.ufpel.edu.br\/lysis\/wp-json\/wp\/v2\/media?parent=21"}],"curies":[{"name":"wp","href":"https:\/\/api.w.org\/{rel}","templated":true}]}}