{"id":10,"date":"2014-11-10T15:59:36","date_gmt":"2014-11-10T17:59:36","guid":{"rendered":"https:\/\/wp.ufpel.edu.br\/luisafd\/?page_id=10"},"modified":"2022-10-07T14:50:23","modified_gmt":"2022-10-07T17:50:23","slug":"noticias","status":"publish","type":"page","link":"https:\/\/wp.ufpel.edu.br\/luisafd\/","title":{"rendered":"Sobre"},"content":{"rendered":"<p style=\"text-align: center;\"><a href=\"https:\/\/i0.wp.com\/wp.ufpel.edu.br\/luisafd\/files\/2018\/01\/Luisa.jpg?ssl=1\"><img data-recalc-dims=\"1\" loading=\"lazy\" decoding=\"async\" data-attachment-id=\"33\" data-permalink=\"https:\/\/wp.ufpel.edu.br\/luisafd\/luisa\/\" data-orig-file=\"https:\/\/i0.wp.com\/wp.ufpel.edu.br\/luisafd\/files\/2018\/01\/Luisa.jpg?fit=979%2C979&amp;ssl=1\" data-orig-size=\"979,979\" data-comments-opened=\"0\" data-image-meta=\"{&quot;aperture&quot;:&quot;0&quot;,&quot;credit&quot;:&quot;&quot;,&quot;camera&quot;:&quot;&quot;,&quot;caption&quot;:&quot;&quot;,&quot;created_timestamp&quot;:&quot;1495191049&quot;,&quot;copyright&quot;:&quot;&quot;,&quot;focal_length&quot;:&quot;0&quot;,&quot;iso&quot;:&quot;0&quot;,&quot;shutter_speed&quot;:&quot;0&quot;,&quot;title&quot;:&quot;&quot;,&quot;orientation&quot;:&quot;1&quot;}\" data-image-title=\"Luisa\" data-image-description=\"\" data-image-caption=\"\" data-medium-file=\"https:\/\/i0.wp.com\/wp.ufpel.edu.br\/luisafd\/files\/2018\/01\/Luisa.jpg?fit=318%2C318&amp;ssl=1\" data-large-file=\"https:\/\/i0.wp.com\/wp.ufpel.edu.br\/luisafd\/files\/2018\/01\/Luisa.jpg?fit=750%2C169&amp;ssl=1\" class=\"alignnone wp-image-33 size-medium\" src=\"https:\/\/i0.wp.com\/wp.ufpel.edu.br\/luisafd\/files\/2018\/01\/Luisa.jpg?resize=318%2C318&#038;ssl=1\" alt=\"\" width=\"318\" height=\"318\" srcset=\"https:\/\/i0.wp.com\/wp.ufpel.edu.br\/luisafd\/files\/2018\/01\/Luisa.jpg?resize=318%2C318&amp;ssl=1 318w, https:\/\/i0.wp.com\/wp.ufpel.edu.br\/luisafd\/files\/2018\/01\/Luisa.jpg?resize=159%2C159&amp;ssl=1 159w, https:\/\/i0.wp.com\/wp.ufpel.edu.br\/luisafd\/files\/2018\/01\/Luisa.jpg?resize=768%2C768&amp;ssl=1 768w, https:\/\/i0.wp.com\/wp.ufpel.edu.br\/luisafd\/files\/2018\/01\/Luisa.jpg?w=979&amp;ssl=1 979w\" sizes=\"auto, (max-width: 318px) 100vw, 318px\" \/><\/a><\/p>\n<p style=\"text-align: center;\">Professora da Faculdade de Arquitetura e Urbanismo da Universidade Federal de Pelotas<\/p>\n<p>Faz parte do grupo de pesquisa GEGRADI (<a href=\"https:\/\/wp.ufpel.edu.br\/gegradi\/\">https:\/\/wp.ufpel.edu.br\/gegradi\/<\/a>) e coordena o curso de Especializa\u00e7\u00e3o em Gr\u00e1fica Digital (<a href=\"https:\/\/wp.ufpel.edu.br\/posgd\/\">https:\/\/wp.ufpel.edu.br\/posgd\/<\/a>). Possui PhD em Environmental Design pela University of Calgary, mestrado em Arquitetura e Urbanismo pela UFSC, especializa\u00e7\u00e3o em Gr\u00e1fica Digital e gradua\u00e7\u00e3o em Arquitetura e Urbanismo pela UFPel. Entre os interesses de pesquisa est\u00e3o customiza\u00e7\u00e3o em massa, fabrica\u00e7\u00e3o digital e colabora\u00e7\u00e3o e automa\u00e7\u00e3o no processo de projeto.<\/p>\n<p style=\"text-align: center;\"><a title=\"Lattes\" href=\"http:\/\/lattes.cnpq.br\/3026091557054164\">Link para o curriculo Lattes<\/a><\/p>\n","protected":false},"excerpt":{"rendered":"<p>Professora da Faculdade de Arquitetura e Urbanismo da Universidade Federal de Pelotas Faz parte do grupo de pesquisa GEGRADI (https:\/\/wp.ufpel.edu.br\/gegradi\/) e coordena o curso de Especializa\u00e7\u00e3o em Gr\u00e1fica Digital (https:\/\/wp.ufpel.edu.br\/posgd\/). Possui PhD em Environmental Design pela University of Calgary, mestrado em Arquitetura e Urbanismo pela UFSC, especializa\u00e7\u00e3o em Gr\u00e1fica Digital e gradua\u00e7\u00e3o em Arquitetura e &hellip; <\/p>\n<p><a class=\"more-link btn\" href=\"https:\/\/wp.ufpel.edu.br\/luisafd\/\">Continue reading<\/a><\/p>\n","protected":false},"author":442,"featured_media":0,"parent":0,"menu_order":0,"comment_status":"closed","ping_status":"closed","template":"","meta":{"jetpack_post_was_ever_published":false,"footnotes":""},"class_list":["post-10","page","type-page","status-publish","hentry","nodate","item-wrap"],"jetpack_sharing_enabled":true,"jetpack_shortlink":"https:\/\/wp.me\/PaEZRM-a","jetpack-related-posts":[],"_links":{"self":[{"href":"https:\/\/wp.ufpel.edu.br\/luisafd\/wp-json\/wp\/v2\/pages\/10","targetHints":{"allow":["GET"]}}],"collection":[{"href":"https:\/\/wp.ufpel.edu.br\/luisafd\/wp-json\/wp\/v2\/pages"}],"about":[{"href":"https:\/\/wp.ufpel.edu.br\/luisafd\/wp-json\/wp\/v2\/types\/page"}],"author":[{"embeddable":true,"href":"https:\/\/wp.ufpel.edu.br\/luisafd\/wp-json\/wp\/v2\/users\/442"}],"replies":[{"embeddable":true,"href":"https:\/\/wp.ufpel.edu.br\/luisafd\/wp-json\/wp\/v2\/comments?post=10"}],"version-history":[{"count":11,"href":"https:\/\/wp.ufpel.edu.br\/luisafd\/wp-json\/wp\/v2\/pages\/10\/revisions"}],"predecessor-version":[{"id":326,"href":"https:\/\/wp.ufpel.edu.br\/luisafd\/wp-json\/wp\/v2\/pages\/10\/revisions\/326"}],"wp:attachment":[{"href":"https:\/\/wp.ufpel.edu.br\/luisafd\/wp-json\/wp\/v2\/media?parent=10"}],"curies":[{"name":"wp","href":"https:\/\/api.w.org\/{rel}","templated":true}]}}