{"id":126,"date":"2018-04-12T13:33:42","date_gmt":"2018-04-12T16:33:42","guid":{"rendered":"https:\/\/wp.ufpel.edu.br\/lucianapinto\/?page_id=126"},"modified":"2018-04-12T13:34:57","modified_gmt":"2018-04-12T16:34:57","slug":"tcc2","status":"publish","type":"page","link":"https:\/\/wp.ufpel.edu.br\/lucianapinto\/disciplinas\/tcc2\/","title":{"rendered":"TCC2"},"content":{"rendered":"<p>Neste espa\u00e7o ser\u00e3o disponibilizados os materiais referentes \u00e0 Disciplina de Trabalho de Conclus\u00e3o de Curso \u2013 II (TCC 2).<\/p>\n<p>Normas de formata\u00e7\u00e3o UFPel : Acesse <a href=\"https:\/\/wp.ufpel.edu.br\/sisbi\/normas-da-ufpel-para-trabalhos-academicos\/\">aqui .<\/a><\/p>\n<p>Modelo de TCC 2 (Acesse <a href=\"https:\/\/drive.google.com\/file\/d\/1d0UlGRyy10TwQKivihMuPeAp4e3rmTdo\/view?usp=sharing\">aqui<\/a>)<\/p>\n","protected":false},"excerpt":{"rendered":"<p>Neste espa\u00e7o ser\u00e3o disponibilizados os materiais referentes \u00e0 Disciplina de Trabalho de Conclus\u00e3o de Curso \u2013 II (TCC 2). Normas de formata\u00e7\u00e3o UFPel : Acesse aqui . Modelo de TCC 2 (Acesse aqui)<\/p>\n","protected":false},"author":499,"featured_media":0,"parent":14,"menu_order":0,"comment_status":"closed","ping_status":"closed","template":"","meta":{"footnotes":""},"class_list":["post-126","page","type-page","status-publish","hentry","nodate","item-wrap"],"_links":{"self":[{"href":"https:\/\/wp.ufpel.edu.br\/lucianapinto\/wp-json\/wp\/v2\/pages\/126","targetHints":{"allow":["GET"]}}],"collection":[{"href":"https:\/\/wp.ufpel.edu.br\/lucianapinto\/wp-json\/wp\/v2\/pages"}],"about":[{"href":"https:\/\/wp.ufpel.edu.br\/lucianapinto\/wp-json\/wp\/v2\/types\/page"}],"author":[{"embeddable":true,"href":"https:\/\/wp.ufpel.edu.br\/lucianapinto\/wp-json\/wp\/v2\/users\/499"}],"replies":[{"embeddable":true,"href":"https:\/\/wp.ufpel.edu.br\/lucianapinto\/wp-json\/wp\/v2\/comments?post=126"}],"version-history":[{"count":1,"href":"https:\/\/wp.ufpel.edu.br\/lucianapinto\/wp-json\/wp\/v2\/pages\/126\/revisions"}],"predecessor-version":[{"id":127,"href":"https:\/\/wp.ufpel.edu.br\/lucianapinto\/wp-json\/wp\/v2\/pages\/126\/revisions\/127"}],"up":[{"embeddable":true,"href":"https:\/\/wp.ufpel.edu.br\/lucianapinto\/wp-json\/wp\/v2\/pages\/14"}],"wp:attachment":[{"href":"https:\/\/wp.ufpel.edu.br\/lucianapinto\/wp-json\/wp\/v2\/media?parent=126"}],"curies":[{"name":"wp","href":"https:\/\/api.w.org\/{rel}","templated":true}]}}