{"id":143,"date":"2024-03-20T07:46:14","date_gmt":"2024-03-20T10:46:14","guid":{"rendered":"https:\/\/wp.ufpel.edu.br\/lua\/?page_id=143"},"modified":"2025-06-29T12:35:09","modified_gmt":"2025-06-29T15:35:09","slug":"montagem","status":"publish","type":"page","link":"https:\/\/wp.ufpel.edu.br\/lua\/pesquisas\/montagem\/","title":{"rendered":"Montagens"},"content":{"rendered":"<p><strong>Montagem C\u00eanica em Dan\u00e7a, Componente curricular do curso de Dan\u00e7a Licenciatura.<\/strong><\/p>\n<p>&nbsp;<\/p>\n<p>Orienta\u00e7\u00f5es:<\/p>\n<p><img data-recalc-dims=\"1\" loading=\"lazy\" decoding=\"async\" class=\"alignnone wp-image-214\" src=\"https:\/\/i0.wp.com\/wp.ufpel.edu.br\/lua\/files\/2025\/05\/WhatsApp-Image-2025-05-05-at-09.10.40.jpeg?resize=393%2C555&#038;ssl=1\" alt=\"\" width=\"393\" height=\"555\" srcset=\"https:\/\/i0.wp.com\/wp.ufpel.edu.br\/lua\/files\/2025\/05\/WhatsApp-Image-2025-05-05-at-09.10.40.jpeg?resize=283%2C400&amp;ssl=1 283w, https:\/\/i0.wp.com\/wp.ufpel.edu.br\/lua\/files\/2025\/05\/WhatsApp-Image-2025-05-05-at-09.10.40.jpeg?resize=724%2C1024&amp;ssl=1 724w, https:\/\/i0.wp.com\/wp.ufpel.edu.br\/lua\/files\/2025\/05\/WhatsApp-Image-2025-05-05-at-09.10.40.jpeg?resize=768%2C1086&amp;ssl=1 768w, https:\/\/i0.wp.com\/wp.ufpel.edu.br\/lua\/files\/2025\/05\/WhatsApp-Image-2025-05-05-at-09.10.40.jpeg?resize=1086%2C1536&amp;ssl=1 1086w, https:\/\/i0.wp.com\/wp.ufpel.edu.br\/lua\/files\/2025\/05\/WhatsApp-Image-2025-05-05-at-09.10.40.jpeg?w=1131&amp;ssl=1 1131w\" sizes=\"auto, (max-width: 393px) 100vw, 393px\" \/><strong>Yago Rodrigues<br \/>\n<\/strong>Artista da Cia Eclipse Pelotas<br \/>\nEstudante do Curso de Dan\u00e7a Licenciatura<br \/>\n<em>Dancer Hip-hop Dance, Popping, Tutting, Jazz,funk&#8230;<\/em><br \/>\nCapricorniano, 25 anos<\/p>\n<p><strong>Montagem C\u00eanica em Dan\u00e7a II<\/strong><br \/>\n<strong>ProCriar (2024)<br \/>\n<\/strong>Sinopse: Como s\u00e3o os relacionamentos e os processos durante a cria\u00e7\u00e3o de uma obra art\u00edstica?<br \/>\nApaixonados pela sala v\u00ea ensaio em proCRIAR o elenco e o dire\u00e7\u00e3o s\u00e3o um: N\u00f3s!<br \/>\nN\u00f3s somos Hip hop dance, Waacking, Jazz Funk e Dan\u00e7a Afro.<br \/>\nN\u00f3s somos processo, atravessamentos, corpos e corpas em cria\u00e7\u00e3o criadores e em cria\u00e7\u00e3o.<br \/>\nEste \u00e9 o nosso mundo! Este \u00e9 o nosso laborat\u00f3rio em cena.<br \/>\nobra <a href=\"https:\/\/www.youtube.com\/watch?v=gQro0ObynTE\">https:\/\/www.youtube.com\/watch?v=gQro0ObynTE<\/a><\/p>\n<table style=\"width: 100%; border-collapse: collapse; border-color: #f7f7f7;\" border=\"1\">\n<tbody>\n<tr>\n<td style=\"width: 49.5862%; text-align: left; vertical-align: bottom;\"><img data-recalc-dims=\"1\" loading=\"lazy\" decoding=\"async\" class=\" wp-image-217\" src=\"https:\/\/i0.wp.com\/wp.ufpel.edu.br\/lua\/files\/2025\/05\/Captura-de-Tela-2025-05-05-as-15.01.18.jpg?resize=353%2C453&#038;ssl=1\" alt=\"\" width=\"353\" height=\"453\" srcset=\"https:\/\/i0.wp.com\/wp.ufpel.edu.br\/lua\/files\/2025\/05\/Captura-de-Tela-2025-05-05-as-15.01.18.jpg?resize=312%2C400&amp;ssl=1 312w, https:\/\/i0.wp.com\/wp.ufpel.edu.br\/lua\/files\/2025\/05\/Captura-de-Tela-2025-05-05-as-15.01.18.jpg?w=620&amp;ssl=1 620w\" sizes=\"auto, (max-width: 353px) 100vw, 353px\" \/><\/td>\n<td style=\"width: 50.4138%; text-align: left; vertical-align: bottom;\"><strong>Anderson<\/strong><\/td>\n<\/tr>\n<\/tbody>\n<\/table>\n<p>Artista da Cia Eclipse Pelotas<br \/>\nEstudante do Curso de Dan\u00e7a Licenciatura<br \/>\n<em>Dan\u00e7a Contempor\u00e2nea, Vogue, Funk, Hip-hop dance&#8230;<br \/>\nPesquisa pr\u00e1ticas em Dan\u00e7a para o desenvolvimento de uma Educa\u00e7\u00e3o Queer e Antirracista.<br \/>\n<\/em>Peixiano, 28 anos<\/p>\n<p><strong>Montagem C\u00eanica em Dan\u00e7a II<\/strong><br \/>\n<strong>(RE)Encontro (2024)<br \/>\n<\/strong>Sinopse: A obra apresenta a narrativa de um dan\u00e7arino que se perde em meio a conflitos pessoais e se desencontra de si mesmo, sem motiva\u00e7\u00f5es para continuar e vontade de viver ele se reencontra aos poucos em seus movimentos e tentando conectar corpo, mente e futuro ele dan\u00e7a: sua dor, sua inseguran\u00e7a, sua tristeza, sua ansiedade. Sentimentos esses movidos pela saudade e atrav\u00e9s dela novamente se reencontra na arte.<\/p>\n<p><strong><img data-recalc-dims=\"1\" loading=\"lazy\" decoding=\"async\" class=\"alignnone size-medium wp-image-165\" src=\"https:\/\/i0.wp.com\/wp.ufpel.edu.br\/lua\/files\/2024\/03\/IMG_2884.jpg?resize=400%2C267&#038;ssl=1\" alt=\"\" width=\"400\" height=\"267\" srcset=\"https:\/\/i0.wp.com\/wp.ufpel.edu.br\/lua\/files\/2024\/03\/IMG_2884-scaled.jpg?resize=400%2C267&amp;ssl=1 400w, https:\/\/i0.wp.com\/wp.ufpel.edu.br\/lua\/files\/2024\/03\/IMG_2884-scaled.jpg?resize=1024%2C683&amp;ssl=1 1024w, https:\/\/i0.wp.com\/wp.ufpel.edu.br\/lua\/files\/2024\/03\/IMG_2884-scaled.jpg?resize=768%2C512&amp;ssl=1 768w, https:\/\/i0.wp.com\/wp.ufpel.edu.br\/lua\/files\/2024\/03\/IMG_2884-scaled.jpg?resize=1536%2C1024&amp;ssl=1 1536w, https:\/\/i0.wp.com\/wp.ufpel.edu.br\/lua\/files\/2024\/03\/IMG_2884-scaled.jpg?resize=2048%2C1365&amp;ssl=1 2048w, https:\/\/i0.wp.com\/wp.ufpel.edu.br\/lua\/files\/2024\/03\/IMG_2884-scaled.jpg?resize=272%2C182&amp;ssl=1 272w, https:\/\/i0.wp.com\/wp.ufpel.edu.br\/lua\/files\/2024\/03\/IMG_2884-scaled.jpg?w=1440&amp;ssl=1 1440w, https:\/\/i0.wp.com\/wp.ufpel.edu.br\/lua\/files\/2024\/03\/IMG_2884-scaled.jpg?w=2160&amp;ssl=1 2160w\" sizes=\"auto, (max-width: 400px) 100vw, 400px\" \/> Jefferson Cabral<br \/>\n<\/strong>Integrante e Diretor do Grupo Coletivo De Dan\u00e7a de Pelotas<br \/>\nEstudante do Curso de Dan\u00e7a Licenciatura<br \/>\n<em>Dancer Hip Hop Dance, Funk, Tutting e Waacking<\/em>.<br \/>\nTaurino 26 anos<\/p>\n<p><strong>Montagem C\u00eanica em Dan\u00e7a II<\/strong><br \/>\n<strong>5\u00b0ELEMENTO! (2023)<br \/>\n<\/strong>Sinopse do videodan\u00e7a: As mem\u00f3rias&#8230; o luto, a luta! Sou filho que chora&#8230; Sou a terra que conecta&#8230; Sou a \u00e1gua que flui e dan\u00e7a&#8230; Sou o fogo da batalha&#8230; Sou o ar que comunica&#8230; Sou Hip Hop&#8230; 5 elementos!<br \/>\n<a href=\"https:\/\/www.youtube.com\/watch?v=YoRE2Md7uV0\">https:\/\/www.youtube.com\/watch?v=YoRE2Md7uV0<\/a><\/p>\n<p>&nbsp;<\/p>\n<p><img data-recalc-dims=\"1\" loading=\"lazy\" decoding=\"async\" class=\"alignnone size-medium wp-image-148\" src=\"https:\/\/i0.wp.com\/wp.ufpel.edu.br\/lua\/files\/2024\/03\/hj_edited.jpg?resize=400%2C400&#038;ssl=1\" alt=\"\" width=\"400\" height=\"400\" srcset=\"https:\/\/i0.wp.com\/wp.ufpel.edu.br\/lua\/files\/2024\/03\/hj_edited.jpg?resize=400%2C400&amp;ssl=1 400w, https:\/\/i0.wp.com\/wp.ufpel.edu.br\/lua\/files\/2024\/03\/hj_edited.jpg?resize=1024%2C1024&amp;ssl=1 1024w, https:\/\/i0.wp.com\/wp.ufpel.edu.br\/lua\/files\/2024\/03\/hj_edited.jpg?resize=200%2C200&amp;ssl=1 200w, https:\/\/i0.wp.com\/wp.ufpel.edu.br\/lua\/files\/2024\/03\/hj_edited.jpg?resize=768%2C768&amp;ssl=1 768w, https:\/\/i0.wp.com\/wp.ufpel.edu.br\/lua\/files\/2024\/03\/hj_edited.jpg?w=1245&amp;ssl=1 1245w\" sizes=\"auto, (max-width: 400px) 100vw, 400px\" \/><strong>Karen Moreira<br \/>\n<\/strong>Sagitariana, 24 anos e natural de Rio Grande-RS.<br \/>\nDan\u00e7arina \u00e0 15 anos, pesquisa e pr\u00e1tica os estilos de dan\u00e7a <em>Hip Hop dance<\/em> e <em>Waackin<\/em>g, \u00e9 formanda do curso Dan\u00e7a Licenciatura da UFPel no ano de 2022. Integra o grupo Coletivo de Dan\u00e7a de Pelotas e Organiza o Festival de Dan\u00e7a Zona Sul.<\/p>\n<p class=\"font_2\"><strong>Montagem C\u00eanica em Dan\u00e7a II<\/strong><br \/>\n<strong>Sil\u00eancio! (2022)<\/strong><br \/>\nSinopse:\u00a0A partir de tr\u00eas individualidades do palha\u00e7o: loucura, manipula\u00e7\u00e3o e raiva, de forma obscura, a performance percorrer\u00e1 entre a dan\u00e7a e o suspense, fazendo com que o p\u00fablico viva a experi\u00eancia de cada individualidade, mas e a\u00ed \u201cO mau \u00e9 bom?\u201d<\/p>\n","protected":false},"excerpt":{"rendered":"<p>Montagem C\u00eanica em Dan\u00e7a, Componente curricular do curso de Dan\u00e7a Licenciatura. &nbsp; Orienta\u00e7\u00f5es: Yago Rodrigues Artista da Cia Eclipse Pelotas Estudante do Curso de Dan\u00e7a Licenciatura Dancer Hip-hop Dance, Popping, Tutting, Jazz,funk&#8230; Capricorniano, 25 anos Montagem C\u00eanica em Dan\u00e7a II ProCriar (2024) Sinopse: Como s\u00e3o os relacionamentos e os processos durante a cria\u00e7\u00e3o de uma [&hellip;]<\/p>\n","protected":false},"author":1283,"featured_media":0,"parent":96,"menu_order":0,"comment_status":"closed","ping_status":"closed","template":"","meta":{"jetpack_post_was_ever_published":false,"footnotes":""},"class_list":["post-143","page","type-page","status-publish","hentry","post"],"jetpack-related-posts":[],"jetpack_sharing_enabled":true,"jetpack_likes_enabled":true,"_links":{"self":[{"href":"https:\/\/wp.ufpel.edu.br\/lua\/wp-json\/wp\/v2\/pages\/143","targetHints":{"allow":["GET"]}}],"collection":[{"href":"https:\/\/wp.ufpel.edu.br\/lua\/wp-json\/wp\/v2\/pages"}],"about":[{"href":"https:\/\/wp.ufpel.edu.br\/lua\/wp-json\/wp\/v2\/types\/page"}],"author":[{"embeddable":true,"href":"https:\/\/wp.ufpel.edu.br\/lua\/wp-json\/wp\/v2\/users\/1283"}],"replies":[{"embeddable":true,"href":"https:\/\/wp.ufpel.edu.br\/lua\/wp-json\/wp\/v2\/comments?post=143"}],"version-history":[{"count":12,"href":"https:\/\/wp.ufpel.edu.br\/lua\/wp-json\/wp\/v2\/pages\/143\/revisions"}],"predecessor-version":[{"id":228,"href":"https:\/\/wp.ufpel.edu.br\/lua\/wp-json\/wp\/v2\/pages\/143\/revisions\/228"}],"up":[{"embeddable":true,"href":"https:\/\/wp.ufpel.edu.br\/lua\/wp-json\/wp\/v2\/pages\/96"}],"wp:attachment":[{"href":"https:\/\/wp.ufpel.edu.br\/lua\/wp-json\/wp\/v2\/media?parent=143"}],"curies":[{"name":"wp","href":"https:\/\/api.w.org\/{rel}","templated":true}]}}