{"id":109,"date":"2024-03-19T16:53:15","date_gmt":"2024-03-19T19:53:15","guid":{"rendered":"https:\/\/wp.ufpel.edu.br\/lua\/?page_id=109"},"modified":"2025-07-11T11:32:28","modified_gmt":"2025-07-11T14:32:28","slug":"coordenadora","status":"publish","type":"page","link":"https:\/\/wp.ufpel.edu.br\/lua\/coordenadora\/","title":{"rendered":"Coordenadora"},"content":{"rendered":"<p><img data-recalc-dims=\"1\" loading=\"lazy\" decoding=\"async\" class=\"alignnone size-medium wp-image-93\" src=\"https:\/\/i0.wp.com\/wp.ufpel.edu.br\/lua\/files\/2024\/03\/eu1.jpg?resize=400%2C239&#038;ssl=1\" alt=\"\" width=\"400\" height=\"239\" srcset=\"https:\/\/i0.wp.com\/wp.ufpel.edu.br\/lua\/files\/2024\/03\/eu1.jpg?resize=400%2C239&amp;ssl=1 400w, https:\/\/i0.wp.com\/wp.ufpel.edu.br\/lua\/files\/2024\/03\/eu1.jpg?resize=768%2C458&amp;ssl=1 768w, https:\/\/i0.wp.com\/wp.ufpel.edu.br\/lua\/files\/2024\/03\/eu1.jpg?w=905&amp;ssl=1 905w\" sizes=\"auto, (max-width: 400px) 100vw, 400px\" \/><\/p>\n<p><a href=\"https:\/\/www.eclipse.art.br\/cris-pesquisas\">https:\/\/www.eclipse.art.br\/cris-pesquisas<\/a><\/p>\n<p id=\"viewer-p8com42\" class=\"-Zro6 -ZADH IjV6v AnCKd _57WYp\"><span class=\"d0767\"><em>Virginiana, sonhadora, curiosa! Irm\u00e3 mais velha e m\u00e3e.<br \/>\n<\/em><\/span><span class=\"d0767\"><em>Em constante aprendizado e metamorfoses, cres\u00e7o com novas experi\u00eancias e me reinvento para mergulhar em novos desafios e projetos.<br \/>\n<\/em><\/span><span class=\"d0767\"><em>Assim sou&#8230; emaranhado de emo\u00e7\u00f5es e desejos, navegando neste universo de saberes.<br \/>\n<\/em><\/span><span class=\"d0767\"><em>Preenchida com Gratid\u00e3o a todxs xs mestres dessa jornada _\/\\_<\/em><\/span><\/p>\n<div id=\"viewer-lsudq75\" class=\"-Zro6 -ZADH IjV6v _57WYp\"><span class=\"d0767\">\u00a0<\/span><\/div>\n<p id=\"viewer-ee2gy276\" class=\"-Zro6 -ZADH IjV6v AnCKd _57WYp\"><strong><span class=\"d0767\"><u>Mini BIO<\/u><\/span><\/strong><\/p>\n<p>B.Girl, idealizadora da companhia de dan\u00e7a Eclipse e da crew SAMBA B.Girls. Atua com prepara\u00e7\u00e3o corporal, dire\u00e7\u00e3o art\u00edstica e produ\u00e7\u00e3o de eventos. Foi respons\u00e1vel juntamente com Kico Brown em realizar a Battle Of The Year no Brazil em 2007.<\/p>\n<p>\u200bFez gradua\u00e7\u00e3o em Educa\u00e7\u00e3o F\u00edsica, \u00e9 Mestre e Doutora em Artes da Cena pela Unicamp.<\/p>\n<p>Autora dos livros Dan\u00e7a de Rua (segunda edi\u00e7\u00e3o revisada e ampliada 2025), Laborat\u00f3rio Hip-hop (2021), Eclipse (2021), Dan\u00e7a de Rua (2011).<\/p>\n<p>Na Universidade Federal de Pelotas (UFPel) \u00e9 docente na Programa de P\u00f3s-Gradua\u00e7\u00e3o em Artes UFPel na linha de pesquisa &#8220;Processos de Cria\u00e7\u00e3o, Po\u00e9ticas e Cotidiano&#8221; e docente no curso de Licenciatura em Dan\u00e7a, respons\u00e1vel pelos componentes curriculares: Laborat\u00f3rio de Dan\u00e7as Urbanas e Anatomia-Cinesiologia, e esta na fun\u00e7\u00e3o de Coordenadora do curso Dan\u00e7a Licenciatura.<\/p>\n<p>Tamb\u00e9m coordena o projeto de pesquisas L.U.A. (Laborat\u00f3rio Ubuntu Afeto\/Arte\/Afrodiasp\u00f3ricas\/Am\u00e9ricas) tamb\u00e9m \u00e9 pesquisadora-colaboradora do Grupo de Pesquisa LABCAPO &#8211; Laborat\u00f3rio Capoeira (UFRJ) e OMEGA &#8211; Observat\u00f3rio de Mem\u00f3ria, Educa\u00e7\u00e3o, Gesto e Arte (UFPel).<\/p>\n<p>\u200bAinda, \u00e9 colaboradora no \u201cGrupo Dan\u00e7aberta &#8211; Pesquisa, Corpo, Arte\u201d e colaboradora-pesquisadora na companhia de dan\u00e7a Eclipse com \u00eanfase na pesquisa das dan\u00e7as ligadas direta e indiretamente a Cultura Hip Hop.<\/p>\n<p>\u200bMuito interessada nos estudos sobre educa\u00e7\u00e3o som\u00e1tica, anatomia, f\u00e1scia, prepara\u00e7\u00e3o corporal, di\u00e1spora africana e decoloniedade.<\/p>\n<p id=\"viewer-rol1q1492\" class=\"-Zro6 -ZADH IjV6v AnCKd _57WYp\"><strong><span class=\"d0767\"><em>Experi\u00eancias anteriores &#8211; destaques&#8230;<\/em><\/span><\/strong><\/p>\n<p id=\"viewer-364gm1541\" class=\"-Zro6 -ZADH IjV6v AnCKd _57WYp\"><span class=\"d0767\"><u>Gradua\u00e7\u00e3o e P\u00f3s-gradua\u00e7\u00e3o<br \/>\n<\/u><\/span>&#8211; Docente Universidade UNIP Limeira, curso de Licenciatura e Bacharelado em Educa\u00e7\u00e3o F\u00edsica (2015-2021).<br \/>\n&#8211; Docente Universidade UniMetrocamp\/Wyden nos cursos de gradua\u00e7\u00e3o Bacharelado em Dan\u00e7a e Educa\u00e7\u00e3o F\u00edsica (2015-2020)<br \/>\n&#8211; PED &#8211; Programa Est\u00e1gio Docente, Unicamp, T\u00e9cnica III: Pr\u00e1tica, An\u00e1lise e Ensino, 2018<br \/>\n&#8211; PED &#8211; Programa Est\u00e1gio Docente, Unicamp, Ateli\u00ea de Cria\u00e7\u00e3o III, 2018<br \/>\n&#8211; PED &#8211; Programa Est\u00e1gio Docente, Unicamp, T\u00e9cnica VI: Varia\u00e7\u00e3o e Explora\u00e7\u00e3o, 2018<br \/>\n&#8211; M\u00f3dulo na P\u00f3s-gradua\u00e7\u00e3o, Dan\u00e7a e Consci\u00eancia Corporal, Unimetrocamp Wyden, 2015, 2016 e 2018.<br \/>\n&#8211; FAC, Faculdades Anhaguera, (2017-2018)<br \/>\n&#8211; PED &#8211; Programa Est\u00e1gio Docente, Unicamp, Ateli\u00ea de Cria\u00e7\u00e3o I, 2014<\/p>\n<p id=\"viewer-8y8yw1585\" class=\"-Zro6 -ZADH IjV6v AnCKd _57WYp\"><span class=\"d0767\"><u>Arte, gest\u00e3o-politica<br \/>\n<\/u><\/span>&#8211; Comiss\u00e3o Avalia\u00e7\u00e3o PROAC Hip Hop, S\u00e3o Paulo 2014 a 2018<br \/>\n&#8211; Comiss\u00e3o Avalia\u00e7\u00e3o Pr\u00eamio Nelson Seixas. 2017. Prefeitura Municipal de S\u00e3o Jos\u00e9 do Rio Preto<br \/>\n&#8211; Membro do Conselho Municipal de Hip Hop de Campinas, gest\u00e3o 2014-2015.<br \/>\n&#8211; Comiss\u00e3o Avalia\u00e7\u00e3o FICC (Fundo de Investimentos Culturais de Campinas). 2012<br \/>\n&#8211; Membro do Conselho Municipal de Cultura de Campinas, 2009<\/p>\n<p id=\"viewer-8d6cf1599\" class=\"-Zro6 -ZADH IjV6v AnCKd _57WYp\"><span class=\"d0767\"><u>Forma\u00e7\u00e3o-Capacita\u00e7\u00e3o em Arte-Dan\u00e7a<br \/>\n<\/u><\/span>&#8211; Professora convidada da EXTECAMP, Escola de Extens\u00e3o da Unicamp (2010-2012, 2016)<\/p>\n<p id=\"viewer-wn9lx1605\" class=\"-Zro6 -ZADH IjV6v AnCKd _57WYp\"><span class=\"d0767\"><u>Arte-Educa\u00e7\u00e3o, inicia\u00e7\u00e3o e capacita\u00e7\u00e3o<br \/>\n<\/u><\/span>&#8211; Coordenadora de Atividades R\u00edtmicas Expressivas na Escola Comunit\u00e1ria Campinas (2020-2021)<br \/>\n&#8211; Col\u00e9gio Notredame Campinas &#8211; atividades extra curriculares (2012-2015)<br \/>\n&#8211; Sociedade H\u00edpica de Campinas (2007-2016)<br \/>\n&#8211; Projeto Arte-Educa\u00e7\u00e3o Secretaria Educa\u00e7\u00e3o Campinas (2011-2013)<\/p>\n<p id=\"viewer-rc8uc1617\" class=\"-Zro6 -ZADH IjV6v AnCKd _57WYp\"><span class=\"d0767\"><u>Lazer-Qualidade de Vida<br \/>\n<\/u><\/span>&#8211; Fitness, Recrea\u00e7\u00e3o, Gin\u00e1stica Laboral (2001-2007)<br \/>\n&#8211; SESC Campinas, Academias de Fitness, Royal Palm Plaza, Hoteis Aguas de S\u00e3o Pedro, Forma Turismo, Laborgym-Texaco, etc.<\/p>\n<div id=\"viewer-l3oki1623\" class=\"-Zro6 -ZADH IjV6v _57WYp\"><span class=\"d0767\">\u00a0<\/span><\/div>\n<p id=\"viewer-1wynd2271\" class=\"-Zro6 -ZADH IjV6v AnCKd _57WYp\"><strong><span class=\"d0767\"><u>Saiba mais<\/u><\/span><\/strong><\/p>\n<p id=\"viewer-ct9781625\" class=\"-Zro6 -ZADH IjV6v AnCKd _57WYp\"><span class=\"d0767\">Curr\u00edculo Lattes: <a class=\"TWoY9 itht3\" href=\"http:\/\/lattes.cnpq.br\/6063987339232481\" target=\"_self\" rel=\"noopener noreferrer\">http:\/\/lattes.cnpq.br\/6063987339232481<\/a><\/span><\/p>\n<p>Perfil P\u00f3s-gradua\u00e7\u00e3o em Artes UFPEL: <a href=\"https:\/\/wp.ufpel.edu.br\/ppgartes\/ana-cristina-ribeiro-silva\/\">https:\/\/wp.ufpel.edu.br\/ppgartes\/ana-cristina-ribeiro-silva\/<\/a><\/p>\n<p class=\"-Zro6 -ZADH IjV6v AnCKd _57WYp\"><span class=\"d0767\">Espelho CNPQ: <a class=\"TWoY9 itht3\" href=\"https:\/\/dgp.cnpq.br\/dgp\/espelhorh\/6063987339232481%E2%80%8B\" target=\"_self\" rel=\"noopener noreferrer\">https:\/\/dgp.cnpq.br\/dgp\/espelhorh\/6063987339232481\u200b<\/a><\/span><\/p>\n<p id=\"viewer-l2v1t1631\" class=\"-Zro6 -ZADH IjV6v AnCKd _57WYp\"><span class=\"d0767\">Orcid: <a class=\"TWoY9 itht3\" href=\"https:\/\/orcid.org\/0000-0001-8370-0704\" target=\"_self\" rel=\"noopener noreferrer\">https:\/\/orcid.org\/0000-0001-8370-0704<\/a><\/span><\/p>\n<p id=\"viewer-myol81634\" class=\"-Zro6 -ZADH IjV6v AnCKd _57WYp\"><span class=\"d0767\">Cia Eclipse: <a class=\"TWoY9 itht3\" href=\"http:\/\/www.eclipse.art.br\/\" target=\"_self\" rel=\"noopener noreferrer\">www.eclipse.art.br<\/a><\/span><\/p>\n<p id=\"viewer-xm4fb1636\" class=\"-Zro6 -ZADH IjV6v AnCKd _57WYp\"><span class=\"d0767\">UFPEL: <a class=\"TWoY9 itht3\" href=\"https:\/\/institucional.ufpel.edu.br\/servidores\/id\/193705\" target=\"_self\" rel=\"noopener noreferrer\">https:\/\/institucional.ufpel.edu.br\/servidores\/id\/193705<\/a><\/span><\/p>\n","protected":false},"excerpt":{"rendered":"<p>https:\/\/www.eclipse.art.br\/cris-pesquisas Virginiana, sonhadora, curiosa! Irm\u00e3 mais velha e m\u00e3e. Em constante aprendizado e metamorfoses, cres\u00e7o com novas experi\u00eancias e me reinvento para mergulhar em novos desafios e projetos. Assim sou&#8230; emaranhado de emo\u00e7\u00f5es e desejos, navegando neste universo de saberes. Preenchida com Gratid\u00e3o a todxs xs mestres dessa jornada _\/\\_ \u00a0 Mini BIO B.Girl, idealizadora [&hellip;]<\/p>\n","protected":false},"author":1283,"featured_media":0,"parent":0,"menu_order":0,"comment_status":"closed","ping_status":"closed","template":"","meta":{"jetpack_post_was_ever_published":false,"footnotes":""},"class_list":["post-109","page","type-page","status-publish","hentry","post"],"jetpack-related-posts":[],"jetpack_sharing_enabled":true,"jetpack_likes_enabled":true,"_links":{"self":[{"href":"https:\/\/wp.ufpel.edu.br\/lua\/wp-json\/wp\/v2\/pages\/109","targetHints":{"allow":["GET"]}}],"collection":[{"href":"https:\/\/wp.ufpel.edu.br\/lua\/wp-json\/wp\/v2\/pages"}],"about":[{"href":"https:\/\/wp.ufpel.edu.br\/lua\/wp-json\/wp\/v2\/types\/page"}],"author":[{"embeddable":true,"href":"https:\/\/wp.ufpel.edu.br\/lua\/wp-json\/wp\/v2\/users\/1283"}],"replies":[{"embeddable":true,"href":"https:\/\/wp.ufpel.edu.br\/lua\/wp-json\/wp\/v2\/comments?post=109"}],"version-history":[{"count":5,"href":"https:\/\/wp.ufpel.edu.br\/lua\/wp-json\/wp\/v2\/pages\/109\/revisions"}],"predecessor-version":[{"id":235,"href":"https:\/\/wp.ufpel.edu.br\/lua\/wp-json\/wp\/v2\/pages\/109\/revisions\/235"}],"wp:attachment":[{"href":"https:\/\/wp.ufpel.edu.br\/lua\/wp-json\/wp\/v2\/media?parent=109"}],"curies":[{"name":"wp","href":"https:\/\/api.w.org\/{rel}","templated":true}]}}