{"id":4,"date":"2016-09-26T19:19:54","date_gmt":"2016-09-26T22:19:54","guid":{"rendered":"https:\/\/wp.ufpel.edu.br\/lapem\/?page_id=4"},"modified":"2023-06-20T15:56:59","modified_gmt":"2023-06-20T18:56:59","slug":"home","status":"publish","type":"page","link":"https:\/\/wp.ufpel.edu.br\/lpm\/home\/","title":{"rendered":"Home"},"content":{"rendered":"<p align=\"justify\"><span style=\"font-family: arial, helvetica, sans-serif; font-size: 12pt;\">O <strong><span style=\"color: #0000ff;\">Laborat\u00f3rio de Pesquisa em Materiais (LPM)<\/span><\/strong> iniciou suas atividades <span lang=\"en-us\">em<\/span>\u00a02016 no Centro de Desenvolvimento Tecnol\u00f3gico (CDTec) da Universidade Federal de Pelotas (<span style=\"color: #000000;\"><strong><a style=\"color: #000000;\" href=\"http:\/\/portal.ufpel.edu.br\/\">UFPel<\/a><\/strong><\/span>). Tal laborat\u00f3rio est\u00e1 vinculado ao curso de P\u00f3s-Gradua\u00e7\u00e3o em Ci\u00eancia e Engenharia de Materiais (<span style=\"color: #0000ff;\"><strong><a style=\"color: #0000ff;\" href=\"https:\/\/wp.ufpel.edu.br\/ppgcem\/\">PPGCEM<\/a><\/strong><\/span>) e a curso de <span style=\"color: #0000ff;\"><strong><a style=\"color: #0000ff;\" href=\"https:\/\/wp.ufpel.edu.br\/engmateriais\/\">Engenharia de Materiais<\/a><\/strong><\/span>.<\/span><\/p>\n<p align=\"justify\"><span style=\"line-height: 1.5; font-family: arial, helvetica, sans-serif; font-size: 12pt;\">O LPM se dedica ao estudo e a carateriza\u00e7\u00e3o de materiais visando diversas aplica\u00e7\u00f5es de interesse cient\u00edfico e tecnol\u00f3gico.<\/span><\/p>\n<p align=\"justify\">\n","protected":false},"excerpt":{"rendered":"<p>O Laborat\u00f3rio de Pesquisa em Materiais (LPM) iniciou suas atividades em\u00a02016 no Centro de Desenvolvimento Tecnol\u00f3gico (CDTec) da Universidade Federal de Pelotas (UFPel). Tal laborat\u00f3rio est\u00e1 vinculado ao curso de P\u00f3s-Gradua\u00e7\u00e3o em Ci\u00eancia e Engenharia de Materiais (PPGCEM) e a &hellip; <a href=\"https:\/\/wp.ufpel.edu.br\/lpm\/home\/\">Continue lendo <span class=\"meta-nav\">&rarr;<\/span><\/a><\/p>\n","protected":false},"author":697,"featured_media":0,"parent":0,"menu_order":0,"comment_status":"closed","ping_status":"closed","template":"","meta":{"footnotes":""},"class_list":["post-4","page","type-page","status-publish","hentry"],"_links":{"self":[{"href":"https:\/\/wp.ufpel.edu.br\/lpm\/wp-json\/wp\/v2\/pages\/4","targetHints":{"allow":["GET"]}}],"collection":[{"href":"https:\/\/wp.ufpel.edu.br\/lpm\/wp-json\/wp\/v2\/pages"}],"about":[{"href":"https:\/\/wp.ufpel.edu.br\/lpm\/wp-json\/wp\/v2\/types\/page"}],"author":[{"embeddable":true,"href":"https:\/\/wp.ufpel.edu.br\/lpm\/wp-json\/wp\/v2\/users\/697"}],"replies":[{"embeddable":true,"href":"https:\/\/wp.ufpel.edu.br\/lpm\/wp-json\/wp\/v2\/comments?post=4"}],"version-history":[{"count":4,"href":"https:\/\/wp.ufpel.edu.br\/lpm\/wp-json\/wp\/v2\/pages\/4\/revisions"}],"predecessor-version":[{"id":279,"href":"https:\/\/wp.ufpel.edu.br\/lpm\/wp-json\/wp\/v2\/pages\/4\/revisions\/279"}],"wp:attachment":[{"href":"https:\/\/wp.ufpel.edu.br\/lpm\/wp-json\/wp\/v2\/media?parent=4"}],"curies":[{"name":"wp","href":"https:\/\/api.w.org\/{rel}","templated":true}]}}