{"id":16,"date":"2016-09-26T19:40:23","date_gmt":"2016-09-26T22:40:23","guid":{"rendered":"https:\/\/wp.ufpel.edu.br\/lapem\/?page_id=16"},"modified":"2023-06-20T15:55:52","modified_gmt":"2023-06-20T18:55:52","slug":"alunos","status":"publish","type":"page","link":"https:\/\/wp.ufpel.edu.br\/lpm\/equipe\/alunos\/","title":{"rendered":"Alunos"},"content":{"rendered":"<p><span style=\"font-size: 14pt;\"><b>&#8211; P\u00f3s &#8211; Doutorando<\/b><\/span><\/p>\n<p>Cristiane Ferraz de Azevedo<\/p>\n<p>&nbsp;<\/p>\n<p><span style=\"font-size: 14pt;\"><b>&#8211; Doutorandos<\/b><\/span><\/p>\n<p>Daniel Lucas Costa Rodrigues<\/p>\n<p>Fernanda Barasuol<\/p>\n<p>Tanyse Parada Sampaio<\/p>\n<p>&nbsp;<\/p>\n<p><span style=\"font-size: 14pt;\"><b>&#8211; Mestrandos<\/b><\/span><\/p>\n<p>Adrize Medran Rangel<\/p>\n<p>Anna Luiza Lopes da Silva.<\/p>\n<p>Ariel Bartz<\/p>\n<p>Norton de Mello<\/p>\n<p>Patrique Triantafilu<\/p>\n<p>&nbsp;<\/p>\n<p><span style=\"font-size: 14pt;\"><b>&#8211; Inicia\u00e7\u00e3o Cient\u00edfica<\/b><\/span><\/p>\n<p>Augusto Santos do Nascimento<\/p>\n<p>Felipe Rodrigues Cassoni<\/p>\n<p>Frantchescole Borges Cardoso<\/p>\n<p>Gabriel Almeida Dos Santos<\/p>\n<p>J\u00falia Amaral Guido<\/p>\n<p>Nicholas Fernandes Souza<\/p>\n<p>&nbsp;<\/p>\n","protected":false},"excerpt":{"rendered":"<p>&#8211; P\u00f3s &#8211; Doutorando Cristiane Ferraz de Azevedo &nbsp; &#8211; Doutorandos Daniel Lucas Costa Rodrigues Fernanda Barasuol Tanyse Parada Sampaio &nbsp; &#8211; Mestrandos Adrize Medran Rangel Anna Luiza Lopes da Silva. Ariel Bartz Norton de Mello Patrique Triantafilu &nbsp; &#8211; &hellip; <a href=\"https:\/\/wp.ufpel.edu.br\/lpm\/equipe\/alunos\/\">Continue lendo <span class=\"meta-nav\">&rarr;<\/span><\/a><\/p>\n","protected":false},"author":697,"featured_media":0,"parent":10,"menu_order":1,"comment_status":"closed","ping_status":"closed","template":"","meta":{"footnotes":""},"class_list":["post-16","page","type-page","status-publish","hentry"],"_links":{"self":[{"href":"https:\/\/wp.ufpel.edu.br\/lpm\/wp-json\/wp\/v2\/pages\/16","targetHints":{"allow":["GET"]}}],"collection":[{"href":"https:\/\/wp.ufpel.edu.br\/lpm\/wp-json\/wp\/v2\/pages"}],"about":[{"href":"https:\/\/wp.ufpel.edu.br\/lpm\/wp-json\/wp\/v2\/types\/page"}],"author":[{"embeddable":true,"href":"https:\/\/wp.ufpel.edu.br\/lpm\/wp-json\/wp\/v2\/users\/697"}],"replies":[{"embeddable":true,"href":"https:\/\/wp.ufpel.edu.br\/lpm\/wp-json\/wp\/v2\/comments?post=16"}],"version-history":[{"count":15,"href":"https:\/\/wp.ufpel.edu.br\/lpm\/wp-json\/wp\/v2\/pages\/16\/revisions"}],"predecessor-version":[{"id":278,"href":"https:\/\/wp.ufpel.edu.br\/lpm\/wp-json\/wp\/v2\/pages\/16\/revisions\/278"}],"up":[{"embeddable":true,"href":"https:\/\/wp.ufpel.edu.br\/lpm\/wp-json\/wp\/v2\/pages\/10"}],"wp:attachment":[{"href":"https:\/\/wp.ufpel.edu.br\/lpm\/wp-json\/wp\/v2\/media?parent=16"}],"curies":[{"name":"wp","href":"https:\/\/api.w.org\/{rel}","templated":true}]}}